000
CXUS52 KRAH 011345
CF6RDU
PRELIMINARY LOCAL CLIMATOLOGICAL DATA (WS FORM: F-6)

                                          STATION:   RALEIGH-DURHAM INTL AIRPORT NC
                                          MONTH:     AUGUST
                                          YEAR:      2014
                                          LATITUDE:   35 52 N
                                          LONGITUDE:  78 47 W

  TEMPERATURE IN F:       :PCPN:    SNOW:  WIND      :SUNSHINE: SKY     :PK WND
================================================================================
1   2   3   4   5  6A  6B    7    8   9   10  11  12  13   14  15   16   17  18
                                     12Z  AVG MX 2MIN
DY MAX MIN AVG DEP HDD CDD  WTR  SNW DPTH SPD SPD DIR MIN PSBL S-S WX    SPD DR
================================================================================

 1  76  65  71  -9   0   6 0.71  0.0    0  7.3 20  80   M    M  10 1      24  90
 2  70  64  67 -13   0   2 0.08  0.0    0  3.4 12  50   M    M   8 1      14  80
 3  80  67  74  -6   0   9 0.00  0.0    0  1.3 10 120   M    M   9 1      12 140
 4  85  68  77  -3   0  12 0.00  0.0    0  2.3 12  40   M    M   8 12     15  30
 5  88  68  78  -2   0  13 0.00  0.0    0  2.4 12  50   M    M   6 12     16  40
 6  90  70  80   0   0  15 0.00  0.0    0  3.4 15 260   M    M   6 18     18 260
 7  86  69  78  -1   0  13 0.00  0.0    0  4.5 12  50   M    M   6 18     15  60
 8  81  69  75  -4   0  10    T  0.0    0  3.5 12 120   M    M   9 18     13 120
 9  74  64  69 -10   0   4 1.01  0.0    0  5.6 13  90   M    M  10 1      21 130
10  81  66  74  -5   0   9 0.56  0.0    0  6.8 15 100   M    M  10 1      21 110
11  84  70  77  -2   0  12 0.31  0.0    0  6.7 15 170   M    M   9 1      20 170
12  87  70  79   0   0  14 2.45  0.0    0  5.0 23 230   M    M   9 13     28 240
13  82  67  75  -4   0  10 0.00  0.0    0  3.9 13 290   M    M   4 12     21 280
14  83  58  71  -8   0   6 0.00  0.0    0  2.9 12 240   M    M   3 1      15 240
15  86  61  74  -5   0   9 0.00  0.0    0  2.6 12 220   M    M   5        17 270
16  89  68  79   0   0  14 0.00  0.0    0  3.4 12 220   M    M   6        14 210
17  89  70  80   1   0  15 0.00  0.0    0  2.2  9 250   M    M   7 1      12 260
18  88  70  79   1   0  14 0.61  0.0    0  3.4 20 280   M    M   9 138    33 290
19  86  69  78   0   0  13 0.00  0.0    0  2.5  6  60   M    M   6 1       7  50
20  90  70  80   2   0  15 1.06  0.0    0  2.3 31 300   M    M   6 1238   58 320
21  91  71  81   3   0  16    T  0.0    0  2.3  9 270   M    M   7 1      13 260
22  92  71  82   4   0  17 0.00  0.0    0  2.3 14 250   M    M   7 138    20 270
23  84  72  78   0   0  13 0.01  0.0    0  5.6 14  80   M    M   7        17  90
24  81  63  72  -6   0   7 0.00  0.0    0  8.7 16  40   M    M   8        22  90
25  79  60  70  -8   0   5 0.00  0.0    0  6.4 16  40   M    M   4        22  50
26  82  60  71  -6   0   6 0.00  0.0    0  4.4 14  50   M    M   5        17  50
27  86  58  72  -5   0   7 0.00  0.0    0  3.4 12  50   M    M   2 1      16  40
28  92  65  79   2   0  14 0.00  0.0    0  1.4  9  60   M    M   4 18     12 320
29  82  72  77   0   0  12 0.07  0.0    0  6.3 12  70   M    M   7 138    17 100
30  89  72  81   4   0  16 0.00  0.0    0  4.9 12 190   M    M   7        15 190
31  91  73  82   6   0  17 0.00  0.0    0  6.5 12 230   M    M   7        20 220
================================================================================
SM 2624 2080         0 345  6.87     0.0 127.6          M      211
================================================================================
AV 84.6 67.1                               4.1 FASTST   M    M   7    MAX(MPH)
                                 MISC ---->  # 31 300               # 58  320
================================================================================
NOTES:
# LAST OF SEVERAL OCCURRENCES

COLUMN 17 PEAK WIND IN M.P.H.

PRELIMINARY LOCAL CLIMATOLOGICAL DATA (WS FORM: F-6) , PAGE 2

                                          STATION:  RALEIGH-DURHAM INTL AIRPORT NC
                                          MONTH:    AUGUST
                                          YEAR:     2014
                                          LATITUDE:   35 52 N
                                          LONGITUDE:  78 47 W

[TEMPERATURE DATA]      [PRECIPITATION DATA]       SYMBOLS USED IN COLUMN 16

AVERAGE MONTHLY: 75.9   TOTAL FOR MONTH:   6.87    1 = FOG OR MIST
DPTR FM NORMAL:  -2.6   DPTR FM NORMAL:    2.61    2 = FOG REDUCING VISIBILITY
HIGHEST:    92 ON 28,22 GRTST 24HR  2.61 ON 11-12      TO 1/4 MILE OR LESS
LOWEST:     58 ON 27,14                            3 = THUNDER
                        SNOW, ICE PELLETS, HAIL    4 = ICE PELLETS
                        TOTAL MONTH:   0.0 INCH    5 = HAIL
                        GRTST 24HR     0.0         6 = FREEZING RAIN OR DRIZZLE
                        GRTST DEPTH:   0           7 = DUSTSTORM OR SANDSTORM:
                                                       VSBY 1/2 MILE OR LESS
                                                   8 = SMOKE OR HAZE
[NO. OF DAYS WITH]      [WEATHER - DAYS WITH]      9 = BLOWING SNOW
                                                   X = TORNADO
MAX 32 OR BELOW:   0    0.01 INCH OR MORE:  10
MAX 90 OR ABOVE:   6    0.10 INCH OR MORE:   7
MIN 32 OR BELOW:   0    0.50 INCH OR MORE:   6
MIN  0 OR BELOW:   0    1.00 INCH OR MORE:   3

[HDD (BASE 65) ]
TOTAL THIS MO.     0    CLEAR  (SCALE 0-3)   2
DPTR FM NORMAL    -1    PTCLDY (SCALE 4-7)  20
TOTAL FM JUL 1     0    CLOUDY (SCALE 8-10)  9
DPTR FM NORMAL    -1

[CDD (BASE 65) ]
TOTAL THIS MO.   345
DPTR FM NORMAL   -74    [PRESSURE DATA]
TOTAL FM JAN 1  1358    HIGHEST SLP M ON M
DPTR FM NORMAL   -83    LOWEST  SLP 29.19 ON 31

[REMARKS]
#FINAL-08-14#
