000
CXUS56 KBOI 271002
CF6REO
PRELIMINARY LOCAL CLIMATOLOGICAL DATA (WS FORM: F-6)

                                          STATION:   ROME OR
                                          MONTH:     AUGUST
                                          YEAR:      2015
                                          LATITUDE:   42 35 N
                                          LONGITUDE: 117 52 W

  TEMPERATURE IN F:       :PCPN:    SNOW:  WIND      :SUNSHINE: SKY     :PK WND
================================================================================
1   2   3   4   5  6A  6B    7    8   9   10  11  12  13   14  15   16   17  18
                                     12Z  AVG MX 2MIN
DY MAX MIN AVG DEP HDD CDD  WTR  SNW DPTH SPD SPD DIR MIN PSBL S-S WX    SPD DR
================================================================================

 1 104  60  82  10   0  17 0.00    M    M  5.1 22 250   M    M   0        26 240
 2 101  67  84  12   0  19 0.00    M    M 10.3 44 160   M    M   0        52 160
 3  93  68  81   9   0  16 0.00    M    M  9.4 21 190   M    M   0        27 190
 4  95  55  75   3   0  10 0.00    M    M  5.9 25 230   M    M   0        40 260
 5  86  57  72   0   0   7 0.00    M    M  5.8 14 320   M    M   0        18 320
 6  89  50  70  -2   0   5 0.00    M    M  6.7 18 360   M    M   0        22 360
 7  84  52  68  -4   0   3 0.00    M    M 12.5 30 150   M    M   0        36 130
 8  88  61  75   3   0  10 0.00    M    M 12.3 25 140   M    M   0        32 140
 9  93  54  74   3   0   9 0.00    M    M  7.4 21 210   M    M   0        27 180
10  91  53  72   1   0   7 0.00    M    M  9.5 18 350   M    M   0        24 350
11  98  54  76   5   0  11 0.00    M    M  9.8 26 160   M    M   0        36 150
12  98  61  80   9   0  15 0.00    M    M  8.0 17 210   M    M   0        24 170
13 101  55  78   7   0  13 0.00    M    M  9.8 24 160   M    M   0        32 200
14  97  63  80   9   0  15 0.00    M    M 12.4 32 230   M    M   0        43 170
15  87  50  69  -1   0   4 0.00    M    M  7.0 15 260   M    M   0        20 220
16  91  47  69  -1   0   4 0.00    M    M  5.2 16 360   M    M   0        24 280
17  92  46  69  -1   0   4 0.00    M    M  5.8 17 350   M    M   0        28 330
18  90  49  70   0   0   5 0.00    M    M  4.5 14 330   M    M   0        18 300
19  95  50  73   3   0   8 0.00    M    M  5.4 14 290   M    M   0        18 320
20  96  51  74   5   0   9 0.00    M    M  6.7 18 240   M    M   0        25 230
21  92  56  74   5   0   9 0.00    M    M 10.5 23 280   M    M   0        29 280
22  85  43  64  -5   1   0 0.00    M    M  6.1 13  20   M    M   0        16  30
23  96  44  70   1   0   5 0.00    M    M  4.6 16 310   M    M   0        21 300
24  98  58  78  10   0  13 0.00    M    M  8.8 26 210   M    M   0        32 210
25  97  61  79  11   0  14 0.00    M    M  8.1 20 210   M    M   0        28 210
26  96  53  75   7   0  10 0.00    M    M  6.5 18 190   M    M   0        25 170
================================================================================
SM 2433 1418         1 242  0.00    M    204.1          M        0
================================================================================
AV 93.6 54.5                               7.9 FASTST   M    M   0    MAX(MPH)
                                 MISC ---->  # 44 160               # 52  160
================================================================================
NOTES:
# LAST OF SEVERAL OCCURRENCES

COLUMN 17 PEAK WIND IN M.P.H.

PRELIMINARY LOCAL CLIMATOLOGICAL DATA (WS FORM: F-6) , PAGE 2

                                          STATION:  ROME OR
                                          MONTH:    AUGUST
                                          YEAR:     2015
                                          LATITUDE:   42 35 N
                                          LONGITUDE: 117 52 W

[TEMPERATURE DATA]      [PRECIPITATION DATA]       SYMBOLS USED IN COLUMN 16

AVERAGE MONTHLY: 74.1   TOTAL FOR MONTH:   0.00    1 = FOG OR MIST
DPTR FM NORMAL:   3.6   DPTR FM NORMAL:   -0.30    2 = FOG REDUCING VISIBILITY
HIGHEST:   104 ON  1    GRTST 24HR  0.00 ON 26-26      TO 1/4 MILE OR LESS
LOWEST:     43 ON 22                               3 = THUNDER
                        SNOW, ICE PELLETS, HAIL    4 = ICE PELLETS
                        TOTAL MONTH:    M          5 = HAIL
                        GRTST 24HR    M  ON   M    6 = FREEZING RAIN OR DRIZZLE
                        GRTST DEPTH:  M  ON   M    7 = DUSTSTORM OR SANDSTORM:
                                                       VSBY 1/2 MILE OR LESS
                                                   8 = SMOKE OR HAZE
[NO. OF DAYS WITH]      [WEATHER - DAYS WITH]      9 = BLOWING SNOW
                                                   X = TORNADO
MAX 32 OR BELOW:   0    0.01 INCH OR MORE:   0
MAX 90 OR ABOVE:  20    0.10 INCH OR MORE:   0
MIN 32 OR BELOW:   0    0.50 INCH OR MORE:   0
MIN  0 OR BELOW:   0    1.00 INCH OR MORE:   0

[HDD (BASE 65) ]
TOTAL THIS MO.     1    CLEAR  (SCALE 0-3)  26
DPTR FM NORMAL   -17    PTCLDY (SCALE 4-7)   0
TOTAL FM JUL 1     7    CLOUDY (SCALE 8-10)  0
DPTR FM NORMAL   -25

[CDD (BASE 65) ]
TOTAL THIS MO.   242
DPTR FM NORMAL    85    [PRESSURE DATA]
TOTAL FM JAN 1   745    HIGHEST SLP M ON M
DPTR FM NORMAL   301    LOWEST  SLP 29.65 ON  2

[REMARKS]
