000
CXUS55 KLOT 010700
CF6RFD
PRELIMINARY LOCAL CLIMATOLOGICAL DATA (WS FORM: F-6)

                                          STATION:   ROCKFORD IL
                                          MONTH:     JULY
                                          YEAR:      2015
                                          LATITUDE:   42 12 N
                                          LONGITUDE:  89  6 W

  TEMPERATURE IN F:       :PCPN:    SNOW:  WIND      :SUNSHINE: SKY     :PK WND
================================================================================
1   2   3   4   5  6A  6B    7    8   9   10  11  12  13   14  15   16   17  18
                                     12Z  AVG MX 2MIN
DY MAX MIN AVG DEP HDD CDD  WTR  SNW DPTH SPD SPD DIR MIN PSBL S-S WX    SPD DR
================================================================================

 1  75  55  65  -9   0   0 0.00  0.0    0  5.9 14  10   M    M   9        19  30
 2  74  51  63 -11   2   0 0.00  0.0    0  8.5 15  50   M    M   6        19  60
 3  79  56  68  -6   0   3 0.00  0.0    0  3.1  9 300   M    M   7 1      10 290
 4  82  57  70  -4   0   5 0.00  0.0    0  2.3  9 260   M    M   1 18     13 200
 5  83  60  72  -2   0   7 0.00  0.0    0  5.6 14 180   M    M   2        17 180
 6  82  65  74   0   0   9 0.46  0.0    0  9.7 21 260   M    M   9 138    31 250
 7  74  56  65  -9   0   0    T  0.0    0 11.2 21 360   M    M   9 18     26 360
 8  71  53  62 -12   3   0 0.00  0.0    0  6.2 12  90   M    M   9        15 130
 9  79  61  70  -4   0   5    T  0.0    0  5.5 14 350   M    M   7        17 340
10  83  59  71  -3   0   6 0.00  0.0    0  3.1  9 200   M    M   6        13 180
11  75  61  68  -6   0   3 0.40  0.0    0  5.5 14 140   M    M   8 18     17 160
12  85  68  77   3   0  12    T  0.0    0  5.2 14 150   M    M   8 18     17 140
13  89  67  78   4   0  13 0.86  0.0    0 10.0 52  20   M    M   6 13     65 330
14  84  62  73  -1   0   8    T  0.0    0 11.0 22 340   M    M   4        26 350
15  80  57  69  -5   0   4 0.00  0.0    0  5.3 12 100   M    M   5        15 110
16  76  61  69  -5   0   4 1.74  0.0    0  7.5 21 170   M    M  10 13     25 160
17  91  73  82   8   0  17 0.00  0.0    0  6.3 28  10   M    M   5 13     35  10
18  90  74  82   8   0  17 0.00  0.0    0  9.5 24 220   M    M   6 1      30 230
19  83  65  74   0   0   9 0.00  0.0    0  6.7 17 310   M    M   5        22 340
20  86  62  74   0   0   9    T  0.0    0  7.3 16 290   M    M   5        22 280
21  81  62  72  -2   0   7 0.00  0.0    0  6.7 16 360   M    M   2        23 330
22  84  60  72  -2   0   7 0.00  0.0    0  1.9  9 200   M    M   7        12 210
23  85  60  73  -1   0   8 0.00  0.0    0  2.5 10 220   M    M   2 18     12 210
24  81  62  72  -2   0   7 0.00  0.0    0  7.9 24 190   M    M   6 1      28 180
25  90  69  80   6   0  15 0.00  0.0    0  7.6 15 290   M    M   6 1      17 290
26  80  68  74   0   0   9 0.04  0.0    0  3.3  9 110   M    M   8        14  80
27  90  65  78   5   0  13 0.00  0.0    0  6.0 14 150   M    M   6        20 130
28  86  69  78   5   0  13    T  0.0    0  6.9 20 160   M    M   7        24 170
29  86  66  76   3   0  11 0.00  0.0    0  9.4 22 280   M    M   5        28 290
30  88  63  76   3   0  11 0.00  0.0    0  8.5 21 290   M    M   0        27 280
31  87  60  74   1   0   9 0.00  0.0    0 10.5 26 320   M    M   2        38 290
================================================================================
SM 2559 1927         5 241  3.50     0.0 206.6          M      178
================================================================================
AV 82.5 62.2                               6.7 FASTST   M    M   6    MAX(MPH)
                                 MISC ---->  # 52  20               # 65  330
================================================================================
NOTES:
# LAST OF SEVERAL OCCURRENCES

COLUMN 17 PEAK WIND IN M.P.H.

PRELIMINARY LOCAL CLIMATOLOGICAL DATA (WS FORM: F-6) , PAGE 2

                                          STATION:  ROCKFORD IL
                                          MONTH:    JULY
                                          YEAR:     2015
                                          LATITUDE:   42 12 N
                                          LONGITUDE:  89  6 W

[TEMPERATURE DATA]      [PRECIPITATION DATA]       SYMBOLS USED IN COLUMN 16

AVERAGE MONTHLY: 72.4   TOTAL FOR MONTH:   3.50    1 = FOG OR MIST
DPTR FM NORMAL:  -1.4   DPTR FM NORMAL:   -0.45    2 = FOG REDUCING VISIBILITY
HIGHEST:    91 ON 17    GRTST 24HR  1.74 ON 16-16      TO 1/4 MILE OR LESS
LOWEST:     51 ON  2                               3 = THUNDER
                        SNOW, ICE PELLETS, HAIL    4 = ICE PELLETS
                        TOTAL MONTH:   0.0 INCH    5 = HAIL
                        GRTST 24HR     0.0         6 = FREEZING RAIN OR DRIZZLE
                        GRTST DEPTH:   0           7 = DUSTSTORM OR SANDSTORM:
                                                       VSBY 1/2 MILE OR LESS
                                                   8 = SMOKE OR HAZE
[NO. OF DAYS WITH]      [WEATHER - DAYS WITH]      9 = BLOWING SNOW
                                                   X = TORNADO
MAX 32 OR BELOW:   0    0.01 INCH OR MORE:   5
MAX 90 OR ABOVE:   4    0.10 INCH OR MORE:   4
MIN 32 OR BELOW:   0    0.50 INCH OR MORE:   2
MIN  0 OR BELOW:   0    1.00 INCH OR MORE:   1

[HDD (BASE 65) ]
TOTAL THIS MO.     5    CLEAR  (SCALE 0-3)   6
DPTR FM NORMAL     2    PTCLDY (SCALE 4-7)  20
TOTAL FM JUL 1     5    CLOUDY (SCALE 8-10)  5
DPTR FM NORMAL     2

[CDD (BASE 65) ]
TOTAL THIS MO.   241
DPTR FM NORMAL   -33    [PRESSURE DATA]
TOTAL FM JAN 1   453    HIGHEST SLP M ON M
DPTR FM NORMAL   -51    LOWEST  SLP 29.55 ON M

[REMARKS]
#FINAL-07-15#
