555
CXUS53 KGRB 160816
CF6RHI
PRELIMINARY LOCAL CLIMATOLOGICAL DATA (WS FORM: F-6)

                                          STATION:   RHINELANDER WI
                                          MONTH:     DECEMBER
                                          YEAR:      2017
                                          LATITUDE:   45 37 N
                                          LONGITUDE:  89 27 W

  TEMPERATURE IN F:       :PCPN:    SNOW:  WIND      :SUNSHINE: SKY     :PK WND
================================================================================
1   2   3   4   5  6A  6B    7    8   9   10  11  12  13   14  15   16   17  18
                                     12Z  AVG MX 2MIN
DY MAX MIN AVG DEP HDD CDD  WTR  SNW DPTH SPD SPD DIR MIN PSBL S-S WX    SPD DR
================================================================================

 1  45  19  32  10  33   0 0.00  0.0    0  6.6 16 210   M    M   3        23 220
 2  49  21  35  13  30   0 0.00  0.0    0  4.9 14 280   M    M   2        18 280
 3  46  19  33  12  32   0 0.00  0.0    0  5.0 14 150   M    M   3 1      23 140
 4  56  40  48  27  17   0 0.78  0.0    0  9.9 30 230   M    M  10 13     44 230
 5  43  14  29   9  36   0 0.07  0.1    0 22.0 32 260   M    M  10 1      43 260
 6  17  13  15  -5  50   0 0.01  0.3    0 13.9 24 270   M    M  10 18     32 280
 7  17  10  14  -6  51   0 0.03  0.7    1 11.3 22 270   M    M   9 1      26 270
 8  23  15  19   0  46   0 0.08  1.7    2  7.0 16 270   M    M   9 18     20 290
 9  21   9  15  -4  50   0 0.04  0.5    3  7.3 15  20   M    M  10 1      22 340
10  21   6  14  -4  51   0 0.02  0.3    3  5.2 12 320   M    M   9 1      17 350
11  25   7  16  -2  49   0 0.06  0.5    3  7.2 20 340   M    M   9 1      34  20
12  13   8  11  -7  54   0 0.01  0.3    3  6.6 16 320   M    M   8 1      30 320
13  17  10  14  -3  51   0 0.51  6.3    8  8.1 16 100   M    M  10 12     21 100
14  18   5  12  -5  53   0 0.01  1.1    9  6.0 15 260   M    M   9 18     20 270
15  15  -1   7 -10  58   0 0.01  0.3    9  5.6 16 300   M    M   9 18     21 270
================================================================================
SM  426  195       661   0  1.63    12.1 126.6          M      120
================================================================================
AV 28.4 13.0                               8.4 FASTST   M    M   8    MAX(MPH)
                                 MISC ---->  # 32 260               # 44  230
================================================================================
NOTES:
# LAST OF SEVERAL OCCURRENCES

COLUMN 17 PEAK WIND IN M.P.H.

PRELIMINARY LOCAL CLIMATOLOGICAL DATA (WS FORM: F-6) , PAGE 2

                                          STATION:  RHINELANDER WI
                                          MONTH:    DECEMBER
                                          YEAR:     2017
                                          LATITUDE:   45 37 N
                                          LONGITUDE:  89 27 W

[TEMPERATURE DATA]      [PRECIPITATION DATA]       SYMBOLS USED IN COLUMN 16

AVERAGE MONTHLY: 20.7   TOTAL FOR MONTH:   1.63    1 = FOG OR MIST
DPTR FM NORMAL:   1.4   DPTR FM NORMAL:    0.88    2 = FOG REDUCING VISIBILITY
HIGHEST:    56 ON  4    GRTST 24HR  0.78 ON  4- 4      TO 1/4 MILE OR LESS
LOWEST:     -1 ON 15                               3 = THUNDER
                        SNOW, ICE PELLETS, HAIL    4 = ICE PELLETS
                        TOTAL MONTH:  12.1 INCHES  5 = HAIL
                        GRTST 24HR   6.3 ON 13-13  6 = FREEZING RAIN OR DRIZZLE
                        GRTST DEPTH:   9 ON 15,14  7 = DUSTSTORM OR SANDSTORM:
                                                       VSBY 1/2 MILE OR LESS
                                                   8 = SMOKE OR HAZE
[NO. OF DAYS WITH]      [WEATHER - DAYS WITH]      9 = BLOWING SNOW
                                                   X = TORNADO
MAX 32 OR BELOW:  10    0.01 INCH OR MORE:  12
MAX 90 OR ABOVE:   0    0.10 INCH OR MORE:   2
MIN 32 OR BELOW:  14    0.50 INCH OR MORE:   2
MIN  0 OR BELOW:   1    1.00 INCH OR MORE:   0

[HDD (BASE 65) ]
TOTAL THIS MO.   661    CLEAR  (SCALE 0-3)   2
DPTR FM NORMAL   -25    PTCLDY (SCALE 4-7)   2
TOTAL FM JUL 1  2634    CLOUDY (SCALE 8-10) 11
DPTR FM NORMAL  -186

[CDD (BASE 65) ]
TOTAL THIS MO.     0
DPTR FM NORMAL     0    [PRESSURE DATA]
TOTAL FM JAN 1   215    HIGHEST SLP M ON M
DPTR FM NORMAL   -46    LOWEST  SLP 29.23 ON  4

[REMARKS]
