000
CXUS55 KGJT 251000
CF6RIL
PRELIMINARY LOCAL CLIMATOLOGICAL DATA (WS FORM: F-6)

                                          STATION:   RIFLE CO
                                          MONTH:     NOVEMBER
                                          YEAR:      2014
                                          LATITUDE:   39 31 N
                                          LONGITUDE: 107 43 W

  TEMPERATURE IN F:       :PCPN:    SNOW:  WIND      :SUNSHINE: SKY     :PK WND
================================================================================
1   2   3   4   5  6A  6B    7    8   9   10  11  12  13   14  15   16   17  18
                                     12Z  AVG MX 2MIN
DY MAX MIN AVG DEP HDD CDD  WTR  SNW DPTH SPD SPD DIR MIN PSBL S-S WX    SPD DR
================================================================================

 1  74  39  57  15   8   0 0.02    M    M  9.5 29 210   M    M   2        35 210
 2  60  40  50   8  15   0 0.09    M    M  8.0 35 250   M    M   7 1      44 240
 3  47  28  38  -3  27   0 0.07    M    M  8.1 28 240   M    M   4 1      32 250
 4  50  23  37  -4  28   0 0.00    M    M  3.4 12 270   M    M   0        15 270
 5  59  25  42   2  23   0 0.00    M    M  2.4  8 110   M    M   1        11  70
 6  61  26  44   4  21   0 0.00    M    M  3.4 12 270   M    M   0        13 280
 7  60  25  43   4  22   0 0.00    M    M  3.5 10 110   M    M   0        14 270
 8  60  26  43   4  22   0 0.00    M    M  3.7 17 250   M    M   0        23 240
 9  60  25  43   5  22   0 0.00    M    M  3.6 22 260   M    M   0        25 260
10  50  24  37  -1  28   0    T    M    M  6.5 30 320   M    M   3        40 330
11  51  16  34  -4  31   0 0.00    M    M  6.7 21 260   M    M   0        26 260
12  25  15  20 -17  45   0 0.00    M    M 10.7 20 320   M    M   6        26 320
13  24   9  17 -20  48   0 0.08    M    M  0.6  6 110   M    M   5 12      7  70
14  35  19  27  -9  38   0 0.01    M    M  1.9  8  80   M    M   9 1      10  80
15  46  25  36   0  29   0 0.08    M    M 10.5 29 260   M    M   9 1      36 310
16  28   5  17 -18  48   0 0.00    M    M  6.9 18 310   M    M   1        24 300
17  32   3  18 -17  47   0 0.00    M    M  3.5  9 140   M    M   0        10 100
18  36   7  22 -12  43   0 0.00    M    M  3.2  9 130   M    M   0        10 110
19  44  20  32  -2  33   0 0.00    M    M  1.8  8 140   M    M   0        10 310
20  43  19  31  -3  34   0 0.00    M    M  1.1  7 140   M    M   4         7 150
21  51  21  36   3  29   0 0.00    M    M  1.4 10 140   M    M   2        11 130
22  44  18  31  -2  34   0 0.07    M    M  3.3 18 310   M    M   3 1      26 320
23  37  17  27  -5  38   0 0.06    M    M  7.4 25 320   M    M   7 18     33 320
24  33   9  21 -11  44   0 0.09    M    M  2.4 12 270   M    M   7 1      16 270
================================================================================
SM 1110  484       757   0  0.57    M    113.5          M       70
================================================================================
AV 46.2 20.2                               4.7 FASTST   M    M   3    MAX(MPH)
                                 MISC ---->  # 35 250               # 44  240
================================================================================
NOTES:
# LAST OF SEVERAL OCCURRENCES

COLUMN 17 PEAK WIND IN M.P.H.

PRELIMINARY LOCAL CLIMATOLOGICAL DATA (WS FORM: F-6) , PAGE 2

                                          STATION:  RIFLE CO
                                          MONTH:    NOVEMBER
                                          YEAR:     2014
                                          LATITUDE:   39 31 N
                                          LONGITUDE: 107 43 W

[TEMPERATURE DATA]      [PRECIPITATION DATA]       SYMBOLS USED IN COLUMN 16

AVERAGE MONTHLY: 33.2   TOTAL FOR MONTH:   0.57    1 = FOG OR MIST
DPTR FM NORMAL:  -3.7   DPTR FM NORMAL:   -0.36    2 = FOG REDUCING VISIBILITY
HIGHEST:    74 ON  1    GRTST 24HR  0.16 ON  2- 3      TO 1/4 MILE OR LESS
LOWEST:      3 ON 17                               3 = THUNDER
                        SNOW, ICE PELLETS, HAIL    4 = ICE PELLETS
                        TOTAL MONTH:    M          5 = HAIL
                        GRTST 24HR    M  ON   M    6 = FREEZING RAIN OR DRIZZLE
                        GRTST DEPTH:  M  ON   M    7 = DUSTSTORM OR SANDSTORM:
                                                       VSBY 1/2 MILE OR LESS
                                                   8 = SMOKE OR HAZE
[NO. OF DAYS WITH]      [WEATHER - DAYS WITH]      9 = BLOWING SNOW
                                                   X = TORNADO
MAX 32 OR BELOW:   4    0.01 INCH OR MORE:   9
MAX 90 OR ABOVE:   0    0.10 INCH OR MORE:   0
MIN 32 OR BELOW:  22    0.50 INCH OR MORE:   0
MIN  0 OR BELOW:   0    1.00 INCH OR MORE:   0

[HDD (BASE 65) ]
TOTAL THIS MO.   757    CLEAR  (SCALE 0-3)  14
DPTR FM NORMAL    83    PTCLDY (SCALE 4-7)   8
TOTAL FM JUL 1  1261    CLOUDY (SCALE 8-10)  2
DPTR FM NORMAL   -57

[CDD (BASE 65) ]
TOTAL THIS MO.     0
DPTR FM NORMAL     0    [PRESSURE DATA]
TOTAL FM JAN 1   555    HIGHEST SLP M ON M
DPTR FM NORMAL    14    LOWEST  SLP 29.41 ON 10

[REMARKS]
