000
CXUS55 KGJT 261000
CF6RIL
PRELIMINARY LOCAL CLIMATOLOGICAL DATA (WS FORM: F-6)

                                          STATION:   RIFLE CO
                                          MONTH:     JANUARY
                                          YEAR:      2015
                                          LATITUDE:   39 31 N
                                          LONGITUDE: 107 43 W

  TEMPERATURE IN F:       :PCPN:    SNOW:  WIND      :SUNSHINE: SKY     :PK WND
================================================================================
1   2   3   4   5  6A  6B    7    8   9   10  11  12  13   14  15   16   17  18
                                     12Z  AVG MX 2MIN
DY MAX MIN AVG DEP HDD CDD  WTR  SNW DPTH SPD SPD DIR MIN PSBL S-S WX    SPD DR
================================================================================

 1  23  -2  11 -12  54   0 0.00    M    M  3.7  9 270   M    M   1        10 260
 2  25  -1  12 -11  53   0 0.00    M    M  1.9  8 130   M    M   0         9 130
 3  27   6  17  -6  48   0 0.00    M    M  2.1  9 120   M    M   6        10 210
 4  26   5  16  -7  49   0 0.00    M    M  1.6  6 100   M    M   8         6 230
 5  36  13  25   2  40   0 0.00    M    M  1.9  7 130   M    M   5         7 240
 6  45  15  30   7  35   0 0.00    M    M  1.5  8 200   M    M   1         8 210
 7  47  20  34  11  31   0 0.00    M    M  2.1  8 100   M    M   0         9 100
 8  46  22  34  11  31   0 0.00    M    M  2.5  9 210   M    M   0        10 210
 9  46  19  33  10  32   0 0.00    M    M  1.3  7 200   M    M   0         8 210
10  42  20  31   8  34   0    T    M    M  1.5  7 110   M    M   5 1       8 250
11  36  30  33  10  32   0 0.15    M    M  1.9  8 120   M    M  10 12      9 110
12  40  33  37  14  28   0 0.01    M    M  1.7  8 160   M    M  10 1       8 120
13  40  31  36  13  29   0 0.05    M    M  2.0  7 140   M    M   9 1       8 150
14  42  24  33  10  32   0 0.00    M    M  2.3  6 140   M    M   4 1       8  70
15  42  18  30   6  35   0 0.00    M    M  1.9  6 110   M    M   0         6 110
16  39  18  29   5  36   0 0.00    M    M  1.9 12 230   M    M   2        14 230
17  45  23  34  10  31   0    T    M    M  3.1  9 210   M    M   2        11 250
18  45  22  34  10  31   0 0.00    M    M  1.8  8 210   M    M   2         9 210
19  40  22  31   7  34   0 0.00    M    M  0.9  6 140   M    M   4         7 130
20  44  25  35  11  30   0    T    M    M  2.5  8 240   M    M   4 1      10 240
21  37  18  28   4  37   0 0.00    M    M  5.5 21 310   M    M   1        26 320
22  34  10  22  -2  43   0 0.00    M    M  2.3  8  80   M    M   0        10  40
23  40  12  26   1  39   0 0.00    M    M  2.1  8 100   M    M   1        11  60
24  37  15  26   1  39   0 0.00    M    M  3.3 10 180   M    M   1        11 170
25  50  19  35  10  30   0 0.00    M    M  2.1  9 270   M    M   3        11 270
================================================================================
SM  974  437       913   0  0.21    M     55.4          M       79
================================================================================
AV 39.0 17.5                               2.2 FASTST   M    M   3    MAX(MPH)
                                 MISC ---->  # 21 310               # 26  320
================================================================================
NOTES:
# LAST OF SEVERAL OCCURRENCES

COLUMN 17 PEAK WIND IN M.P.H.

PRELIMINARY LOCAL CLIMATOLOGICAL DATA (WS FORM: F-6) , PAGE 2

                                          STATION:  RIFLE CO
                                          MONTH:    JANUARY
                                          YEAR:     2015
                                          LATITUDE:   39 31 N
                                          LONGITUDE: 107 43 W

[TEMPERATURE DATA]      [PRECIPITATION DATA]       SYMBOLS USED IN COLUMN 16

AVERAGE MONTHLY: 28.2   TOTAL FOR MONTH:   0.21    1 = FOG OR MIST
DPTR FM NORMAL:   4.7   DPTR FM NORMAL:   -0.49    2 = FOG REDUCING VISIBILITY
HIGHEST:    50 ON 25    GRTST 24HR  0.15 ON 11-11      TO 1/4 MILE OR LESS
LOWEST:     -2 ON  1                               3 = THUNDER
                        SNOW, ICE PELLETS, HAIL    4 = ICE PELLETS
                        TOTAL MONTH:    M          5 = HAIL
                        GRTST 24HR    M  ON   M    6 = FREEZING RAIN OR DRIZZLE
                        GRTST DEPTH:  M  ON   M    7 = DUSTSTORM OR SANDSTORM:
                                                       VSBY 1/2 MILE OR LESS
                                                   8 = SMOKE OR HAZE
[NO. OF DAYS WITH]      [WEATHER - DAYS WITH]      9 = BLOWING SNOW
                                                   X = TORNADO
MAX 32 OR BELOW:   4    0.01 INCH OR MORE:   3
MAX 90 OR ABOVE:   0    0.10 INCH OR MORE:   1
MIN 32 OR BELOW:  24    0.50 INCH OR MORE:   0
MIN  0 OR BELOW:   2    1.00 INCH OR MORE:   0

[HDD (BASE 65) ]
TOTAL THIS MO.   913    CLEAR  (SCALE 0-3)  15
DPTR FM NORMAL  -122    PTCLDY (SCALE 4-7)   7
TOTAL FM JUL 1  3426    CLOUDY (SCALE 8-10)  3
DPTR FM NORMAL  -373

[CDD (BASE 65) ]
TOTAL THIS MO.     0
DPTR FM NORMAL     0    [PRESSURE DATA]
TOTAL FM JAN 1     0    HIGHEST SLP M ON M
DPTR FM NORMAL     0    LOWEST  SLP 29.92 ON M

[REMARKS]
