000
CXUS55 KGJT 211000
CF6RIL
PRELIMINARY LOCAL CLIMATOLOGICAL DATA (WS FORM: F-6)

                                          STATION:   RIFLE CO
                                          MONTH:     NOVEMBER
                                          YEAR:      2017
                                          LATITUDE:   39 31 N
                                          LONGITUDE: 107 43 W

  TEMPERATURE IN F:       :PCPN:    SNOW:  WIND      :SUNSHINE: SKY     :PK WND
================================================================================
1   2   3   4   5  6A  6B    7    8   9   10  11  12  13   14  15   16   17  18
                                     12Z  AVG MX 2MIN
DY MAX MIN AVG DEP HDD CDD  WTR  SNW DPTH SPD SPD DIR MIN PSBL S-S WX    SPD DR
================================================================================

 1  63  35  49   7  16   0 0.00    M    M  6.7 25 270   M    M   1        32 270
 2  66  39  53  11  12   0 0.00    M    M  8.0 29 260   M    M   1        35 260
 3  64  38  51  10  14   0 0.00    M    M  8.4 29 280   M    M   1        37 280
 4  62  38  50   9  15   0    T    M    M 10.6 33 250   M    M   7        40 270
 5  60  37  49   9  16   0    T    M    M  8.1 26 260   M    M   7        31 260
 6  58  33  46   6  19   0    T    M    M  7.1 23 260   M    M   5        28 250
 7  54  30  42   3  23   0    T    M    M  7.3 30 320   M    M   4        36 320
 8  49  26  38  -1  27   0 0.00    M    M  3.7 12 250   M    M   3        16 260
 9  59  23  41   3  24   0 0.00    M    M  2.6 14 250   M    M   0        19 270
10  63  25  44   6  21   0 0.00    M    M  3.6 18 260   M    M   0        23 280
11  61  26  44   6  21   0 0.00    M    M  4.7 21 280   M    M   1        26 270
12  56  21  39   2  26   0 0.00    M    M  1.0  7  60   M    M   0         8  50
13  67  29  48  11  17   0 0.00    M    M  5.0 21 270   M    M   1        26 270
14  64  28  46  10  19   0 0.00    M    M  6.7 26 280   M    M   0        33 290
15  54  22  38   2  27   0 0.00    M    M  1.2  7 140   M    M   0 8      10  90
16  61  25  43   8  22   0 0.00    M    M  4.6 17 250   M    M   0        21 250
17  62  30  46  11  19   0 0.04    M    M 13.9 43 260   M    M   7 13     52 270
18  39  14  27  -7  38   0    T    M    M  3.3 14 320   M    M   0        18 320
19  42  15  29  -5  36   0 0.00    M    M  1.3  8 260   M    M   0        10 270
20  40  18  29  -5  36   0 0.00    M    M  1.4  9 130   M    M   3         9 140
================================================================================
SM 1144  552       448   0  0.04    M    109.2          M       41
================================================================================
AV 57.2 27.6                               5.5 FASTST   M    M   2    MAX(MPH)
                                 MISC ---->  # 43 260               # 52  270
================================================================================
NOTES:
# LAST OF SEVERAL OCCURRENCES

COLUMN 17 PEAK WIND IN M.P.H.

PRELIMINARY LOCAL CLIMATOLOGICAL DATA (WS FORM: F-6) , PAGE 2

                                          STATION:  RIFLE CO
                                          MONTH:    NOVEMBER
                                          YEAR:     2017
                                          LATITUDE:   39 31 N
                                          LONGITUDE: 107 43 W

[TEMPERATURE DATA]      [PRECIPITATION DATA]       SYMBOLS USED IN COLUMN 16

AVERAGE MONTHLY: 42.4   TOTAL FOR MONTH:   0.04    1 = FOG OR MIST
DPTR FM NORMAL:   4.6   DPTR FM NORMAL:   -0.78    2 = FOG REDUCING VISIBILITY
HIGHEST:    67 ON 13    GRTST 24HR  0.04 ON 17-17      TO 1/4 MILE OR LESS
LOWEST:     14 ON 18                               3 = THUNDER
                        SNOW, ICE PELLETS, HAIL    4 = ICE PELLETS
                        TOTAL MONTH:    M          5 = HAIL
                        GRTST 24HR    M  ON   M    6 = FREEZING RAIN OR DRIZZLE
                        GRTST DEPTH:  M  ON   M    7 = DUSTSTORM OR SANDSTORM:
                                                       VSBY 1/2 MILE OR LESS
                                                   8 = SMOKE OR HAZE
[NO. OF DAYS WITH]      [WEATHER - DAYS WITH]      9 = BLOWING SNOW
                                                   X = TORNADO
MAX 32 OR BELOW:   0    0.01 INCH OR MORE:   1
MAX 90 OR ABOVE:   0    0.10 INCH OR MORE:   0
MIN 32 OR BELOW:  14    0.50 INCH OR MORE:   0
MIN  0 OR BELOW:   0    1.00 INCH OR MORE:   0

[HDD (BASE 65) ]
TOTAL THIS MO.   448    CLEAR  (SCALE 0-3)  15
DPTR FM NORMAL   -96    PTCLDY (SCALE 4-7)   5
TOTAL FM JUL 1  1085    CLOUDY (SCALE 8-10)  0
DPTR FM NORMAL  -103

[CDD (BASE 65) ]
TOTAL THIS MO.     0
DPTR FM NORMAL     0    [PRESSURE DATA]
TOTAL FM JAN 1   872    HIGHEST SLP M ON M
DPTR FM NORMAL   331    LOWEST  SLP 29.43 ON 17

[REMARKS]
