000
CXUS55 KRIW 210945
CF6RIW
PRELIMINARY LOCAL CLIMATOLOGICAL DATA (WS FORM: F-6)

                                          STATION:   RIVERTON WY
                                          MONTH:     JANUARY
                                          YEAR:      2018
                                          LATITUDE:   43  2 N
                                          LONGITUDE: 108 27 W

  TEMPERATURE IN F:       :PCPN:    SNOW:  WIND      :SUNSHINE: SKY     :PK WND
================================================================================
1   2   3   4   5  6A  6B    7    8   9   10  11  12  13   14  15   16   17  18
                                     12Z  AVG MX 2MIN
DY MAX MIN AVG DEP HDD CDD  WTR  SNW DPTH SPD SPD DIR MIN PSBL S-S WX    SPD DR
================================================================================

 1  11  -7   2 -17  63   0    T  0.5    3  3.5 12 240   M    M   7 128    12 230
 2   7 -10  -1 -20  66   0    T    T    4  2.5 10 230   M    M   5 128    12 230
 3  14  -7   4 -15  61   0 0.00  0.0    4  2.2  8 220   M    M   2         9 220
 4  19   0  10  -9  55   0 0.00  0.0    3  2.3 10 230   M    M   0        10 230
 5  25  11  18  -1  47   0 0.00  0.0    3  3.5 10 240   M    M   1        16 340
 6  36   9  23   3  42   0 0.00  0.0    3  5.3 18 290   M    M   1        27 330
 7  33  20  27   7  38   0 0.00  0.0    3  6.8 21 270   M    M   1        25 330
 8  34  14  24   4  41   0 0.00  0.0    3  3.5 10 330   M    M   0 8      11 340
 9  41  17  29   9  36   0 0.00  0.0    3  4.8 13 300   M    M   2        15 330
10  40  15  28   8  37   0    T    T    3  9.0 35  20   M    M   3        40  20
11  33  11  22   2  43   0 0.00  0.0    3  8.6 25 300   M    M   0        32 300
12  43  18  31  11  34   0 0.00  0.0    2  8.5 24 310   M    M   1        31 310
13  45  23  34  14  31   0 0.00  0.0    2  7.4 21 280   M    M   1        29 290
14  37  15  26   6  39   0 0.00  0.0    2  4.9 15  20   M    M   1        18  20
15  30  16  23   3  42   0    T  0.1    2  6.2 25  20   M    M   9        31  20
16  24   5  15  -5  50   0 0.00  0.0    2  1.6  7  80   M    M   3         8  70
17  28   6  17  -3  48   0 0.00  0.0    2  3.5 12 320   M    M   0        14 320
18  33  13  23   3  42   0 0.00  0.0    2  3.6 12 320   M    M   0        14 360
19  48  21  35  15  30   0 0.00  0.0    2 10.7 25 310   M    M   3        34 320
20  33  23  28   8  37   0 0.37  4.9    1  6.8 13  30   M    M  10 12     16  30
================================================================================
SM  614  213       882   0  0.37     5.5 105.2          M       50
================================================================================
AV 30.7 10.7                               5.3 FASTST   M    M   3    MAX(MPH)
                                 MISC ---->  # 35  20               # 40   20
================================================================================
NOTES:
# LAST OF SEVERAL OCCURRENCES

COLUMN 17 PEAK WIND IN M.P.H.

PRELIMINARY LOCAL CLIMATOLOGICAL DATA (WS FORM: F-6) , PAGE 2

                                          STATION:  RIVERTON WY
                                          MONTH:    JANUARY
                                          YEAR:     2018
                                          LATITUDE:   43  2 N
                                          LONGITUDE: 108 27 W

[TEMPERATURE DATA]      [PRECIPITATION DATA]       SYMBOLS USED IN COLUMN 16

AVERAGE MONTHLY: 20.7   TOTAL FOR MONTH:   0.37    1 = FOG OR MIST
DPTR FM NORMAL:   0.9   DPTR FM NORMAL:    0.21    2 = FOG REDUCING VISIBILITY
HIGHEST:    48 ON 19    GRTST 24HR  0.37 ON 20-20      TO 1/4 MILE OR LESS
LOWEST:    -10 ON  2                               3 = THUNDER
                        SNOW, ICE PELLETS, HAIL    4 = ICE PELLETS
                        TOTAL MONTH:   5.5 INCHES  5 = HAIL
                        GRTST 24HR   4.9 ON 20-20  6 = FREEZING RAIN OR DRIZZLE
                        GRTST DEPTH:   4 ON  3, 2  7 = DUSTSTORM OR SANDSTORM:
                                                       VSBY 1/2 MILE OR LESS
                                                   8 = SMOKE OR HAZE
[NO. OF DAYS WITH]      [WEATHER - DAYS WITH]      9 = BLOWING SNOW
                                                   X = TORNADO
MAX 32 OR BELOW:   8    0.01 INCH OR MORE:   1
MAX 90 OR ABOVE:   0    0.10 INCH OR MORE:   1
MIN 32 OR BELOW:  20    0.50 INCH OR MORE:   0
MIN  0 OR BELOW:   4    1.00 INCH OR MORE:   0

[HDD (BASE 65) ]
TOTAL THIS MO.   882    CLEAR  (SCALE 0-3)  15
DPTR FM NORMAL   -24    PTCLDY (SCALE 4-7)   3
TOTAL FM JUL 1  4003    CLOUDY (SCALE 8-10)  2
DPTR FM NORMAL  -220

[CDD (BASE 65) ]
TOTAL THIS MO.     0
DPTR FM NORMAL     0    [PRESSURE DATA]
TOTAL FM JAN 1     0    HIGHEST SLP M ON M
DPTR FM NORMAL     0    LOWEST  SLP 29.48 ON 10

[REMARKS]
