000
CXUS55 KRIW 250945
CF6RIW
PRELIMINARY LOCAL CLIMATOLOGICAL DATA (WS FORM: F-6)

                                          STATION:   RIVERTON WY
                                          MONTH:     MARCH
                                          YEAR:      2017
                                          LATITUDE:   43  2 N
                                          LONGITUDE: 108 27 W

  TEMPERATURE IN F:       :PCPN:    SNOW:  WIND      :SUNSHINE: SKY     :PK WND
================================================================================
1   2   3   4   5  6A  6B    7    8   9   10  11  12  13   14  15   16   17  18
                                     12Z  AVG MX 2MIN
DY MAX MIN AVG DEP HDD CDD  WTR  SNW DPTH SPD SPD DIR MIN PSBL S-S WX    SPD DR
================================================================================

 1  35   8  22  -8  43   0 0.00  0.0    3 15.8 32 300   M    M   0        42 300
 2  39  17  28  -2  37   0 0.00  0.0    2  8.5 25 290   M    M   0        32 290
 3  46  20  33   3  32   0 0.00  0.0    2  7.3 16 290   M    M   0        18 290
 4  50  20  35   4  30   0 0.00  0.0    1  7.7 20 200   M    M   0        25 220
 5  49  30  40   9  25   0 0.02    T    1 15.5 38 230   M    M   0 1      47 230
 6  33  21  27  -5  38   0    T    T    T 20.7 36 320   M    M   6        45 320
 7  42  18  30  -2  35   0 0.00  0.0    T  8.4 23 330   M    M   3        27 330
 8  54  23  39   6  26   0 0.00  0.0    T  8.9 33 270   M    M   0        41 260
 9  60  27  44  11  21   0 0.00  0.0    0  8.3 24 300   M    M   0        31 310
10  59  25  42   8  23   0 0.00  0.0    0 11.5 31 310   M    M   1        38 310
11  56  33  45  11  20   0 0.00  0.0    0  8.1 22 330   M    M   0        27 330
12  53  31  42   8  23   0 0.00  0.0    0 14.7 38 310   M    M   0        49 310
13  56  26  41   6  24   0 0.00  0.0    0 13.0 32 310   M    M   0        42 310
14  65  39  52  17  13   0 0.00  0.0    0  9.7 24 330   M    M   3        33 350
15  70  37  54  19  11   0 0.00  0.0    0  9.3 25 250   M    M   0        31 250
16  65  37  51  15  14   0 0.00  0.0    0 13.0 36 280   M    M   0        43 280
17  61  32  47  11  18   0 0.00  0.0    0  6.4 12 250   M    M   1        13 200
18  70  36  53  17  12   0 0.00  0.0    0  7.7 28 210   M    M   0        36 210
19  68  42  55  18  10   0 0.00  0.0    0 12.5 35 260   M    M   0        40 270
20  60  36  48  11  17   0 0.00  0.0    0  8.7 22  60   M    M   1        28  50
21  55  31  43   6  22   0 0.00  0.0    0  6.1 12 330   M    M   2        14  50
22  62  33  48  10  17   0    T  0.0    0  7.4 30 200   M    M   3        40 200
23  49  37  43   5  22   0 0.83  0.0    0  8.2 20 350   M    M   9 1      25 360
24  57  31  44   6  21   0 0.00  0.0    0  5.4 14 130   M    M   2        21 140
================================================================================
SM 1314  690       554   0  0.85    T    242.8          M       31
================================================================================
AV 54.8 28.8                              10.1 FASTST   M    M   1    MAX(MPH)
                                 MISC ---->  # 38 230               # 49  310
================================================================================
NOTES:
# LAST OF SEVERAL OCCURRENCES

COLUMN 17 PEAK WIND IN M.P.H.

PRELIMINARY LOCAL CLIMATOLOGICAL DATA (WS FORM: F-6) , PAGE 2

                                          STATION:  RIVERTON WY
                                          MONTH:    MARCH
                                          YEAR:     2017
                                          LATITUDE:   43  2 N
                                          LONGITUDE: 108 27 W

[TEMPERATURE DATA]      [PRECIPITATION DATA]       SYMBOLS USED IN COLUMN 16

AVERAGE MONTHLY: 41.8   TOTAL FOR MONTH:   0.85    1 = FOG OR MIST
DPTR FM NORMAL:   7.5   DPTR FM NORMAL:    0.50    2 = FOG REDUCING VISIBILITY
HIGHEST:    70 ON 18,15 GRTST 24HR  0.83 ON 23-23      TO 1/4 MILE OR LESS
LOWEST:      8 ON  1                               3 = THUNDER
                        SNOW, ICE PELLETS, HAIL    4 = ICE PELLETS
                        TOTAL MONTH:    T          5 = HAIL
                        GRTST 24HR    T  ON  6- 6  6 = FREEZING RAIN OR DRIZZLE
                        GRTST DEPTH:   3 ON  1     7 = DUSTSTORM OR SANDSTORM:
                                                       VSBY 1/2 MILE OR LESS
                                                   8 = SMOKE OR HAZE
[NO. OF DAYS WITH]      [WEATHER - DAYS WITH]      9 = BLOWING SNOW
                                                   X = TORNADO
MAX 32 OR BELOW:   0    0.01 INCH OR MORE:   2
MAX 90 OR ABOVE:   0    0.10 INCH OR MORE:   1
MIN 32 OR BELOW:  15    0.50 INCH OR MORE:   1
MIN  0 OR BELOW:   0    1.00 INCH OR MORE:   0

[HDD (BASE 65) ]
TOTAL THIS MO.   554    CLEAR  (SCALE 0-3)  20
DPTR FM NORMAL  -184    PTCLDY (SCALE 4-7)   3
TOTAL FM JUL 1  6428    CLOUDY (SCALE 8-10)  1
DPTR FM NORMAL  -164

[CDD (BASE 65) ]
TOTAL THIS MO.     0
DPTR FM NORMAL     0    [PRESSURE DATA]
TOTAL FM JAN 1     0    HIGHEST SLP M ON M
DPTR FM NORMAL     0    LOWEST  SLP 29.39 ON  5

[REMARKS]
