000
CXUS54 KCRP 011300
CF6RKP
PRELIMINARY LOCAL CLIMATOLOGICAL DATA (WS FORM: F-6)

                                          STATION:   ROCKPORT
                                          MONTH:     SEPTEMBER
                                          YEAR:      2014
                                          LATITUDE:   28  4 N
                                          LONGITUDE:  97  3 W

  TEMPERATURE IN F:       :PCPN:    SNOW:  WIND      :SUNSHINE: SKY     :PK WND
================================================================================
1   2   3   4   5  6A  6B    7    8   9   10  11  12  13   14  15   16   17  18
                                     12Z  AVG MX 2MIN
DY MAX MIN AVG DEP HDD CDD  WTR  SNW DPTH SPD SPD DIR MIN PSBL S-S WX    SPD DR
================================================================================

 1  92  82  87   2   0  22 0.00  0.0    0 11.5 18 130   M    M   1        23 130
 2  92  83  88   3   0  23    T  0.0    0 15.2 21 140   M    M   3        26 130
 3  92  83  88   3   0  23 0.00  0.0    0 15.1 22 120   M    M   3        27 130
 4  91  78  85   1   0  20 0.08  0.0    0 12.5 22 140   M    M   1        29 150
 5  93  82  88   4   0  23 0.00  0.0    0 10.9 18 140   M    M   0        23 140
 6  92  78  85   1   0  20 0.00  0.0    0  7.8 16 130   M    M   1 3      22 150
 7  85  77  81  -3   0  16 0.01  0.0    0  5.6 12 110   M    M   1 138    14 110
 8  91  78  85   1   0  20 0.00  0.0    0  6.9 15 130   M    M   1 18     18 140
 9  92  79  86   2   0  21 0.00  0.0    0  9.5 18 140   M    M   1        24 160
10  93  82  88   4   0  23 0.00  0.0    0 10.8 17 140   M    M   1        23 140
11  93  81  87   4   0  22    T  0.0    0  9.9 18 130   M    M   0 8      22 140
12  90  77  84   1   0  19 0.35  0.0    0  7.7 20 360   M    M   3 138    26  40
13  78  69  74  -9   0   9    T  0.0    0 15.7 23  10   M    M   8        29  10
14  80  69  75  -8   0  10 0.00  0.0    0 12.3 18  10   M    M   9        24  20
15  90  71  81  -1   0  16 0.00  0.0    0  7.7 13  90   M    M   2 1      16  80
16  86  79  83   1   0  18 0.38  0.0    0  7.6 15 130   M    M   3 8      19 130
17  91  75  83   1   0  18 0.01  0.0    0  7.7 16 150   M    M   2 1      22 160
18  91  79  85   3   0  20 0.00  0.0    0  8.4 20 140   M    M   1        25 140
19  88  78  83   1   0  18 0.05  0.0    0  8.9 20  60   M    M   2 38     23 100
20  91  77  84   2   0  19 0.00  0.0    0 10.4 17  90   M    M   2        21  80
21  88  75  82   1   0  17 0.56  0.0    0 11.8 20  80   M    M   3 13     26  40
22  91  75  83   2   0  18 0.00  0.0    0  8.2 14  70   M    M   0 13     17  40
23  88  74  81   0   0  16 0.18  0.0    0 11.0 18  70   M    M   1 138    22  70
24  87  71  79  -2   0  14 0.00  0.0    0 11.2 17  80   M    M   0        20  80
25  89  73  81   1   0  16 0.13  0.0    0 12.6 22  80   M    M   3 18     28  80
26  84  74  79  -1   0  14    T  0.0    0 11.4 23 110   M    M   4 1      29 110
27  84  69  77  -3   0  12 1.09  0.0    0 11.9 22  50   M    M   7 1      29  50
28  86  71  79  -1   0  14 0.02  0.0    0 10.8 20  10   M    M   8 1      24 360
29  87  73  80   0   0  15 0.00  0.0    0  8.9 14  10   M    M   6 1      17  10
30  87  74  81   2   0  16    T  0.0    0  7.0 13 120   M    M   2 18     15 120
================================================================================
SM 2662 2286         0 532  2.86     0.0 307.0          M       79
================================================================================
AV 88.7 76.2                              10.2 FASTST   M    M   3    MAX(MPH)
                                 MISC ---->  # 23  10               # 29   10
================================================================================
NOTES:
# LAST OF SEVERAL OCCURRENCES

COLUMN 17 PEAK WIND IN M.P.H.

PRELIMINARY LOCAL CLIMATOLOGICAL DATA (WS FORM: F-6) , PAGE 2

                                          STATION:  ROCKPORT
                                          MONTH:    SEPTEMBER
                                          YEAR:     2014
                                          LATITUDE:   28  4 N
                                          LONGITUDE:  97  3 W

[TEMPERATURE DATA]      [PRECIPITATION DATA]       SYMBOLS USED IN COLUMN 16

AVERAGE MONTHLY: 82.5   TOTAL FOR MONTH:   2.86    1 = FOG OR MIST
DPTR FM NORMAL:   0.2   DPTR FM NORMAL:   -1.93    2 = FOG REDUCING VISIBILITY
HIGHEST:    93 ON 11,10 GRTST 24HR  1.09 ON 27-27      TO 1/4 MILE OR LESS
LOWEST:     69 ON 27,14                            3 = THUNDER
                        SNOW, ICE PELLETS, HAIL    4 = ICE PELLETS
                        TOTAL MONTH:   0.0 INCH    5 = HAIL
                        GRTST 24HR     0.0         6 = FREEZING RAIN OR DRIZZLE
                        GRTST DEPTH:   0           7 = DUSTSTORM OR SANDSTORM:
                                                       VSBY 1/2 MILE OR LESS
                                                   8 = SMOKE OR HAZE
[NO. OF DAYS WITH]      [WEATHER - DAYS WITH]      9 = BLOWING SNOW
                                                   X = TORNADO
MAX 32 OR BELOW:   0    0.01 INCH OR MORE:  11
MAX 90 OR ABOVE:  16    0.10 INCH OR MORE:   6
MIN 32 OR BELOW:   0    0.50 INCH OR MORE:   2
MIN  0 OR BELOW:   0    1.00 INCH OR MORE:   1

[HDD (BASE 65) ]
TOTAL THIS MO.     0    CLEAR  (SCALE 0-3)  23
DPTR FM NORMAL     0    PTCLDY (SCALE 4-7)   6
TOTAL FM JUL 1     0    CLOUDY (SCALE 8-10)  1
DPTR FM NORMAL     0

[CDD (BASE 65) ]
TOTAL THIS MO.   532
DPTR FM NORMAL    13    [PRESSURE DATA]
TOTAL FM JAN 1  3117    HIGHEST SLP 30.16 ON 14
DPTR FM NORMAL   -39    LOWEST  SLP 29.75 ON 30

[REMARKS]
#FINAL-09-14#
