000
CXUS54 KCRP 291300
CF6RKP
PRELIMINARY LOCAL CLIMATOLOGICAL DATA (WS FORM: F-6)

                                          STATION:   ROCKPORT
                                          MONTH:     APRIL
                                          YEAR:      2016
                                          LATITUDE:   28  4 N
                                          LONGITUDE:  97  3 W

  TEMPERATURE IN F:       :PCPN:    SNOW:  WIND      :SUNSHINE: SKY     :PK WND
================================================================================
1   2   3   4   5  6A  6B    7    8   9   10  11  12  13   14  15   16   17  18
                                     12Z  AVG MX 2MIN
DY MAX MIN AVG DEP HDD CDD  WTR  SNW DPTH SPD SPD DIR MIN PSBL S-S WX    SPD DR
================================================================================

 1  78  59  69   0   0   4    T  0.0    0 19.2 30  40   M    M   5 1      36  50
 2  77  54  66  -3   0   1 0.00  0.0    0  9.5 22  10   M    M   0        29  10
 3  79  51  65  -5   0   0 0.00  0.0    0  7.9 18 140   M    M   1        21 150
 4  81  55  68  -2   0   3 0.00  0.0    0  7.8 16 120   M    M   0        19 120
 5  80  55  68  -2   0   3 0.00  0.0    0  9.0 18 140   M    M   0        26 140
 6  80  62  71   1   0   6 0.00  0.0    0  7.5 15 180   M    M   3 18     25 150
 7  85  57  71   1   0   6 0.00  0.0    0  6.5 16 140   M    M   1 128    20 160
 8  81  59  70  -1   0   5 0.00  0.0    0 10.4 20 100   M    M   0        24 110
 9  81  68  75   4   0  10 0.05  0.0    0 14.8 26 120   M    M   1        33 130
10  82  71  77   6   0  12 0.00  0.0    0 15.7 25 140   M    M   6        33 150
11  81  74  78   7   0  13 0.00  0.0    0 11.8 29 140   M    M  10 18     41 140
12  80  74  77   5   0  12    T  0.0    0  9.4 20 130   M    M   8 138    24 130
13  83  69  76   4   0  11 0.12  0.0    0 10.0 20  10   M    M   7 13     23  20
14  87  64  76   4   0  11 0.00  0.0    0  7.6 16  10   M    M   2 1      20  20
15  80  63  72   0   0   7 0.00  0.0    0 11.7 20 130   M    M   3 18     24 120
16  79  73  76   4   0  11 0.02  0.0    0 16.3 24 110   M    M  10 18     30 110
17  81  75  78   5   0  13 0.02  0.0    0 16.8 24 120   M    M  10 18     31 130
18  82  69  76   3   0  11 0.28  0.0    0 14.9 39 100   M    M   9 138    48 100
19  81  71  76   3   0  11 0.00  0.0    0 11.3 17 100   M    M   6 18     21 100
20  84  74  79   6   0  14 0.00  0.0    0  9.6 21  20   M    M   5 18     25  30
21  82  67  75   1   0  10 0.05  0.0    0  8.8 35  20   M    M   5 13     42  20
22  90  67  79   5   0  14 0.00  0.0    0  6.5 14  20   M    M   0 1      17 360
23  85  64  75   1   0  10 0.00  0.0    0  8.1 18 140   M    M   0        23 130
24  83  74  79   5   0  14    T  0.0    0 12.7 24 140   M    M   5        31 120
25  85  76  81   7   0  16 0.00  0.0    0 13.3 23 140   M    M   8 8      30 140
26  85  77  81   6   0  16 0.00  0.0    0 15.0 23 140   M    M   9 8      31 130
27  86  73  80   5   0  15    T  0.0    0 11.5 21 350   M    M   5 138    27 330
28  87  78  83   8   0  18 0.00  0.0    0 13.7 20 110   M    M   8 8      25 140
================================================================================
SM 2305 1873         0 277  0.54     0.0 317.3          M      127
================================================================================
AV 82.3 66.9                              11.3 FASTST   M    M   5    MAX(MPH)
                                 MISC ---->  # 39 100               # 48  100
================================================================================
NOTES:
# LAST OF SEVERAL OCCURRENCES

COLUMN 17 PEAK WIND IN M.P.H.

PRELIMINARY LOCAL CLIMATOLOGICAL DATA (WS FORM: F-6) , PAGE 2

                                          STATION:  ROCKPORT
                                          MONTH:    APRIL
                                          YEAR:     2016
                                          LATITUDE:   28  4 N
                                          LONGITUDE:  97  3 W

[TEMPERATURE DATA]      [PRECIPITATION DATA]       SYMBOLS USED IN COLUMN 16

AVERAGE MONTHLY: 74.6   TOTAL FOR MONTH:   0.54    1 = FOG OR MIST
DPTR FM NORMAL:   2.5   DPTR FM NORMAL:   -0.88    2 = FOG REDUCING VISIBILITY
HIGHEST:    90 ON 22    GRTST 24HR  0.28 ON 18-18      TO 1/4 MILE OR LESS
LOWEST:     51 ON  3                               3 = THUNDER
                        SNOW, ICE PELLETS, HAIL    4 = ICE PELLETS
                        TOTAL MONTH:   0.0 INCH    5 = HAIL
                        GRTST 24HR     0.0         6 = FREEZING RAIN OR DRIZZLE
                        GRTST DEPTH:   0           7 = DUSTSTORM OR SANDSTORM:
                                                       VSBY 1/2 MILE OR LESS
                                                   8 = SMOKE OR HAZE
[NO. OF DAYS WITH]      [WEATHER - DAYS WITH]      9 = BLOWING SNOW
                                                   X = TORNADO
MAX 32 OR BELOW:   0    0.01 INCH OR MORE:   6
MAX 90 OR ABOVE:   1    0.10 INCH OR MORE:   2
MIN 32 OR BELOW:   0    0.50 INCH OR MORE:   0
MIN  0 OR BELOW:   0    1.00 INCH OR MORE:   0

[HDD (BASE 65) ]
TOTAL THIS MO.     0    CLEAR  (SCALE 0-3)  12
DPTR FM NORMAL   -15    PTCLDY (SCALE 4-7)   9
TOTAL FM JUL 1   502    CLOUDY (SCALE 8-10)  7
DPTR FM NORMAL  -375

[CDD (BASE 65) ]
TOTAL THIS MO.   277
DPTR FM NORMAL    64    [PRESSURE DATA]
TOTAL FM JAN 1   585    HIGHEST SLP M ON M
DPTR FM NORMAL   223    LOWEST  SLP 29.50 ON 27

[REMARKS]
