066
CXUS55 KRIW 240945
CF6RKS
PRELIMINARY LOCAL CLIMATOLOGICAL DATA (WS FORM: F-6)

                                          STATION:   ROCK SPRINGS WY
                                          MONTH:     JULY
                                          YEAR:      2016
                                          LATITUDE:   41 35 N
                                          LONGITUDE: 109  4 W

  TEMPERATURE IN F:       :PCPN:    SNOW:  WIND      :SUNSHINE: SKY     :PK WND
================================================================================
1   2   3   4   5  6A  6B    7    8   9   10  11  12  13   14  15   16   17  18
                                     12Z  AVG MX 2MIN
DY MAX MIN AVG DEP HDD CDD  WTR  SNW DPTH SPD SPD DIR MIN PSBL S-S WX    SPD DR
================================================================================

 1  79  50  65  -1   0   0 0.04  0.0    0  7.7 26 320   M    M   3 13     36 320
 2  82  50  66   0   0   1 0.01  0.0    0  8.6 26 340   M    M   2        31 340
 3  82  57  70   3   0   5 0.03  0.0    0 12.6 35 230   M    M   1 3      45 310
 4  86  57  72   5   0   7    T  0.0    0  9.4 31 220   M    M   2        42 230
 5  83  56  70   3   0   5    T  0.0    0 10.6 28 280   M    M   3 3      35 270
 6  83  49  66  -2   0   1 0.00  0.0    0 12.4 29 270   M    M   2        39 260
 7  81  56  69   1   0   4 0.00  0.0    0 13.7 30 280   M    M   2        39 250
 8  86  50  68   0   0   3 0.00  0.0    0  7.1 23 140   M    M   1        46 190
 9  90  54  72   4   0   7 0.00  0.0    0  8.2 22 260   M    M   0        33 230
10  86  50  68   0   0   3 0.00  0.0    0 15.5 36 220   M    M   0        48 200
11  69  43  56 -13   9   0 0.00  0.0    0 15.3 30 270   M    M   0        40 260
12  81  43  62  -7   3   0 0.00  0.0    0  9.8 30 270   M    M   0        38 260
13  81  47  64  -5   1   0 0.00  0.0    0 12.1 31 280   M    M   0        39 280
14  85  52  69   0   0   4 0.00  0.0    0  8.9 26 280   M    M   0        40 280
15  88  55  72   3   0   7    T  0.0    0  8.6 39 200   M    M   1 3      54 200
16  87  59  73   3   0   8    T  0.0    0  9.7 28 270   M    M   0        38 260
17  87  55  71   1   0   6    T  0.0    0  8.3 31 180   M    M   1        52 170
18  82  57  70   0   0   5 0.00  0.0    0 13.2 35 160   M    M   0        42 150
19  87  59  73   3   0   8 0.14  0.0    0  9.9 37 270   M    M   1 3      44 260
20  86  60  73   3   0   8 0.00  0.0    0  9.8 28 160   M    M   0        32 180
21  88  57  73   3   0   8 0.00  0.0    0 11.3 31 160   M    M   0        38 160
22  89  56  73   3   0   8 0.00  0.0    0  8.3 28 260   M    M   1 3      36 240
23  88  57  73   3   0   8 0.00  0.0    0 12.2 25 250   M    M   0        33 270
================================================================================
SM 1936 1229        13 106  0.22     0.0 243.2          M       20
================================================================================
AV 84.2 53.4                              10.6 FASTST   M    M   1    MAX(MPH)
                                 MISC ---->  # 39 200               # 54  200
================================================================================
NOTES:
# LAST OF SEVERAL OCCURRENCES

COLUMN 17 PEAK WIND IN M.P.H.

PRELIMINARY LOCAL CLIMATOLOGICAL DATA (WS FORM: F-6) , PAGE 2

                                          STATION:  ROCK SPRINGS WY
                                          MONTH:    JULY
                                          YEAR:     2016
                                          LATITUDE:   41 35 N
                                          LONGITUDE: 109  4 W

[TEMPERATURE DATA]      [PRECIPITATION DATA]       SYMBOLS USED IN COLUMN 16

AVERAGE MONTHLY: 68.8   TOTAL FOR MONTH:   0.22    1 = FOG OR MIST
DPTR FM NORMAL:   0.2   DPTR FM NORMAL:   -0.24    2 = FOG REDUCING VISIBILITY
HIGHEST:    90 ON  9    GRTST 24HR  0.14 ON 19-19      TO 1/4 MILE OR LESS
LOWEST:     43 ON 12,11                            3 = THUNDER
                        SNOW, ICE PELLETS, HAIL    4 = ICE PELLETS
                        TOTAL MONTH:   0.0 INCH    5 = HAIL
                        GRTST 24HR     0.0         6 = FREEZING RAIN OR DRIZZLE
                        GRTST DEPTH:   0           7 = DUSTSTORM OR SANDSTORM:
                                                       VSBY 1/2 MILE OR LESS
                                                   8 = SMOKE OR HAZE
[NO. OF DAYS WITH]      [WEATHER - DAYS WITH]      9 = BLOWING SNOW
                                                   X = TORNADO
MAX 32 OR BELOW:   0    0.01 INCH OR MORE:   4
MAX 90 OR ABOVE:   1    0.10 INCH OR MORE:   1
MIN 32 OR BELOW:   0    0.50 INCH OR MORE:   0
MIN  0 OR BELOW:   0    1.00 INCH OR MORE:   0

[HDD (BASE 65) ]
TOTAL THIS MO.    13    CLEAR  (SCALE 0-3)  23
DPTR FM NORMAL    -6    PTCLDY (SCALE 4-7)   0
TOTAL FM JUL 1    13    CLOUDY (SCALE 8-10)  0
DPTR FM NORMAL    -6

[CDD (BASE 65) ]
TOTAL THIS MO.   106
DPTR FM NORMAL     6    [PRESSURE DATA]
TOTAL FM JAN 1   187    HIGHEST SLP M ON M
DPTR FM NORMAL    51    LOWEST  SLP 29.78 ON 10

[REMARKS]
