000
CXUS55 KRIW 280945
CF6RKS
PRELIMINARY LOCAL CLIMATOLOGICAL DATA (WS FORM: F-6)

                                          STATION:   ROCK SPRINGS WY
                                          MONTH:     APRIL
                                          YEAR:      2017
                                          LATITUDE:   41 35 N
                                          LONGITUDE: 109  4 W

  TEMPERATURE IN F:       :PCPN:    SNOW:  WIND      :SUNSHINE: SKY     :PK WND
================================================================================
1   2   3   4   5  6A  6B    7    8   9   10  11  12  13   14  15   16   17  18
                                     12Z  AVG MX 2MIN
DY MAX MIN AVG DEP HDD CDD  WTR  SNW DPTH SPD SPD DIR MIN PSBL S-S WX    SPD DR
================================================================================

 1  50  30  40   2  25   0 0.00    M    M 12.4 28  60   M    M   6        37  50
 2  44  33  39   1  26   0    T    M    M 16.4 32 270   M    M   4 1      39 280
 3  47  29  38   0  27   0 0.00  0.0    M 11.9 24 260   M    M   1        30 280
 4  40  25  33  -6  32   0 0.01    M    M  8.8 21  30   M    M   5 12     25  40
 5  52  26  39   0  26   0 0.00  0.0    M 14.7 26 270   M    M   0        31 260
 6  64  33  49  10  16   0 0.00  0.0    M 10.1 24 200   M    M   0        28 230
 7  67  46  57  18   8   0    T    M    M 13.5 28 220   M    M   5        34 210
 8  51  31  41   1  24   0 0.03    M    M  9.6 31 260   M    M   7 1      36 260
 9  38  25  32  -8  33   0    T    M    M 25.6 38 270   M    M   6 1      46 270
10  51  22  37  -3  28   0 0.00  0.0    M  9.0 22 250   M    M   1        27 250
11  60  29  45   5  20   0 0.00  0.0    M  8.4 24 210   M    M   3        30 200
12  66  36  51  11  14   0 0.00  0.0    M  6.7 18 200   M    M   1        22 200
13  69  42  56  15   9   0 0.00  0.0    M 21.8 41 200   M    M   0        49 190
14  55  31  43   2  22   0 0.00    M    M 15.0 28 250   M    M   1        36 290
15  52  28  40  -1  25   0 0.00    M    M 12.7 24 250   M    M   0        32 250
16  62  29  46   4  19   0 0.00    M    M  7.3 21 260   M    M   1        26 260
17  64  41  53  11  12   0 0.00    M    M 13.9 32 280   M    M   5        40 270
18  59  34  47   5  18   0 0.12    M    M  8.9 28 290   M    M   9 1      34 300
19  53  33  43   1  22   0 0.02    M    M 16.9 31 260   M    M   3 1      37 270
20  60  30  45   2  20   0 0.01    M    M 11.6 35 260   M    M   3        39 240
21  50  31  41  -2  24   0    T    M    M 19.0 30 260   M    M   7        38 270
22  57  28  43   0  22   0 0.00  0.0    M  7.1 20 160   M    M   1        25 150
23  68  31  50   6  15   0 0.15    M    M  7.9 33 250   M    M   4 1      41 260
24  53  34  44   0  21   0 0.06    M    M 11.7 32 280   M    M   4 1      38 280
25  44  32  38  -6  27   0 0.13    M    M 11.3 26 260   M    M   5 12     32 260
26  48  33  41  -3  24   0 0.01    M    M 15.1 32 250   M    M   9 8      38 280
27  45  30  38  -7  27   0    T    M    M 24.7 39 260   M    M   8 1      47 260
================================================================================
SM 1469  852       586   0  0.54     0.0 352.0          M       99
================================================================================
AV 54.4 31.6                              13.0 FASTST   M    M   4    MAX(MPH)
                                 MISC ---->  # 41 200               # 49  190
================================================================================
NOTES:
# LAST OF SEVERAL OCCURRENCES

COLUMN 17 PEAK WIND IN M.P.H.

PRELIMINARY LOCAL CLIMATOLOGICAL DATA (WS FORM: F-6) , PAGE 2

                                          STATION:  ROCK SPRINGS WY
                                          MONTH:    APRIL
                                          YEAR:     2017
                                          LATITUDE:   41 35 N
                                          LONGITUDE: 109  4 W

[TEMPERATURE DATA]      [PRECIPITATION DATA]       SYMBOLS USED IN COLUMN 16

AVERAGE MONTHLY: 43.0   TOTAL FOR MONTH:   0.54    1 = FOG OR MIST
DPTR FM NORMAL:   1.8   DPTR FM NORMAL:   -0.26    2 = FOG REDUCING VISIBILITY
HIGHEST:    69 ON 13    GRTST 24HR  0.23 ON 31- 1      TO 1/4 MILE OR LESS
LOWEST:     22 ON 10                               3 = THUNDER
                        SNOW, ICE PELLETS, HAIL    4 = ICE PELLETS
                        TOTAL MONTH:   0.0 INCH    5 = HAIL
                        GRTST 24HR     0.0         6 = FREEZING RAIN OR DRIZZLE
                        GRTST DEPTH:  M  ON   M    7 = DUSTSTORM OR SANDSTORM:
                                                       VSBY 1/2 MILE OR LESS
                                                   8 = SMOKE OR HAZE
[NO. OF DAYS WITH]      [WEATHER - DAYS WITH]      9 = BLOWING SNOW
                                                   X = TORNADO
MAX 32 OR BELOW:   0    0.01 INCH OR MORE:   9
MAX 90 OR ABOVE:   0    0.10 INCH OR MORE:   3
MIN 32 OR BELOW:  17    0.50 INCH OR MORE:   0
MIN  0 OR BELOW:   0    1.00 INCH OR MORE:   0

[HDD (BASE 65) ]
TOTAL THIS MO.   586    CLEAR  (SCALE 0-3)  13
DPTR FM NORMAL   -58    PTCLDY (SCALE 4-7)  12
TOTAL FM JUL 1  7104    CLOUDY (SCALE 8-10)  2
DPTR FM NORMAL  -369

[CDD (BASE 65) ]
TOTAL THIS MO.     0
DPTR FM NORMAL     0    [PRESSURE DATA]
TOTAL FM JAN 1     0    HIGHEST SLP M ON M
DPTR FM NORMAL     0    LOWEST  SLP 29.54 ON 27

[REMARKS]
