000
CXUS52 KFFC 211110
CF6RMG
PRELIMINARY LOCAL CLIMATOLOGICAL DATA (WS FORM: F-6)

                                          STATION:   ROME
                                          MONTH:     OCTOBER
                                          YEAR:      2014
                                          LATITUDE:   34 20 N
                                          LONGITUDE:  85 10 W

  TEMPERATURE IN F:       :PCPN:    SNOW:  WIND      :SUNSHINE: SKY     :PK WND
================================================================================
1   2   3   4   5  6A  6B    7    8   9   10  11  12  13   14  15   16   17  18
                                     12Z  AVG MX 2MIN
DY MAX MIN AVG DEP HDD CDD  WTR  SNW DPTH SPD SPD DIR MIN PSBL S-S WX    SPD DR
================================================================================

 1  88  55  72   5   0   7    T  0.0    M  1.5  8 110   M    M   0 1      14 360
 2  88  57  73   7   0   8 0.00  0.0    M  3.8 15 160   M    M   3 1      22 160
 3  77  63  70   4   0   5 0.51    M    M  4.7 17 280   M    M   7 13     22 280
 4  66  41  54 -11  11   0 0.00    M    M  7.5 20 330   M    M   0        26 320
 5  72  35  54 -11  11   0 0.00    M    M  3.9 14 280   M    M   0        19 220
 6  78  44  61  -4   4   0 0.36    M    M  3.4 22 200   M    M   4 13     29 190
 7  81  56  69   5   0   4 0.06    M    M  4.8 17 170   M    M   3 13     21 190
 8  85  59  72   8   0   7 0.29    M    M  3.5 17  40   M    M   2 13     23  30
 9  88  64  76  12   0  11 0.00    M    M  2.1 12 260   M    M   5 12     16 220
10  87  60  74  11   0   9 0.00  0.0    M  4.9 15 230   M    M   2 1      22 230
11  83  66  75  12   0  10 0.54  0.0    M  2.2 16 310   M    M   5 13     20 320
12  81  64  73  10   0   8 0.07  0.0    M  4.9 14 110   M    M   7 123    18 130
13  81  64  73  11   0   8    T  0.0    M  9.3 17 140   M    M   8        24 110
14  74  57  66   4   0   1 1.54  0.0    M  8.8 21 160   M    M   8 13     28 160
15  67  52  60  -1   5   0 0.00    M    M  4.0 16 230   M    M   8        23 210
16  69  48  59  -2   6   0 0.00    M    M  5.0 17 290   M    M   6 1      22 290
17  79  45  62   1   3   0 0.00    M    M  3.5 15 250   M    M   4 12     22 250
18  75  51  63   3   2   0 0.00    M    M  6.3 16 340   M    M   0        27  10
19  71  43  57  -3   8   0 0.00    M    M  3.8 12  10   M    M   0 8      15  10
20  73  40  57  -3   8   0 0.00    M    M  2.0 10 280   M    M   1 1      14 280
================================================================================
SM 1563 1064        58  78  3.37     0.0  89.9          M       73
================================================================================
AV 78.2 53.2                               4.5 FASTST   M    M   4    MAX(MPH)
                                 MISC ---->  # 22 200               # 29  190
================================================================================
NOTES:
# LAST OF SEVERAL OCCURRENCES

COLUMN 17 PEAK WIND IN M.P.H.

PRELIMINARY LOCAL CLIMATOLOGICAL DATA (WS FORM: F-6) , PAGE 2

                                          STATION:  ROME
                                          MONTH:    OCTOBER
                                          YEAR:     2014
                                          LATITUDE:   34 20 N
                                          LONGITUDE:  85 10 W

[TEMPERATURE DATA]      [PRECIPITATION DATA]       SYMBOLS USED IN COLUMN 16

AVERAGE MONTHLY: 65.7   TOTAL FOR MONTH:   3.37    1 = FOG OR MIST
DPTR FM NORMAL:   2.6   DPTR FM NORMAL:    0.81    2 = FOG REDUCING VISIBILITY
HIGHEST:    88 ON  9, 2 GRTST 24HR  1.54 ON 14-14      TO 1/4 MILE OR LESS
LOWEST:     35 ON  5                               3 = THUNDER
                        SNOW, ICE PELLETS, HAIL    4 = ICE PELLETS
                        TOTAL MONTH:   0.0 INCH    5 = HAIL
                        GRTST 24HR     0.0         6 = FREEZING RAIN OR DRIZZLE
                        GRTST DEPTH:  M  ON   M    7 = DUSTSTORM OR SANDSTORM:
                                                       VSBY 1/2 MILE OR LESS
                                                   8 = SMOKE OR HAZE
[NO. OF DAYS WITH]      [WEATHER - DAYS WITH]      9 = BLOWING SNOW
                                                   X = TORNADO
MAX 32 OR BELOW:   0    0.01 INCH OR MORE:   7
MAX 90 OR ABOVE:   0    0.10 INCH OR MORE:   5
MIN 32 OR BELOW:   0    0.50 INCH OR MORE:   3
MIN  0 OR BELOW:   0    1.00 INCH OR MORE:   1

[HDD (BASE 65) ]
TOTAL THIS MO.    58    CLEAR  (SCALE 0-3)  10
DPTR FM NORMAL   -17    PTCLDY (SCALE 4-7)  10
TOTAL FM JUL 1    58    CLOUDY (SCALE 8-10)  0
DPTR FM NORMAL   -31

[CDD (BASE 65) ]
TOTAL THIS MO.    78
DPTR FM NORMAL    42    [PRESSURE DATA]
TOTAL FM JAN 1  1749    HIGHEST SLP M ON M
DPTR FM NORMAL   123    LOWEST  SLP 29.73 ON 14

[REMARKS]
