000
CXUS52 KFFC 191110
CF6RMG
PRELIMINARY LOCAL CLIMATOLOGICAL DATA (WS FORM: F-6)

                                          STATION:   ROME
                                          MONTH:     JANUARY
                                          YEAR:      2018
                                          LATITUDE:   34 20 N
                                          LONGITUDE:  85 10 W

  TEMPERATURE IN F:       :PCPN:    SNOW:  WIND      :SUNSHINE: SKY     :PK WND
================================================================================
1   2   3   4   5  6A  6B    7    8   9   10  11  12  13   14  15   16   17  18
                                     12Z  AVG MX 2MIN
DY MAX MIN AVG DEP HDD CDD  WTR  SNW DPTH SPD SPD DIR MIN PSBL S-S WX    SPD DR
================================================================================

 1  29  16  23 -18  42   0 0.00  0.0    0 13.7 22  10   M    M   0        27  10
 2  34  13  24 -17  41   0 0.00  0.0    0  4.9 17  10   M    M   0        25  60
 3  40  22  31 -10  34   0 0.00  0.0    0  3.2 10 290   M    M   3        19 210
 4  32  19  26 -15  39   0 0.00  0.0    0  9.2 18 320   M    M   0        25 320
 5  39  13  26 -15  39   0 0.00  0.0    0  3.0 14 320   M    M   0        20 270
 6  37  14  26 -15  39   0 0.00  0.0    0  4.2 13 360   M    M   0        22 330
 7  40  14  27 -14  38   0 0.00  0.0    0  5.8 15 150   M    M   0        21 130
 8  41  33  37  -4  28   0 0.31  0.0    0  3.8 13 150   M    M  10 1      20 150
 9  61  39  50   9  15   0 0.00  0.0    0  4.1  9  50   M    M   7 12     12  40
10  66  38  52  11  13   0 0.00  0.0    0  6.1 18 110   M    M   9 12     25 100
11  63  53  58  17   7   0 0.01  0.0    0  5.8 18 130   M    M  10 1      26 130
12  62  28  45   4  20   0 0.33  0.0    0 10.3 22 270   M    M  10 1      28 300
13  34  22  28 -13  37   0 0.00  0.0    0 13.6 20 350   M    M   7        28 340
14  39  18  29 -12  36   0 0.00  0.0    0  5.0 14  10   M    M   0        19 360
15  50  20  35  -6  30   0 0.00  0.0    0  2.6 13 150   M    M   3        16 180
16  45  22  34  -7  31   0 0.05    M    0  3.7 23 350   M    M   5 18     53 340
17  28  13  21 -20  44   0 0.00    M    0 12.3 22 360   M    M   4        30 360
18  41  14  28 -13  37   0 0.00  0.0    M  5.2 14  10   M    M   0        17  10
================================================================================
SM  781  411       570   0  0.70     0.0 116.5          M       68
================================================================================
AV 43.4 22.8                               6.5 FASTST   M    M   4    MAX(MPH)
                                 MISC ---->  # 23 350               # 53  340
================================================================================
NOTES:
# LAST OF SEVERAL OCCURRENCES

COLUMN 17 PEAK WIND IN M.P.H.

PRELIMINARY LOCAL CLIMATOLOGICAL DATA (WS FORM: F-6) , PAGE 2

                                          STATION:  ROME
                                          MONTH:    JANUARY
                                          YEAR:     2018
                                          LATITUDE:   34 20 N
                                          LONGITUDE:  85 10 W

[TEMPERATURE DATA]      [PRECIPITATION DATA]       SYMBOLS USED IN COLUMN 16

AVERAGE MONTHLY: 33.1   TOTAL FOR MONTH:   0.70    1 = FOG OR MIST
DPTR FM NORMAL:  -7.9   DPTR FM NORMAL:   -1.72    2 = FOG REDUCING VISIBILITY
HIGHEST:    66 ON 10    GRTST 24HR  0.33 ON 12-12      TO 1/4 MILE OR LESS
LOWEST:     13 ON 17, 5                            3 = THUNDER
                        SNOW, ICE PELLETS, HAIL    4 = ICE PELLETS
                        TOTAL MONTH:   0.0 INCH    5 = HAIL
                        GRTST 24HR     0.0         6 = FREEZING RAIN OR DRIZZLE
                        GRTST DEPTH:   0           7 = DUSTSTORM OR SANDSTORM:
                                                       VSBY 1/2 MILE OR LESS
                                                   8 = SMOKE OR HAZE
[NO. OF DAYS WITH]      [WEATHER - DAYS WITH]      9 = BLOWING SNOW
                                                   X = TORNADO
MAX 32 OR BELOW:   3    0.01 INCH OR MORE:   4
MAX 90 OR ABOVE:   0    0.10 INCH OR MORE:   2
MIN 32 OR BELOW:  14    0.50 INCH OR MORE:   0
MIN  0 OR BELOW:   0    1.00 INCH OR MORE:   0

[HDD (BASE 65) ]
TOTAL THIS MO.   570    CLEAR  (SCALE 0-3)  10
DPTR FM NORMAL   138    PTCLDY (SCALE 4-7)   4
TOTAL FM JUL 1  1735    CLOUDY (SCALE 8-10)  4
DPTR FM NORMAL     3

[CDD (BASE 65) ]
TOTAL THIS MO.     0
DPTR FM NORMAL     0    [PRESSURE DATA]
TOTAL FM JAN 1     0    HIGHEST SLP M ON M
DPTR FM NORMAL     0    LOWEST  SLP 29.61 ON 12

[REMARKS]
