000
CXUS52 KFFC 241110
CF6RMG
PRELIMINARY LOCAL CLIMATOLOGICAL DATA (WS FORM: F-6)

                                          STATION:   ROME
                                          MONTH:     MARCH
                                          YEAR:      2017
                                          LATITUDE:   34 20 N
                                          LONGITUDE:  85 10 W

  TEMPERATURE IN F:       :PCPN:    SNOW:  WIND      :SUNSHINE: SKY     :PK WND
================================================================================
1   2   3   4   5  6A  6B    7    8   9   10  11  12  13   14  15   16   17  18
                                     12Z  AVG MX 2MIN
DY MAX MIN AVG DEP HDD CDD  WTR  SNW DPTH SPD SPD DIR MIN PSBL S-S WX    SPD DR
================================================================================

 1  79  54  67  19   0   2 0.17  0.0    0  7.5 28 300   M    M   7 13     36 310
 2  59  37  48   0  17   0 0.00  0.0    0  9.1 21 360   M    M   0        27 360
 3  58  29  44  -4  21   0 0.00  0.0    0  5.8 18 350   M    M   0        25 330
 4  65  28  47  -2  18   0 0.00  0.0    0  2.1  8  60   M    M   0 8      12 190
 5  70  32  51   2  14   0 0.00  0.0    0  2.4 13 170   M    M   2        19 180
 6  74  51  63  14   2   0    T  0.0    0  8.0 22 180   M    M   7        31 160
 7  64  56  60  10   5   0 0.85  0.0    0  6.9 21 290   M    M   7 13     25 280
 8  69  41  55   5  10   0 0.01    M    0  5.2 15 310   M    M   1 18     20 330
 9  75  34  55   5  10   0 0.00  0.0    0  2.3 12 230   M    M   0        18 250
10  68  45  57   7   8   0 0.65    M    0  9.0 30 340   M    M   3 13     42 330
11  50  37  44  -7  21   0    T    M    0  8.3 16 350   M    M   6 1      25  70
12  53  35  44  -7  21   0 0.14    M    0  6.2 14  50   M    M   6 1      18  30
13  46  36  41 -10  24   0 0.43    M    0  5.3 17 120   M    M   9 18     22 120
14  45  32  39 -13  26   0 0.00  0.0    0  9.0 20 310   M    M   9        26 320
15  44  27  36 -16  29   0 0.00  0.0    0  8.1 21  10   M    M   0        25  10
16  55  22  39 -13  26   0 0.00  0.0    0  3.1 14  20   M    M   0        19  10
17  68  32  50  -2  15   0 0.00  0.0    0  3.4 18 160   M    M   8        21 160
18  73  51  62   9   3   0 0.42  0.0    0  8.4 23 300   M    M   6 13     30 300
19  64  41  53   0  12   0 0.00  0.0    0  8.1 21  10   M    M   0        25  10
20  77  37  57   4   8   0 0.00  0.0    0  2.1 15 170   M    M   2        18 180
21  86  54  70  16   0   5 0.22  0.0    0  6.0 33 330   M    M   1 13     48 320
22  65  43  54   0  11   0 0.00  0.0    0  7.7 18  10   M    M   0 1      23  10
23  68  40  54   0  11   0 0.00  0.0    0  7.5 16 140   M    M   4        24 140
================================================================================
SM 1475  894       312   7  2.89     0.0 141.5          M       78
================================================================================
AV 64.1 38.9                               6.2 FASTST   M    M   3    MAX(MPH)
                                 MISC ---->  # 33 330               # 48  320
================================================================================
NOTES:
# LAST OF SEVERAL OCCURRENCES

COLUMN 17 PEAK WIND IN M.P.H.

PRELIMINARY LOCAL CLIMATOLOGICAL DATA (WS FORM: F-6) , PAGE 2

                                          STATION:  ROME
                                          MONTH:    MARCH
                                          YEAR:     2017
                                          LATITUDE:   34 20 N
                                          LONGITUDE:  85 10 W

[TEMPERATURE DATA]      [PRECIPITATION DATA]       SYMBOLS USED IN COLUMN 16

AVERAGE MONTHLY: 51.5   TOTAL FOR MONTH:   2.89    1 = FOG OR MIST
DPTR FM NORMAL:   0.5   DPTR FM NORMAL:   -0.91    2 = FOG REDUCING VISIBILITY
HIGHEST:    86 ON 21    GRTST 24HR  0.85 ON  7- 7      TO 1/4 MILE OR LESS
LOWEST:     22 ON 16                               3 = THUNDER
                        SNOW, ICE PELLETS, HAIL    4 = ICE PELLETS
                        TOTAL MONTH:   0.0 INCH    5 = HAIL
                        GRTST 24HR     0.0         6 = FREEZING RAIN OR DRIZZLE
                        GRTST DEPTH:   0           7 = DUSTSTORM OR SANDSTORM:
                                                       VSBY 1/2 MILE OR LESS
                                                   8 = SMOKE OR HAZE
[NO. OF DAYS WITH]      [WEATHER - DAYS WITH]      9 = BLOWING SNOW
                                                   X = TORNADO
MAX 32 OR BELOW:   0    0.01 INCH OR MORE:   8
MAX 90 OR ABOVE:   0    0.10 INCH OR MORE:   7
MIN 32 OR BELOW:   7    0.50 INCH OR MORE:   2
MIN  0 OR BELOW:   0    1.00 INCH OR MORE:   0

[HDD (BASE 65) ]
TOTAL THIS MO.   312    CLEAR  (SCALE 0-3)  12
DPTR FM NORMAL   -13    PTCLDY (SCALE 4-7)   9
TOTAL FM JUL 1  2021    CLOUDY (SCALE 8-10)  2
DPTR FM NORMAL  -926

[CDD (BASE 65) ]
TOTAL THIS MO.     7
DPTR FM NORMAL     7    [PRESSURE DATA]
TOTAL FM JAN 1     7    HIGHEST SLP M ON M
DPTR FM NORMAL     7    LOWEST  SLP 29.79 ON 14

[REMARKS]
