000
CXUS56 KSGX 271445
CF6RNM
PRELIMINARY LOCAL CLIMATOLOGICAL DATA (WS FORM: F-6)

                                          STATION:   RAMONA AIRPORT CA
                                          MONTH:     FEBRUARY
                                          YEAR:      2015
                                          LATITUDE:   33  2 N
                                          LONGITUDE: 116 55 W

  TEMPERATURE IN F:       :PCPN:    SNOW:  WIND      :SUNSHINE: SKY     :PK WND
================================================================================
1   2   3   4   5  6A  6B    7    8   9   10  11  12  13   14  15   16   17  18
                                     12Z  AVG MX 2MIN
DY MAX MIN AVG DEP HDD CDD  WTR  SNW DPTH SPD SPD DIR MIN PSBL S-S WX    SPD DR
================================================================================

 1  73  36  55   5  10   0 0.00  0.0    0  4.3 15 300   M    M   0 1      18 310
 2  75  35  55   5  10   0 0.00  0.0    0  2.9 12 320   M    M   0        14 310
 3  79  34  57   7   8   0 0.00  0.0    0  2.8 13 310   M    M   0        14 310
 4  78  35  57   7   8   0 0.00  0.0    0  2.9 13 310   M    M   0 1      17 310
 5  83  35  59   9   6   0 0.00  0.0    0  2.7 14 270   M    M   0 18     16 280
 6  80  36  58   8   7   0 0.00  0.0    0  3.3 15 270   M    M   0 1      18 270
 7  74  32  53   3  12   0 0.00  0.0    0  3.7 17 300   M    M   1        22 310
 8  77  42  60  10   5   0 0.00  0.0    0  3.6 16 270   M    M   1 12     20 270
 9  74  40  57   7   8   0 0.00  0.0    0  4.4 16 270   M    M   2 12     20 270
10  78  33  56   5   9   0 0.00  0.0    0  3.1 13 290   M    M   0 1      14 290
11  82  45  64  13   1   0 0.00  0.0    0 11.4 23  70   M    M   0        30  70
12  78  55  67  16   0   2 0.00  0.0    0 16.3 31  90   M    M   0        41  90
13  82  48  65  14   0   0 0.00  0.0    0 11.1 25  90   M    M   0        33  80
14  83  43  63  12   2   0 0.00  0.0    0  4.3 18 260   M    M   0        22 260
15  80  39  60   9   5   0 0.00  0.0    0  3.9 15 260   M    M   0        18 300
16  76  36  56   5   9   0 0.00  0.0    0  3.8 15 290   M    M   1 12     19 280
17  72  42  57   6   8   0 0.00  0.0    0  3.7 12 310   M    M   4 128    19 280
18  76  34  55   4  10   0 0.00  0.0    0  2.9 15 310   M    M   2 12     18 310
19  74  36  55   4  10   0 0.00  0.0    0  3.6 14 310   M    M   1 12     18 290
20  70  44  57   6   8   0 0.00  0.0    0  2.7 14 260   M    M   4 128    16 270
21  66  49  58   7   7   0 0.00  0.0    0  5.6 16 270   M    M   7 18     19 270
22  59  52  56   5   9   0 0.26  0.0    0  8.9 22 240   M    M  10 1      27 220
23  59  38  49  -3  16   0 0.44    M    0  6.5 22 260   M    M   4 1      31 330
24  65  32  49  -3  16   0 0.00  0.0    0  4.5 16 300   M    M   0 1      20 300
25  71  33  52   0  13   0 0.00  0.0    0  3.5 13 270   M    M   0        17 270
26  68  34  51  -1  14   0 0.00  0.0    0  3.5 15 270   M    M   0 1      17 280
================================================================================
SM 1932 1018       211   2  0.70     0.0 129.9          M       37
================================================================================
AV 74.3 39.2                               5.0 FASTST   M    M   1    MAX(MPH)
                                 MISC ---->  # 31  90               # 41   90
================================================================================
NOTES:
# LAST OF SEVERAL OCCURRENCES

COLUMN 17 PEAK WIND IN M.P.H.

PRELIMINARY LOCAL CLIMATOLOGICAL DATA (WS FORM: F-6) , PAGE 2

                                          STATION:  RAMONA AIRPORT CA
                                          MONTH:    FEBRUARY
                                          YEAR:     2015
                                          LATITUDE:   33  2 N
                                          LONGITUDE: 116 55 W

[TEMPERATURE DATA]      [PRECIPITATION DATA]       SYMBOLS USED IN COLUMN 16

AVERAGE MONTHLY: 56.7   TOTAL FOR MONTH:   0.70    1 = FOG OR MIST
DPTR FM NORMAL:   5.9   DPTR FM NORMAL:   -2.19    2 = FOG REDUCING VISIBILITY
HIGHEST:    83 ON 14, 5 GRTST 24HR  0.70 ON 22-23      TO 1/4 MILE OR LESS
LOWEST:     32 ON 24, 7                            3 = THUNDER
                        SNOW, ICE PELLETS, HAIL    4 = ICE PELLETS
                        TOTAL MONTH:   0.0 INCH    5 = HAIL
                        GRTST 24HR     0.0         6 = FREEZING RAIN OR DRIZZLE
                        GRTST DEPTH:   0           7 = DUSTSTORM OR SANDSTORM:
                                                       VSBY 1/2 MILE OR LESS
                                                   8 = SMOKE OR HAZE
[NO. OF DAYS WITH]      [WEATHER - DAYS WITH]      9 = BLOWING SNOW
                                                   X = TORNADO
MAX 32 OR BELOW:   0    0.01 INCH OR MORE:   2
MAX 90 OR ABOVE:   0    0.10 INCH OR MORE:   2
MIN 32 OR BELOW:   2    0.50 INCH OR MORE:   0
MIN  0 OR BELOW:   0    1.00 INCH OR MORE:   0

[HDD (BASE 65) ]
TOTAL THIS MO.   211    CLEAR  (SCALE 0-3)  21
DPTR FM NORMAL  -157    PTCLDY (SCALE 4-7)   4
TOTAL FM JUL 1  1159    CLOUDY (SCALE 8-10)  1
DPTR FM NORMAL  -556

[CDD (BASE 65) ]
TOTAL THIS MO.     2
DPTR FM NORMAL     2    [PRESSURE DATA]
TOTAL FM JAN 1     2    HIGHEST SLP M ON M
DPTR FM NORMAL     1    LOWEST  SLP 29.82 ON 26

[REMARKS]
