000
CXUS56 KSGX 161445
CF6RNM
PRELIMINARY LOCAL CLIMATOLOGICAL DATA (WS FORM: F-6)

                                          STATION:   RAMONA AIRPORT CA
                                          MONTH:     APRIL
                                          YEAR:      2014
                                          LATITUDE:   33  2 N
                                          LONGITUDE: 116 55 W

  TEMPERATURE IN F:       :PCPN:    SNOW:  WIND      :SUNSHINE: SKY     :PK WND
================================================================================
1   2   3   4   5  6A  6B    7    8   9   10  11  12  13   14  15   16   17  18
                                     12Z  AVG MX 2MIN
DY MAX MIN AVG DEP HDD CDD  WTR  SNW DPTH SPD SPD DIR MIN PSBL S-S WX    SPD DR
================================================================================

 1  59  45  52  -2  13   0 0.34  0.0    0  8.7 20 270   M    M   7 1      24 290
 2  58  36  47  -7  18   0 0.12  0.0    0  8.6 23 280   M    M   5 1      30 300
 3  66  31  49  -5  16   0 0.00  0.0    0  5.1 16 260   M    M   0 1      19 250
 4  59  33  46  -8  19   0 0.00  0.0    0  4.0 15 270   M    M   1 1      18 280
 5  62  37  50  -4  15   0 0.00  0.0    0  4.2 17 280   M    M   5 1      25 270
 6  78  36  57   3   8   0 0.00  0.0    0  5.3 17 280   M    M   0 1      24 240
 7  85  37  61   7   4   0 0.00  0.0    0  4.5 18 300   M    M   0        22 270
 8  91  43  67  12   0   2 0.00  0.0    0  4.0 16 270   M    M   0        27 270
 9  90  42  66  11   0   1 0.00  0.0    0  2.8 14 270   M    M   0        16 260
10  87  38  63   8   2   0 0.00  0.0    0  3.3 12 270   M    M   0        14 280
11  83  45  64   9   1   0 0.00  0.0    0  6.4 16 270   M    M   1 1      19 280
12  66  48  57   2   8   0 0.00  0.0    0  6.6 17 280   M    M   5 1      23 280
13  67  50  59   4   6   0 0.00  0.0    0  6.6 16 280   M    M   7        21 280
14  86  40  63   7   2   0 0.00  0.0    0  7.1 26  80   M    M   1 1      36  70
15  80  42  61   5   4   0 0.00  0.0    0  5.5 16 260   M    M   0        23 270
================================================================================
SM 1117  603       116   3  0.46     0.0  82.7          M       32
================================================================================
AV 74.5 40.2                               5.5 FASTST   M    M   2    MAX(MPH)
                                 MISC ---->  # 26  80               # 36   70
================================================================================
NOTES:
# LAST OF SEVERAL OCCURRENCES

COLUMN 17 PEAK WIND IN M.P.H.

PRELIMINARY LOCAL CLIMATOLOGICAL DATA (WS FORM: F-6) , PAGE 2

                                          STATION:  RAMONA AIRPORT CA
                                          MONTH:    APRIL
                                          YEAR:     2014
                                          LATITUDE:   33  2 N
                                          LONGITUDE: 116 55 W

[TEMPERATURE DATA]      [PRECIPITATION DATA]       SYMBOLS USED IN COLUMN 16

AVERAGE MONTHLY: 57.3   TOTAL FOR MONTH:   0.46    1 = FOG OR MIST
DPTR FM NORMAL:   2.7   DPTR FM NORMAL:   -0.20    2 = FOG REDUCING VISIBILITY
HIGHEST:    91 ON  8    GRTST 24HR  0.45 ON  1- 2      TO 1/4 MILE OR LESS
LOWEST:     31 ON  3                               3 = THUNDER
                        SNOW, ICE PELLETS, HAIL    4 = ICE PELLETS
                        TOTAL MONTH:   0.0 INCH    5 = HAIL
                        GRTST 24HR     0.0         6 = FREEZING RAIN OR DRIZZLE
                        GRTST DEPTH:   0           7 = DUSTSTORM OR SANDSTORM:
                                                       VSBY 1/2 MILE OR LESS
                                                   8 = SMOKE OR HAZE
[NO. OF DAYS WITH]      [WEATHER - DAYS WITH]      9 = BLOWING SNOW
                                                   X = TORNADO
MAX 32 OR BELOW:   0    0.01 INCH OR MORE:   2
MAX 90 OR ABOVE:   2    0.10 INCH OR MORE:   2
MIN 32 OR BELOW:   1    0.50 INCH OR MORE:   0
MIN  0 OR BELOW:   0    1.00 INCH OR MORE:   0

[HDD (BASE 65) ]
TOTAL THIS MO.   116    CLEAR  (SCALE 0-3)  10
DPTR FM NORMAL   -40    PTCLDY (SCALE 4-7)   5
TOTAL FM JUL 1  1783    CLOUDY (SCALE 8-10)  0
DPTR FM NORMAL  -489

[CDD (BASE 65) ]
TOTAL THIS MO.     3
DPTR FM NORMAL     3    [PRESSURE DATA]
TOTAL FM JAN 1     3    HIGHEST SLP M ON M
DPTR FM NORMAL     2    LOWEST  SLP 29.82 ON 15

[REMARKS]
