000
CXUS56 KSGX 311445
CF6RNM
PRELIMINARY LOCAL CLIMATOLOGICAL DATA (WS FORM: F-6)

                                          STATION:   RAMONA AIRPORT CA
                                          MONTH:     JULY
                                          YEAR:      2015
                                          LATITUDE:   33  2 N
                                          LONGITUDE: 116 55 W

  TEMPERATURE IN F:       :PCPN:    SNOW:  WIND      :SUNSHINE: SKY     :PK WND
================================================================================
1   2   3   4   5  6A  6B    7    8   9   10  11  12  13   14  15   16   17  18
                                     12Z  AVG MX 2MIN
DY MAX MIN AVG DEP HDD CDD  WTR  SNW DPTH SPD SPD DIR MIN PSBL S-S WX    SPD DR
================================================================================

 1  88  67  78   8   0  13    T  0.0    0  5.1 13 270   M    M   4 1      17 270
 2  91  61  76   6   0  11 0.00  0.0    0  5.2 17 260   M    M   3 128    20 260
 3  89  55  72   2   0   7 0.00  0.0    0  6.6 16 280   M    M   2 12     23 270
 4  84  60  72   1   0   7 0.00  0.0    0  6.0 15 270   M    M   4 18     21 300
 5  79  61  70  -1   0   5 0.00  0.0    0  6.1 14 260   M    M   7        19 300
 6  80  60  70  -1   0   5 0.00  0.0    0  5.6 15 260   M    M   7 18     19 270
 7  83  61  72   1   0   7 0.00  0.0    0  5.8 16 270   M    M   6        22 280
 8  80  61  71   0   0   6 0.00  0.0    0  5.8 16 230   M    M   6        25 240
 9  76  56  66  -6   0   1    T  0.0    0  6.7 17 280   M    M   7 1      26 270
10  76  53  65  -7   0   0 0.00  0.0    0  4.9 16 270   M    M   5        21 270
11  81  48  65  -7   0   0 0.00  0.0    0  5.2 16 270   M    M   1        31 260
12  86  52  69  -3   0   4 0.00  0.0    0  5.3 15 270   M    M   1 18     19 270
13  88  51  70  -2   0   5 0.00  0.0    0  5.1 15 260   M    M   0        20 270
14  85  50  68  -4   0   3 0.00  0.0    0  6.0 16 270   M    M   1 1      19 270
15  85  57  71  -1   0   6 0.00  0.0    0  4.5 14 270   M    M   3 18     19 280
16  87  54  71  -1   0   6 0.00  0.0    0  4.6 15 270   M    M   3 12     22 270
17  93  55  74   2   0   9 0.00  0.0    0  5.5 16 270   M    M   1 12     20 290
18  75  61  68  -4   0   3 1.25  0.0    0  2.3 17 220   M    M   5 13     22 210
19  87  66  77   4   0  12 1.13  0.0    0  5.2 20 220   M    M   5 13     26 240
20  83  69  76   3   0  11    T  0.0    0  6.0 15 280   M    M   7 1      18 280
21  82  66  74   1   0   9 0.00  0.0    0  6.3 15 260   M    M   9 12     20 270
22  82  64  73   0   0   8 0.00  0.0    0  6.4 15 270   M    M   5        32 210
23  86  63  75   2   0  10 0.00  0.0    0  4.9 15 270   M    M   3        20 270
24  91  56  74   1   0   9 0.00  0.0    0  4.5 14 280   M    M   1 12     18 300
25  92  58  75   2   0  10 0.00  0.0    0  4.6 15 270   M    M   0        20 270
26  86  57  72  -1   0   7 0.00  0.0    0  5.1 16 290   M    M   0 12     22 270
27  85  55  70  -3   0   5 0.00  0.0    0  5.6 17 270   M    M   2 12     22 280
28  88  54  71  -2   0   6 0.00  0.0    0  5.1 13 270   M    M   0        17 290
29  89  61  75   2   0  10 0.00  0.0    0  6.3 14 270   M    M   2 18     19 280
30  91  65  78   5   0  13    T  0.0    0  6.4 15 300   M    M   2        19 290
================================================================================
SM 2548 1757         0 208  2.38     0.0 162.7          M      102
================================================================================
AV 84.9 58.6                               5.4 FASTST   M    M   3    MAX(MPH)
                                 MISC ---->  # 20 220               # 32  210
================================================================================
NOTES:
# LAST OF SEVERAL OCCURRENCES

COLUMN 17 PEAK WIND IN M.P.H.

PRELIMINARY LOCAL CLIMATOLOGICAL DATA (WS FORM: F-6) , PAGE 2

                                          STATION:  RAMONA AIRPORT CA
                                          MONTH:    JULY
                                          YEAR:     2015
                                          LATITUDE:   33  2 N
                                          LONGITUDE: 116 55 W

[TEMPERATURE DATA]      [PRECIPITATION DATA]       SYMBOLS USED IN COLUMN 16

AVERAGE MONTHLY: 71.8   TOTAL FOR MONTH:   2.38    1 = FOG OR MIST
DPTR FM NORMAL:  -0.3   DPTR FM NORMAL:    2.26    2 = FOG REDUCING VISIBILITY
HIGHEST:    93 ON 17    GRTST 24HR  1.25 ON 18-18      TO 1/4 MILE OR LESS
LOWEST:     48 ON 11                               3 = THUNDER
                        SNOW, ICE PELLETS, HAIL    4 = ICE PELLETS
                        TOTAL MONTH:   0.0 INCH    5 = HAIL
                        GRTST 24HR     0.0         6 = FREEZING RAIN OR DRIZZLE
                        GRTST DEPTH:   0           7 = DUSTSTORM OR SANDSTORM:
                                                       VSBY 1/2 MILE OR LESS
                                                   8 = SMOKE OR HAZE
[NO. OF DAYS WITH]      [WEATHER - DAYS WITH]      9 = BLOWING SNOW
                                                   X = TORNADO
MAX 32 OR BELOW:   0    0.01 INCH OR MORE:   2
MAX 90 OR ABOVE:   5    0.10 INCH OR MORE:   2
MIN 32 OR BELOW:   0    0.50 INCH OR MORE:   2
MIN  0 OR BELOW:   0    1.00 INCH OR MORE:   2

[HDD (BASE 65) ]
TOTAL THIS MO.     0    CLEAR  (SCALE 0-3)  14
DPTR FM NORMAL     0    PTCLDY (SCALE 4-7)  15
TOTAL FM JUL 1     0    CLOUDY (SCALE 8-10)  1
DPTR FM NORMAL     0

[CDD (BASE 65) ]
TOTAL THIS MO.   208
DPTR FM NORMAL    -5    [PRESSURE DATA]
TOTAL FM JAN 1   435    HIGHEST SLP M ON M
DPTR FM NORMAL   109    LOWEST  SLP 29.79 ON 17

[REMARKS]
