000
CXUS56 KSGX 171445
CF6RNM

PRELIMINARY LOCAL CLIMATOLOGICAL DATA (WS FORM: F-6)

                                          STATION:   RAMONA AIRPORT CA
                                          MONTH:     DECEMBER
                                          YEAR:      2014
                                          LATITUDE:   33  2 N
                                          LONGITUDE: 116 55 W

  TEMPERATURE IN F:       :PCPN:    SNOW:  WIND      :SUNSHINE: SKY     :PK WND
================================================================================
1   2   3   4   5  6A  6B    7    8   9   10  11  12  13   14  15   16   17  18
                                     12Z  AVG MX 2MIN
DY MAX MIN AVG DEP HDD CDD  WTR  SNW DPTH SPD SPD DIR MIN PSBL S-S WX    SPD DR
================================================================================

 1  70  41  56   5   9   0 0.00  0.0    0  2.4 12 310   M    M   1 12     14 300
 2  67  52  60   9   5   0 0.62  0.0    0  4.6 17 170   M    M   9 1      22 160
 3  64  58  61  11   4   0 0.36  0.0    0  4.3 10 180   M    M  10 1      13 180
 4  67  48  58   8   7   0 0.32    M    0  5.2 13 300   M    M   8 12     17 190
 5  67  47  57   7   8   0 0.00  0.0    0  3.3  9 320   M    M   2 1      11 320
 6  69  47  58   8   7   0 0.00  0.0    0  3.4 13 270   M    M   4 128    17 280
 7  79  43  61  11   4   0 0.00  0.0    0  2.9 17 270   M    M   1 12     34 180
 8  73  44  59   9   6   0 0.00  0.0    0  2.6 10 270   M    M   0        12 280
 9  75  40  58   8   7   0 0.00  0.0    0  3.3 13 300   M    M   0 1      26 240
10  70  40  55   5  10   0 0.00  0.0    0  3.5 12 320   M    M   1 12     17 280
11  68  46  57   8   8   0 0.00  0.0    0  3.9 10 200   M    M   7 128    14 170
12  58  47  53   4  12   0 0.81    M    0  6.3 32 260   M    M   9 12     41 230
13  59  39  49   0  16   0 0.15    M    0  3.2 15 260   M    M   3 12     18 280
14  63  34  49   0  16   0 0.00  0.0    0  2.0 10 280   M    M   0 1      14 330
15  62  36  49   0  16   0 0.00  0.0    0  2.6 13 270   M    M   1 1      15 330
16  58  40  49   0  16   0 0.41    M    0  2.6 13 200   M    M   6 12     15 200
================================================================================
SM 1069  702       151   0  2.67     0.0  56.1          M       62
================================================================================
AV 66.8 43.9                               3.5 FASTST   M    M   4    MAX(MPH)
                                 MISC ---->  # 32 260               # 41  230
================================================================================
NOTES:
# LAST OF SEVERAL OCCURRENCES

COLUMN 17 PEAK WIND IN M.P.H.

PRELIMINARY LOCAL CLIMATOLOGICAL DATA (WS FORM: F-6) , PAGE 2

                                          STATION:  RAMONA AIRPORT CA
                                          MONTH:    DECEMBER
                                          YEAR:     2014
                                          LATITUDE:   33  2 N
                                          LONGITUDE: 116 55 W

[TEMPERATURE DATA]      [PRECIPITATION DATA]       SYMBOLS USED IN COLUMN 16

AVERAGE MONTHLY: 55.3   TOTAL FOR MONTH:   2.67    1 = FOG OR MIST
DPTR FM NORMAL:   5.6   DPTR FM NORMAL:    1.81    2 = FOG REDUCING VISIBILITY
HIGHEST:    79 ON  7    GRTST 24HR  0.96 ON 12-13      TO 1/4 MILE OR LESS
LOWEST:     34 ON 14                               3 = THUNDER
                        SNOW, ICE PELLETS, HAIL    4 = ICE PELLETS
                        TOTAL MONTH:   0.0 INCH    5 = HAIL
                        GRTST 24HR     0.0         6 = FREEZING RAIN OR DRIZZLE
                        GRTST DEPTH:   0           7 = DUSTSTORM OR SANDSTORM:
                                                       VSBY 1/2 MILE OR LESS
                                                   8 = SMOKE OR HAZE
[NO. OF DAYS WITH]      [WEATHER - DAYS WITH]      9 = BLOWING SNOW
                                                   X = TORNADO
MAX 32 OR BELOW:   0    0.01 INCH OR MORE:   6
MAX 90 OR ABOVE:   0    0.10 INCH OR MORE:   6
MIN 32 OR BELOW:   0    0.50 INCH OR MORE:   2
MIN  0 OR BELOW:   0    1.00 INCH OR MORE:   0

[HDD (BASE 65) ]
TOTAL THIS MO.   151    CLEAR  (SCALE 0-3)   8
DPTR FM NORMAL   -92    PTCLDY (SCALE 4-7)   5
TOTAL FM JUL 1   351    CLOUDY (SCALE 8-10)  3
DPTR FM NORMAL  -303

[CDD (BASE 65) ]
TOTAL THIS MO.     0
DPTR FM NORMAL     0    [PRESSURE DATA]
TOTAL FM JAN 1  1119    HIGHEST SLP M ON M
DPTR FM NORMAL   269    LOWEST  SLP 29.89 ON 12

[REMARKS]
