000
CXUS55 KREV 170903
CF6RNO
PRELIMINARY LOCAL CLIMATOLOGICAL DATA (WS FORM: F-6)

                                          STATION:   RENO-TAHOE INTL AIRPORT NV
                                          MONTH:     NOVEMBER
                                          YEAR:      2017
                                          LATITUDE:   39 30 N
                                          LONGITUDE: 119 47 W

  TEMPERATURE IN F:       :PCPN:    SNOW:  WIND      :SUNSHINE: SKY     :PK WND
================================================================================
1   2   3   4   5  6A  6B    7    8   9   10  11  12  13   14  15   16   17  18
                                     12Z  AVG MX 2MIN
DY MAX MIN AVG DEP HDD CDD  WTR  SNW DPTH SPD SPD DIR MIN PSBL S-S WX    SPD DR
================================================================================

 1  74  34  54   6  11   0 0.00  0.0    0  4.4 22 300   M    M   M        29 300
 2  69  38  54   6  11   0 0.00  0.0    0  6.6 29 300   M    M   3        40 290
 3  60  47  54   7  11   0    T  0.0    0  7.2 24 200   M    M   8        31 190
 4  59  43  51   4  14   0    T  0.0    0  6.0 21 210   M    M   7        26 210
 5  57  35  46   0  19   0 0.00  0.0    0  6.9 24 290   M    M   2        34 300
 6  57  30  44  -2  21   0 0.00  0.0    0  2.9 16  40   M    M   3        19  40
 7  54  28  41  -5  24   0 0.00  0.0    0  3.6 10 200   M    M   3        14 280
 8  62  34  48   3  17   0 0.00  0.0    0 11.5 38 200   M    M   7        47 190
 9  60  50  55  10  10   0    T  0.0    0 16.5 32 170   M    M   7        45 160
10  62  42  52   7  13   0 0.00  0.0    0  6.0 25 170   M    M   7        31 170
11  60  32  46   2  19   0 0.00  0.0    0  1.7  8  70   M    M   3        12 300
12  64  28  46   2  19   0 0.00  0.0    0  2.5 14  40   M    M   3        17  40
13  62  35  49   5  16   0 0.00  0.0    0 10.8 32 170   M    M   6        43 170
14  63  40  52   9  13   0 0.00  0.0    0  5.3 25 300   M    M   4        30 300
15  65  36  51   8  14   0 0.15  0.0    0 10.5 28  40   M    M   M        36  40
16  52  43  48   6  17   0 0.81  0.0    0  8.1 26 180   M    M  10 1      38 170
================================================================================
SM  980  595       249   0  0.96     0.0 110.5          M       73
================================================================================
AV 61.3 37.2                               6.9 FASTST   M    M   5    MAX(MPH)
                                 MISC ---->  # 38 200               # 47  190
================================================================================
NOTES:
# LAST OF SEVERAL OCCURRENCES

COLUMN 17 PEAK WIND IN M.P.H.

PRELIMINARY LOCAL CLIMATOLOGICAL DATA (WS FORM: F-6) , PAGE 2

                                          STATION:  RENO-TAHOE INTL AIRPORT NV
                                          MONTH:    NOVEMBER
                                          YEAR:     2017
                                          LATITUDE:   39 30 N
                                          LONGITUDE: 119 47 W

[TEMPERATURE DATA]      [PRECIPITATION DATA]       SYMBOLS USED IN COLUMN 16

AVERAGE MONTHLY: 49.2   TOTAL FOR MONTH:   0.96    1 = FOG OR MIST
DPTR FM NORMAL:   4.0   DPTR FM NORMAL:    0.56    2 = FOG REDUCING VISIBILITY
HIGHEST:    74 ON  1    GRTST 24HR  0.81 ON 16-16      TO 1/4 MILE OR LESS
LOWEST:     28 ON 12, 7                            3 = THUNDER
                        SNOW, ICE PELLETS, HAIL    4 = ICE PELLETS
                        TOTAL MONTH:   0.0 INCH    5 = HAIL
                        GRTST 24HR     0.0         6 = FREEZING RAIN OR DRIZZLE
                        GRTST DEPTH:   0           7 = DUSTSTORM OR SANDSTORM:
                                                       VSBY 1/2 MILE OR LESS
                                                   8 = SMOKE OR HAZE
[NO. OF DAYS WITH]      [WEATHER - DAYS WITH]      9 = BLOWING SNOW
                                                   X = TORNADO
MAX 32 OR BELOW:   0    0.01 INCH OR MORE:   2
MAX 90 OR ABOVE:   0    0.10 INCH OR MORE:   2
MIN 32 OR BELOW:   4    0.50 INCH OR MORE:   1
MIN  0 OR BELOW:   0    1.00 INCH OR MORE:   0

[HDD (BASE 65) ]
TOTAL THIS MO.   249    CLEAR  (SCALE 0-3)   5
DPTR FM NORMAL   -68    PTCLDY (SCALE 4-7)   8
TOTAL FM JUL 1   706    CLOUDY (SCALE 8-10)  1
DPTR FM NORMAL   -47

[CDD (BASE 65) ]
TOTAL THIS MO.     0
DPTR FM NORMAL     0    [PRESSURE DATA]
TOTAL FM JAN 1  1401    HIGHEST SLP M ON M
DPTR FM NORMAL   562    LOWEST  SLP 29.71 ON 16

[REMARKS]
