000
CXUS55 KREV 251759
CF6RNO
PRELIMINARY LOCAL CLIMATOLOGICAL DATA (WS FORM: F-6)

                                          STATION:   RENO-TAHOE INTL AIRPORT NV
                                          MONTH:     APRIL
                                          YEAR:      2017
                                          LATITUDE:   39 30 N
                                          LONGITUDE: 119 47 W

  TEMPERATURE IN F:       :PCPN:    SNOW:  WIND      :SUNSHINE: SKY     :PK WND
================================================================================
1   2   3   4   5  6A  6B    7    8   9   10  11  12  13   14  15   16   17  18
                                     12Z  AVG MX 2MIN
DY MAX MIN AVG DEP HDD CDD  WTR  SNW DPTH SPD SPD DIR MIN PSBL S-S WX    SPD DR
================================================================================

 1  67  33  50   2  15   0 0.00  0.0    0  4.0 14  50   M    M   M        17  40
 2  68  38  53   5  12   0 0.00  0.0    0  4.0 18  10   M    M   M        29  10
 3  62  41  52   4  13   0 0.00  0.0    0  5.8 18 360   M    M   M        21 360
 4  69  39  54   6  11   0 0.00  0.0    0  4.6 16 300   M    M   M        23 300
 5  74  46  60  12   5   0 0.00  0.0    0  8.7 28 190   M    M   M        35 190
 6  61  44  53   4  12   0 0.23  0.0    0 26.9 51 180   M    M   M 1      61 200
 7  54  41  48  -1  17   0 0.11  0.0    0 14.9 32 200   M    M   M 1      42 230
 8  47  33  40  -9  25   0 0.22    T    0 10.4 23 300   M    M   M 1      28 300
 9  56  28  42  -7  23   0 0.00  0.0    0  5.7 21 290   M    M   M        28 300
10  62  34  48  -1  17   0 0.00  0.0    0  4.3 18 260   M    M   M        24 300
11  62  44  53   3  12   0 0.00  0.0    0  8.7 22 190   M    M   M        37 180
12  65  48  57   7   8   0 0.01  0.0    0 17.5 33 190   M    M   M        47 180
13  56  37  47  -3  18   0 0.03    T    0 12.4 21 290   M    M   M 4      36 220
14  54  32  43  -7  22   0    T    T    0  7.2 17 360   M    M   M        20 310
15  62  32  47  -3  18   0 0.00  0.0    0  3.4 10 100   M    M   M        15 100
16  70  42  56   5   9   0 0.01  0.0    0 11.8 39 210   M    M   M        49 180
17  65  48  57   6   8   0    T  0.0    0  9.2 39 180   M    M   M        49 160
18  63  43  53   2  12   0 0.04  0.0    0  6.8 20 340   M    M   M 8      24 360
19  67  33  50  -2  15   0 0.00  0.0    0  8.0 24 220   M    M   M        32 220
20  61  42  52   0  13   0 0.00  0.0    0 10.9 24 300   M    M   M        31 340
21  68  36  52   0  13   0 0.00  0.0    0  4.1 14 100   M    M   M        18 100
22  75  40  58   6   7   0 0.00  0.0    0  9.1 31 200   M    M   M        36 220
23  70  41  56   3   9   0 0.00  0.0    0  9.4 28 290   M    M   M        35 300
24  58  46  52  -1  13   0 0.00  0.0    0 12.6 25 280   M    M   M        33 280
================================================================================
SM 1516  941       327   0  0.65    T    220.4          M        M
================================================================================
AV 63.2 39.2                               9.2 FASTST   M    M -nan   MAX(MPH)
                                 MISC ---->  # 51 180               # 61  200
================================================================================
NOTES:
# LAST OF SEVERAL OCCURRENCES

COLUMN 17 PEAK WIND IN M.P.H.

PRELIMINARY LOCAL CLIMATOLOGICAL DATA (WS FORM: F-6) , PAGE 2

                                          STATION:  RENO-TAHOE INTL AIRPORT NV
                                          MONTH:    APRIL
                                          YEAR:     2017
                                          LATITUDE:   39 30 N
                                          LONGITUDE: 119 47 W

[TEMPERATURE DATA]      [PRECIPITATION DATA]       SYMBOLS USED IN COLUMN 16

AVERAGE MONTHLY: 51.2   TOTAL FOR MONTH:   0.65    1 = FOG OR MIST
DPTR FM NORMAL:   1.1   DPTR FM NORMAL:    0.27    2 = FOG REDUCING VISIBILITY
HIGHEST:    75 ON 22    GRTST 24HR  0.23 ON  6- 6      TO 1/4 MILE OR LESS
LOWEST:     28 ON  9                               3 = THUNDER
                        SNOW, ICE PELLETS, HAIL    4 = ICE PELLETS
                        TOTAL MONTH:    T          5 = HAIL
                        GRTST 24HR    T  ON 14-14  6 = FREEZING RAIN OR DRIZZLE
                        GRTST DEPTH:   0           7 = DUSTSTORM OR SANDSTORM:
                                                       VSBY 1/2 MILE OR LESS
                                                   8 = SMOKE OR HAZE
[NO. OF DAYS WITH]      [WEATHER - DAYS WITH]      9 = BLOWING SNOW
                                                   X = TORNADO
MAX 32 OR BELOW:   0    0.01 INCH OR MORE:   7
MAX 90 OR ABOVE:   0    0.10 INCH OR MORE:   3
MIN 32 OR BELOW:   3    0.50 INCH OR MORE:   0
MIN  0 OR BELOW:   0    1.00 INCH OR MORE:   0

[HDD (BASE 65) ]
TOTAL THIS MO.   327    CLEAR  (SCALE 0-3)   0
DPTR FM NORMAL   -32    PTCLDY (SCALE 4-7)   0
TOTAL FM JUL 1  4201    CLOUDY (SCALE 8-10)  0
DPTR FM NORMAL  -394

[CDD (BASE 65) ]
TOTAL THIS MO.     0
DPTR FM NORMAL     0    [PRESSURE DATA]
TOTAL FM JAN 1     0    HIGHEST SLP M ON M
DPTR FM NORMAL     0    LOWEST  SLP 29.60 ON  7

[REMARKS]
#FINAL--#
