000
CXUS55 KREV 210855
CF6RNO
PRELIMINARY LOCAL CLIMATOLOGICAL DATA (WS FORM: F-6)

                                          STATION:   RENO-TAHOE INTL AIRPORT NV
                                          MONTH:     JANUARY
                                          YEAR:      2018
                                          LATITUDE:   39 30 N
                                          LONGITUDE: 119 47 W

  TEMPERATURE IN F:       :PCPN:    SNOW:  WIND      :SUNSHINE: SKY     :PK WND
================================================================================
1   2   3   4   5  6A  6B    7    8   9   10  11  12  13   14  15   16   17  18
                                     12Z  AVG MX 2MIN
DY MAX MIN AVG DEP HDD CDD  WTR  SNW DPTH SPD SPD DIR MIN PSBL S-S WX    SPD DR
================================================================================

 1  59  31  45  11  20   0 0.00  0.0    0  0.9  6 290   M    M   6        11 290
 2  52  26  39   5  26   0 0.00  0.0    0  1.5  8 150   M    M   6        14 280
 3  52  32  42   8  23   0    T  0.0    0  1.2  7  30   M    M   9        11 280
 4  61  35  48  13  17   0 0.02  0.0    0  1.0 10 340   M    M   6        14 340
 5  58  34  46  11  19   0 0.02  0.0    0  2.9 10 270   M    M   7 1      17 280
 6  56  32  44   9  21   0 0.37  0.0    0  2.9 16 300   M    M   5 1      20 300
 7  47  26  37   2  28   0 0.00  0.0    0  1.5  8 140   M    M   5         9 140
 8  47  37  42   7  23   0 0.01  0.0    0  1.7  8 170   M    M  10         9 200
 9  50  39  45  10  20   0 0.11  0.0    0  2.9 18 330   M    M   8 1      24 330
10  58  33  46  11  19   0 0.00  0.0    0  8.2 20 290   M    M   5        27 290
11  61  29  45  10  20   0 0.00  0.0    0  6.7 23 250   M    M   4        31 240
12  56  33  45  10  20   0 0.00  0.0    0  4.5 18 330   M    M   3        24  10
13  59  28  44   9  21   0 0.00  0.0    0  2.7 15  90   M    M   5        17  80
14  53  28  41   6  24   0 0.00  0.0    0  1.2  7 280   M    M   6         9 290
15  51  31  41   6  24   0 0.00  0.0    0  0.9  8 110   M    M   8        12 300
16  55  35  45  10  20   0    T    M    0  2.5 17 300   M    M   8        20 300
17  59  32  46  10  19   0 0.00  0.0    0  1.0  8 340   M    M   7        13 320
18  65  41  53  17  12   0 0.01  0.0    0 16.3 37 220   M    M   7        50 220
19  46  33  40   4  25   0    T    T    0 11.5 22 310   M    M   7        31 330
20  42  24  33  -3  32   0 0.00  0.0    0  2.7 12 320   M    M   3        16  10
================================================================================
SM 1087  639       433   0  0.54    T     74.7          M      125
================================================================================
AV 54.4 32.0                               3.7 FASTST   M    M   6    MAX(MPH)
                                 MISC ---->  # 37 220               # 50  220
================================================================================
NOTES:
# LAST OF SEVERAL OCCURRENCES

COLUMN 17 PEAK WIND IN M.P.H.

PRELIMINARY LOCAL CLIMATOLOGICAL DATA (WS FORM: F-6) , PAGE 2

                                          STATION:  RENO-TAHOE INTL AIRPORT NV
                                          MONTH:    JANUARY
                                          YEAR:     2018
                                          LATITUDE:   39 30 N
                                          LONGITUDE: 119 47 W

[TEMPERATURE DATA]      [PRECIPITATION DATA]       SYMBOLS USED IN COLUMN 16

AVERAGE MONTHLY: 43.2   TOTAL FOR MONTH:   0.54    1 = FOG OR MIST
DPTR FM NORMAL:   8.1   DPTR FM NORMAL:   -0.18    2 = FOG REDUCING VISIBILITY
HIGHEST:    65 ON 18    GRTST 24HR  0.37 ON  6- 6      TO 1/4 MILE OR LESS
LOWEST:     24 ON 20                               3 = THUNDER
                        SNOW, ICE PELLETS, HAIL    4 = ICE PELLETS
                        TOTAL MONTH:    T          5 = HAIL
                        GRTST 24HR    T  ON 19-19  6 = FREEZING RAIN OR DRIZZLE
                        GRTST DEPTH:   0           7 = DUSTSTORM OR SANDSTORM:
                                                       VSBY 1/2 MILE OR LESS
                                                   8 = SMOKE OR HAZE
[NO. OF DAYS WITH]      [WEATHER - DAYS WITH]      9 = BLOWING SNOW
                                                   X = TORNADO
MAX 32 OR BELOW:   0    0.01 INCH OR MORE:   6
MAX 90 OR ABOVE:   0    0.10 INCH OR MORE:   2
MIN 32 OR BELOW:  11    0.50 INCH OR MORE:   0
MIN  0 OR BELOW:   0    1.00 INCH OR MORE:   0

[HDD (BASE 65) ]
TOTAL THIS MO.   433    CLEAR  (SCALE 0-3)   1
DPTR FM NORMAL  -165    PTCLDY (SCALE 4-7)  16
TOTAL FM JUL 1  2251    CLOUDY (SCALE 8-10)  3
DPTR FM NORMAL  -371

[CDD (BASE 65) ]
TOTAL THIS MO.     0
DPTR FM NORMAL     0    [PRESSURE DATA]
TOTAL FM JAN 1     0    HIGHEST SLP M ON M
DPTR FM NORMAL     0    LOWEST  SLP 29.61 ON  9

[REMARKS]
