000
CXUS51 KRNK 290554
CF6ROA
PRELIMINARY LOCAL CLIMATOLOGICAL DATA (WS FORM: F-6)

                                          STATION:   ROANOKE VA
                                          MONTH:     MAY
                                          YEAR:      2016
                                          LATITUDE:   37 19 N
                                          LONGITUDE:  79 58 W

  TEMPERATURE IN F:       :PCPN:    SNOW:  WIND      :SUNSHINE: SKY     :PK WND
================================================================================
1   2   3   4   5  6A  6B    7    8   9   10  11  12  13   14  15   16   17  18
                                     12Z  AVG MX 2MIN
DY MAX MIN AVG DEP HDD CDD  WTR  SNW DPTH SPD SPD DIR MIN PSBL S-S WX    SPD DR
================================================================================

 1  78  54  66   5   0   1 1.01  0.0    0  6.8 16 130   M    M   9 13     19 130
 2  84  59  72  11   0   7 0.29  0.0    0  5.6 25 330   M    M   6 123    32 350
 3  76  58  67   6   0   2 0.02  0.0    0  5.9 21 300   M    M   6 1      25 310
 4  69  52  61  -1   4   0 0.00  0.0    0  5.3 17 240   M    M   8        24 220
 5  56  48  52 -10  13   0 0.69  0.0    0  6.6 16 290   M    M  10 1      21 290
 6  66  48  57  -5   8   0    T  0.0    0  8.0 24 330   M    M   8        30 330
 7  76  48  62   0   3   0    T  0.0    0  7.9 22 310   M    M   6        28 310
 8  75  56  66   4   0   1 0.00  0.0    0 10.4 25 300   M    M   6        39 300
 9  75  51  63   0   2   0 0.00  0.0    0  4.2 14 120   M    M   6        16 130
10  71  60  66   3   0   1 0.11  0.0    0  5.7 17 100   M    M   9 13     22 110
11  76  59  68   5   0   3 1.51  0.0    0  4.8 37  30   M    M   7 13     50  20
12  78  64  71   8   0   6 0.97  0.0    0  5.6 25  40   M    M   8 13     33  30
13  76  54  65   1   0   0 0.01  0.0    0  9.6 25 290   M    M   3        33 290
14  73  49  61  -3   4   0 0.03  0.0    0 11.0 26 290   M    M   4        39 280
15  62  45  54 -10  11   0 0.00  0.0    0 15.0 30 300   M    M   3        37 290
16  65  44  55  -9  10   0 0.00  0.0    0  3.4 13 320   M    M   6        16 210
17  62  50  56  -9   9   0 0.18  0.0    0  4.3 13 140   M    M  10 1      15 130
18  57  52  55 -10  10   0 0.04  0.0    0  4.6  9 120   M    M  10 1      19  30
19  66  53  60  -5   5   0 0.00  0.0    0  4.9 10 130   M    M   8 1      12 140
20  65  51  58  -8   7   0 0.30  0.0    0  3.6 13 120   M    M   9 12     15 120
21  73  57  65  -1   0   0 0.48  0.0    0  3.2 15 130   M    M   9 13     18 140
22  71  53  62  -4   3   0    T  0.0    0  9.9 31 320   M    M   5        38 320
23  72  52  62  -4   3   0 0.02  0.0    0  4.7 22  20   M    M   7        27  20
24  81  51  66  -1   0   1 0.00  0.0    0  4.5 14 310   M    M   2        18 320
25  86  53  70   3   0   5 0.00  0.0    0  2.8 10 210   M    M   1        14 250
26  85  64  75   8   0  10 0.04  0.0    0  3.1 13 270   M    M   6        16 220
27  86  64  75   7   0  10 0.00  0.0    0  5.0 14 170   M    M   3        22 130
28  85  63  74   6   0   9 0.00  0.0    0  3.6 15 140   M    M   4        19 150
================================================================================
SM 2045 1512        92  56  5.70     0.0 170.0          M      179
================================================================================
AV 73.0 54.0                               6.1 FASTST   M    M   6    MAX(MPH)
                                 MISC ---->  # 37  30               # 50   20
================================================================================
NOTES:
# LAST OF SEVERAL OCCURRENCES

COLUMN 17 PEAK WIND IN M.P.H.

PRELIMINARY LOCAL CLIMATOLOGICAL DATA (WS FORM: F-6) , PAGE 2

                                          STATION:  ROANOKE VA
                                          MONTH:    MAY
                                          YEAR:     2016
                                          LATITUDE:   37 19 N
                                          LONGITUDE:  79 58 W

[TEMPERATURE DATA]      [PRECIPITATION DATA]       SYMBOLS USED IN COLUMN 16

AVERAGE MONTHLY: 63.5   TOTAL FOR MONTH:   5.70    1 = FOG OR MIST
DPTR FM NORMAL:  -0.7   DPTR FM NORMAL:    2.08    2 = FOG REDUCING VISIBILITY
HIGHEST:    86 ON 27,25 GRTST 24HR  1.57 ON 10-11      TO 1/4 MILE OR LESS
LOWEST:     44 ON 16                               3 = THUNDER
                        SNOW, ICE PELLETS, HAIL    4 = ICE PELLETS
                        TOTAL MONTH:   0.0 INCH    5 = HAIL
                        GRTST 24HR     0.0         6 = FREEZING RAIN OR DRIZZLE
                        GRTST DEPTH:   0           7 = DUSTSTORM OR SANDSTORM:
                                                       VSBY 1/2 MILE OR LESS
                                                   8 = SMOKE OR HAZE
[NO. OF DAYS WITH]      [WEATHER - DAYS WITH]      9 = BLOWING SNOW
                                                   X = TORNADO
MAX 32 OR BELOW:   0    0.01 INCH OR MORE:  15
MAX 90 OR ABOVE:   0    0.10 INCH OR MORE:   9
MIN 32 OR BELOW:   0    0.50 INCH OR MORE:   4
MIN  0 OR BELOW:   0    1.00 INCH OR MORE:   2

[HDD (BASE 65) ]
TOTAL THIS MO.    92    CLEAR  (SCALE 0-3)   2
DPTR FM NORMAL    -5    PTCLDY (SCALE 4-7)  17
TOTAL FM JUL 1  3505    CLOUDY (SCALE 8-10)  9
DPTR FM NORMAL  -624

[CDD (BASE 65) ]
TOTAL THIS MO.    56
DPTR FM NORMAL   -17    [PRESSURE DATA]
TOTAL FM JAN 1   105    HIGHEST SLP M ON M
DPTR FM NORMAL     3    LOWEST  SLP 29.59 ON  4

[REMARKS]
