000
CXUS51 KRNK 292316
CF6ROA
PRELIMINARY LOCAL CLIMATOLOGICAL DATA (WS FORM: F-6)

                                          STATION:   ROANOKE VA
                                          MONTH:     JUNE
                                          YEAR:      2015
                                          LATITUDE:   37 19 N
                                          LONGITUDE:  79 58 W

  TEMPERATURE IN F:       :PCPN:    SNOW:  WIND      :SUNSHINE: SKY     :PK WND
================================================================================
1   2   3   4   5  6A  6B    7    8   9   10  11  12  13   14  15   16   17  18
                                     12Z  AVG MX 2MIN
DY MAX MIN AVG DEP HDD CDD  WTR  SNW DPTH SPD SPD DIR MIN PSBL S-S WX    SPD DR
================================================================================

 1  84  64  74   5   0   9 1.09    T    0  4.0 21 320   M    M   7 135    25 330
 2  77  61  69   0   0   4 3.11  0.0    0  5.2 22 320   M    M   9 123    28 320
 3  62  57  60 -10   5   0 0.43  0.0    0  4.6 10 120   M    M  10 1      16  40
 4  68  57  63  -7   2   0 0.10  0.0    0  5.3 12 120   M    M  10 1      16 200
 5  79  59  69  -1   0   4 0.01  0.0    0  2.9 12  30   M    M   9        13  30
 6  85  62  74   4   0   9 0.00  0.0    0  5.0 15  30   M    M   4        18 360
 7  79  66  73   2   0   8 0.00  0.0    0  8.3 15 160   M    M   9        21 150
 8  86  66  76   5   0  11 0.62  0.0    0  7.0 22 170   M    M   7 13     27 250
 9  82  64  73   2   0   8    T  0.0    0  8.8 22 310   M    M   5        27 310
10  83  59  71  -1   0   6 0.00  0.0    0  3.5 12 150   M    M   2        14 150
11  89  64  77   5   0  12 0.00  0.0    0  5.2 16 180   M    M   2        20 180
12  89  68  79   7   0  14 0.04  0.0    0  5.5 20 310   M    M   3        23 320
13  91  70  81   9   0  16 0.04  0.0    0  7.6 22  10   M    M   4 13     27  10
14  90  69  80   7   0  15 0.07  0.0    0  5.7 23 340   M    M   3        30 340
15  92  69  81   8   0  16 0.00  0.0    0  5.9 22 290   M    M   3        28 290
16  93  73  83  10   0  18 0.00  0.0    0  8.6 22 300   M    M   4 3      30 280
17  88  71  80   6   0  15 1.57  0.0    0  6.0 21 300   M    M   7 13     29 310
18  91  69  80   6   0  15 0.35  0.0    0  6.3 37 280   M    M   5 3      66 270
19  87  70  79   5   0  14 0.04  0.0    0  4.3 14 150   M    M   6 3      18 150
20  89  68  79   5   0  14 0.02  0.0    0  8.4 25 260   M    M   6        37 260
21  91  73  82   8   0  17    T  0.0    0 11.0 24 310   M    M   5 3      35 310
22  89  70  80   5   0  15 0.00  0.0    0  4.2 12 270   M    M   3        16 270
23  93  72  83   8   0  18    T  0.0    0  8.6 18 270   M    M   3        25 270
24  89  68  79   4   0  14 0.00  0.0    0  5.8 13 310   M    M   4        22 300
25  92  67  80   5   0  15 0.00  0.0    0  3.7 13 280   M    M   6        18 270
26  86  70  78   3   0  13 0.34  0.0    0  6.0 18 310   M    M   8 13     24 240
27  79  68  74  -2   0   9 1.10  0.0    0  7.3 18 270   M    M   9 18     23 270
28  80  60  70  -6   0   5 0.00  0.0    0 11.7 26 290   M    M   2        36 320
================================================================================
SM 2383 1854         7 314  8.93    T    176.4          M      155
================================================================================
AV 85.1 66.2                               6.3 FASTST   M    M   6    MAX(MPH)
                                 MISC ---->  # 37 280               # 66  270
================================================================================
NOTES:
# LAST OF SEVERAL OCCURRENCES

COLUMN 17 PEAK WIND IN M.P.H.

PRELIMINARY LOCAL CLIMATOLOGICAL DATA (WS FORM: F-6) , PAGE 2

                                          STATION:  ROANOKE VA
                                          MONTH:    JUNE
                                          YEAR:     2015
                                          LATITUDE:   37 19 N
                                          LONGITUDE:  79 58 W

[TEMPERATURE DATA]      [PRECIPITATION DATA]       SYMBOLS USED IN COLUMN 16

AVERAGE MONTHLY: 75.7   TOTAL FOR MONTH:   8.93    1 = FOG OR MIST
DPTR FM NORMAL:   3.0   DPTR FM NORMAL:    5.34    2 = FOG REDUCING VISIBILITY
HIGHEST:    93 ON 23,16 GRTST 24HR  3.45 ON  2- 3      TO 1/4 MILE OR LESS
LOWEST:     57 ON  4, 3                            3 = THUNDER
                        SNOW, ICE PELLETS, HAIL    4 = ICE PELLETS
                        TOTAL MONTH:    T          5 = HAIL
                        GRTST 24HR    T  ON  1- 1  6 = FREEZING RAIN OR DRIZZLE
                        GRTST DEPTH:   0           7 = DUSTSTORM OR SANDSTORM:
                                                       VSBY 1/2 MILE OR LESS
                                                   8 = SMOKE OR HAZE
[NO. OF DAYS WITH]      [WEATHER - DAYS WITH]      9 = BLOWING SNOW
                                                   X = TORNADO
MAX 32 OR BELOW:   0    0.01 INCH OR MORE:  15
MAX 90 OR ABOVE:   8    0.10 INCH OR MORE:   9
MIN 32 OR BELOW:   0    0.50 INCH OR MORE:   5
MIN  0 OR BELOW:   0    1.00 INCH OR MORE:   4

[HDD (BASE 65) ]
TOTAL THIS MO.     7    CLEAR  (SCALE 0-3)   7
DPTR FM NORMAL    -2    PTCLDY (SCALE 4-7)  15
TOTAL FM JUL 1  4251    CLOUDY (SCALE 8-10)  6
DPTR FM NORMAL   109

[CDD (BASE 65) ]
TOTAL THIS MO.   314
DPTR FM NORMAL    89    [PRESSURE DATA]
TOTAL FM JAN 1   482    HIGHEST SLP M ON M
DPTR FM NORMAL   141    LOWEST  SLP 29.71 ON M

[REMARKS]
