000
CXUS51 KBUF 291205
CF6ROC
PRELIMINARY LOCAL CLIMATOLOGICAL DATA (WS FORM: F-6)

                                          STATION:   ROCHESTER NY
                                          MONTH:     APRIL
                                          YEAR:      2017
                                          LATITUDE:   43  7 N
                                          LONGITUDE:  77 40 W

  TEMPERATURE IN F:       :PCPN:    SNOW:  WIND      :SUNSHINE: SKY     :PK WND
================================================================================
1   2   3   4   5  6A  6B    7    8   9   10  11  12  13   14  15   16   17  18
                                     12Z  AVG MX 2MIN
DY MAX MIN AVG DEP HDD CDD  WTR  SNW DPTH SPD SPD DIR MIN PSBL S-S WX    SPD DR
================================================================================

 1  42  34  38  -2  27   0 0.02  0.0    0  8.4 15  30   M    M   9 1      18  10
 2  59  30  45   4  20   0 0.00  0.0    0  9.0 20 310   M    M   4 1      24 310
 3  65  37  51  10  14   0 0.34  0.0    0  8.1 23 110   M    M   9 1      29 140
 4  67  44  56  14   9   0 0.52  0.0    0 18.1 38 260   M    M  10 1      48 260
 5  50  42  46   4  19   0 0.00  0.0    0 10.7 23 270   M    M   9        30 280
 6  52  33  43   1  22   0 1.38  0.5    0 11.5 21 350   M    M  10 1      27 360
 7  37  33  35  -8  30   0 0.28  2.0    1 13.9 25 320   M    M   9 1      34 340
 8  51  31  41  -2  24   0 0.00  0.0    T 11.6 21 310   M    M   1        28 300
 9  73  36  55  11  10   0 0.00  0.0    0  8.3 15 200   M    M   5        19 210
10  80  56  68  24   0   3    T    M    M  9.9 28 260   M    M   9 3      36 240
11  69  54  62  17   3   0 0.10  0.0    0  8.9 23 270   M    M   9 1      28 260
12  54  41  48   3  17   0 0.00  0.0    0 12.8 22 270   M    M  10        28 270
13  55  34  45   0  20   0 0.00  0.0    0  5.4 14 310   M    M   6        20 310
14  61  37  49   3  16   0 0.00  0.0    0  5.9 16  40   M    M   4        21  60
15  70  39  55   9  10   0 0.08  0.0    0  9.0 20 220   M    M   6 1      27 230
16  80  57  69  22   0   4    T  0.0    0 15.9 37 270   M    M   6        51 260
17  57  41  49   2  16   0 0.00  0.0    0 12.1 21 320   M    M   4        27 290
18  51  36  44  -3  21   0 0.00  0.0    0  6.3 15  40   M    M   6        20  10
19  60  45  53   5  12   0 0.25  0.0    0 10.0 29 210   M    M   9 1      38 210
20  54  43  49   1  16   0 1.14  0.0    0 10.5 22  60   M    M  10 1238   26  60
21  59  47  53   4  12   0 0.01  0.0    0 12.1 33 260   M    M   8 1      41 250
22  54  40  47  -2  18   0 0.00  0.0    0  8.1 15 330   M    M   8        21 300
23  68  36  52   3  13   0 0.00  0.0    0  5.6 15 270   M    M   1        18 250
24  55  41  48  -2  17   0 0.00  0.0    0 10.6 18  60   M    M   3        23  40
25  65  42  54   4  11   0 0.21    M    0  9.0 17 130   M    M  10 1      23 120
26  71  52  62  12   3   0    T  0.0    0  6.8 14  50   M    M   7        22 130
27  86  57  72  21   0   7 0.21  0.0    0 10.2 25 260   M    M   6 13     33 270
28  71  50  61  10   4   0 0.00  0.0    0  9.5 25 250   M    M   7        30 250
================================================================================
SM 1716 1168       384  14  4.54     2.5 278.2          M      195
================================================================================
AV 61.3 41.7                               9.9 FASTST   M    M   7    MAX(MPH)
                                 MISC ---->  # 38 260               # 51  260
================================================================================
NOTES:
# LAST OF SEVERAL OCCURRENCES

COLUMN 17 PEAK WIND IN M.P.H.

PRELIMINARY LOCAL CLIMATOLOGICAL DATA (WS FORM: F-6) , PAGE 2

                                          STATION:  ROCHESTER NY
                                          MONTH:    APRIL
                                          YEAR:     2017
                                          LATITUDE:   43  7 N
                                          LONGITUDE:  77 40 W

[TEMPERATURE DATA]      [PRECIPITATION DATA]       SYMBOLS USED IN COLUMN 16

AVERAGE MONTHLY: 51.5   TOTAL FOR MONTH:   4.54    1 = FOG OR MIST
DPTR FM NORMAL:   5.6   DPTR FM NORMAL:    1.99    2 = FOG REDUCING VISIBILITY
HIGHEST:    86 ON 27    GRTST 24HR  1.47 ON  6- 7      TO 1/4 MILE OR LESS
LOWEST:     30 ON  2                               3 = THUNDER
                        SNOW, ICE PELLETS, HAIL    4 = ICE PELLETS
                        TOTAL MONTH:   2.5 INCHES  5 = HAIL
                        GRTST 24HR   2.0 ON  7- 7  6 = FREEZING RAIN OR DRIZZLE
                        GRTST DEPTH:   1 ON  7     7 = DUSTSTORM OR SANDSTORM:
                                                       VSBY 1/2 MILE OR LESS
                                                   8 = SMOKE OR HAZE
[NO. OF DAYS WITH]      [WEATHER - DAYS WITH]      9 = BLOWING SNOW
                                                   X = TORNADO
MAX 32 OR BELOW:   0    0.01 INCH OR MORE:  12
MAX 90 OR ABOVE:   0    0.10 INCH OR MORE:   9
MIN 32 OR BELOW:   2    0.50 INCH OR MORE:   3
MIN  0 OR BELOW:   0    1.00 INCH OR MORE:   2

[HDD (BASE 65) ]
TOTAL THIS MO.   384    CLEAR  (SCALE 0-3)   3
DPTR FM NORMAL  -154    PTCLDY (SCALE 4-7)  12
TOTAL FM JUL 1  5240    CLOUDY (SCALE 8-10) 13
DPTR FM NORMAL -1036

[CDD (BASE 65) ]
TOTAL THIS MO.    14
DPTR FM NORMAL    14    [PRESSURE DATA]
TOTAL FM JAN 1    14    HIGHEST SLP M ON M
DPTR FM NORMAL    14    LOWEST  SLP 29.19 ON  6

[REMARKS]
