000
CXUS51 KBUF 301205
CF6ROC
PRELIMINARY LOCAL CLIMATOLOGICAL DATA (WS FORM: F-6)

                                          STATION:   ROCHESTER NY
                                          MONTH:     JULY
                                          YEAR:      2015
                                          LATITUDE:   43  7 N
                                          LONGITUDE:  77 40 W

  TEMPERATURE IN F:       :PCPN:    SNOW:  WIND      :SUNSHINE: SKY     :PK WND
================================================================================
1   2   3   4   5  6A  6B    7    8   9   10  11  12  13   14  15   16   17  18
                                     12Z  AVG MX 2MIN
DY MAX MIN AVG DEP HDD CDD  WTR  SNW DPTH SPD SPD DIR MIN PSBL S-S WX    SPD DR
================================================================================

 1  74  61  68  -2   0   3 0.22  0.0    0  9.5 25 290   M    M   8 1      34 290
 2  71  54  63  -7   2   0 0.00  0.0    0  5.4 13 360   M    M   6 1      17  10
 3  76  50  63  -7   2   0    T  0.0    0  6.7 16  30   M    M   4        18  50
 4  77  60  69  -1   0   4 0.00  0.0    0  4.1 14 340   M    M   6        17  10
 5  81  57  69  -1   0   4 0.00  0.0    0  4.6 10 260   M    M   2        16 270
 6  85  61  73   2   0   8 0.00  0.0    0  6.3 15 180   M    M   5 1      19 140
 7  88  66  77   6   0  12 0.11  0.0    0  9.9 32 280   M    M   8 1      44 280
 8  70  61  66  -5   0   1 0.04  0.0    0  7.3 16 330   M    M   9 1      22 300
 9  67  59  63  -8   2   0 0.31  0.0    0  4.9 17  30   M    M   9 1      21  20
10  79  57  68  -3   0   3 0.00  0.0    0  5.6 12 330   M    M   4 1      15 350
11  83  57  70  -1   0   5 0.00  0.0    0  5.3 14 310   M    M   1 1      18 330
12  84  61  73   2   0   8 0.00  0.0    0  4.0 10  30   M    M   5        12 230
13  86  65  76   5   0  11 0.00  0.0    0  6.6 16 140   M    M   6        23 260
14  80  70  75   4   0  10 0.13  0.0    0  6.9 18 230   M    M   9 1      25 210
15  70  55  63  -8   2   0    T  0.0    0 10.5 26  30   M    M   7 1      32  30
16  73  50  62  -9   3   0 0.00  0.0    0  5.8 14  60   M    M   3 1      19  40
17  76  56  66  -5   0   1 0.05  0.0    0  6.5 16 190   M    M   7        20 180
18  86  71  79   8   0  14 1.51  0.0    0  7.0 22  10   M    M   6 13     24 350
19  89  72  81  10   0  16    T  0.0    0 11.2 24 250   M    M   6        33 250
20  84  66  75   4   0  10 0.00  0.0    0  6.8 17 250   M    M   6 1      22 230
21  78  61  70  -1   0   5 0.03  0.0    0  9.7 21 280   M    M   6 1      28 300
22  76  59  68  -3   0   3 0.00  0.0    0 10.3 18 260   M    M   4        25 270
23  78  54  66  -5   0   1    T  0.0    0  7.0 16 330   M    M   2        21 330
24  83  55  69  -2   0   4 0.00  0.0    0  5.9 14 300   M    M   3        18 320
25  85  61  73   2   0   8 0.81  0.0    0  7.1 21 230   M    M   7 1      25 230
26  84  66  75   4   0  10 0.04  0.0    0  4.4 15  20   M    M   5 1      16  20
27  88  62  75   4   0  10 0.00  0.0    0  3.4 10 310   M    M   2 1      12 340
28  89  66  78   7   0  13 0.00  0.0    0  5.3 13 350   M    M   4        15 340
29  91  68  80   9   0  15 0.00  0.0    0  5.5 13 190   M    M   7        18 200
================================================================================
SM 2331 1761        11 179  3.25     0.0 193.5          M      157
================================================================================
AV 80.4 60.7                               6.7 FASTST   M    M   5    MAX(MPH)
                                 MISC ---->  # 32 280               # 44  280
================================================================================
NOTES:
# LAST OF SEVERAL OCCURRENCES

COLUMN 17 PEAK WIND IN M.P.H.

PRELIMINARY LOCAL CLIMATOLOGICAL DATA (WS FORM: F-6) , PAGE 2

                                          STATION:  ROCHESTER NY
                                          MONTH:    JULY
                                          YEAR:     2015
                                          LATITUDE:   43  7 N
                                          LONGITUDE:  77 40 W

[TEMPERATURE DATA]      [PRECIPITATION DATA]       SYMBOLS USED IN COLUMN 16

AVERAGE MONTHLY: 70.6   TOTAL FOR MONTH:   3.25    1 = FOG OR MIST
DPTR FM NORMAL:  -0.3   DPTR FM NORMAL:    0.14    2 = FOG REDUCING VISIBILITY
HIGHEST:    91 ON 29    GRTST 24HR  1.56 ON 17-18      TO 1/4 MILE OR LESS
LOWEST:     50 ON 16, 3                            3 = THUNDER
                        SNOW, ICE PELLETS, HAIL    4 = ICE PELLETS
                        TOTAL MONTH:   0.0 INCH    5 = HAIL
                        GRTST 24HR     0.0         6 = FREEZING RAIN OR DRIZZLE
                        GRTST DEPTH:   0           7 = DUSTSTORM OR SANDSTORM:
                                                       VSBY 1/2 MILE OR LESS
                                                   8 = SMOKE OR HAZE
[NO. OF DAYS WITH]      [WEATHER - DAYS WITH]      9 = BLOWING SNOW
                                                   X = TORNADO
MAX 32 OR BELOW:   0    0.01 INCH OR MORE:  10
MAX 90 OR ABOVE:   1    0.10 INCH OR MORE:   6
MIN 32 OR BELOW:   0    0.50 INCH OR MORE:   2
MIN  0 OR BELOW:   0    1.00 INCH OR MORE:   1

[HDD (BASE 65) ]
TOTAL THIS MO.    11    CLEAR  (SCALE 0-3)   6
DPTR FM NORMAL     5    PTCLDY (SCALE 4-7)  19
TOTAL FM JUL 1    11    CLOUDY (SCALE 8-10)  4
DPTR FM NORMAL     5

[CDD (BASE 65) ]
TOTAL THIS MO.   179
DPTR FM NORMAL     5    [PRESSURE DATA]
TOTAL FM JAN 1   376    HIGHEST SLP M ON M
DPTR FM NORMAL    66    LOWEST  SLP 29.50 ON 14

[REMARKS]
