000
CXUS55 KABQ 231000
CF6ROW
PRELIMINARY LOCAL CLIMATOLOGICAL DATA (WS FORM: F-6)

                                          STATION:   ROSWELL NM
                                          MONTH:     AUGUST
                                          YEAR:      2017
                                          LATITUDE:   33 17 N
                                          LONGITUDE: 104 32 W

  TEMPERATURE IN F:       :PCPN:    SNOW:  WIND      :SUNSHINE: SKY     :PK WND
================================================================================
1   2   3   4   5  6A  6B    7    8   9   10  11  12  13   14  15   16   17  18
                                     12Z  AVG MX 2MIN
DY MAX MIN AVG DEP HDD CDD  WTR  SNW DPTH SPD SPD DIR MIN PSBL S-S WX    SPD DR
================================================================================

 1  88  69  79  -1   0  14 0.19  0.0    0  5.6 23  70   M    M   4 1      29  70
 2  90  67  79  -1   0  14 0.00  0.0    0  3.8 12  40   M    M   1        15  40
 3  92  66  79  -1   0  14    T  0.0    0  8.1 28  60   M    M   1 8      32  60
 4  91  67  79  -1   0  14 0.05  0.0    0 10.0 20 170   M    M   4 1      25 130
 5  96  67  82   2   0  17 0.00  0.0    0  6.9 22 150   M    M   1 3      26 160
 6  96  67  82   2   0  17 0.01  0.0    0  9.2 26 230   M    M   1 3      33 230
 7  89  70  80   0   0  15    T  0.0    0  7.9 29  20   M    M   4        32  20
 8  87  70  79  -1   0  14    T  0.0    0  9.6 18 150   M    M   6 8      24 140
 9  93  69  81   1   0  16 0.00  0.0    0 10.3 18 160   M    M   1        22 120
10  97  68  83   4   0  18 0.00  0.0    0 10.8 21 160   M    M   0        27 140
11  94  65  80   1   0  15 0.09  0.0    0  7.2 22 230   M    M   2 3      27 230
12  86  66  76  -3   0  11 0.46  0.0    0  7.5 18 160   M    M   4 13     23 170
13  91  69  80   1   0  15    T  0.0    0  7.7 17 170   M    M   1        22 280
14  93  68  81   2   0  16 0.00  0.0    0  8.1 16 190   M    M   0        21 150
15  93  69  81   2   0  16 0.03  0.0    0  8.7 28 290   M    M   1 3      32 290
16  97  64  81   2   0  16 0.00  0.0    0  7.1 16 330   M    M   1        22 190
17  98  64  81   2   0  16 0.00  0.0    0  7.3 22 170   M    M   0        27 160
18  97  66  82   3   0  17    T  0.0    0 10.2 28 260   M    M   1 3      36 310
19  95  65  80   1   0  15 0.00  0.0    0  6.9 24 160   M    M   0        30 150
20  93  70  82   3   0  17    T  0.0    0  8.1 21 190   M    M   4 3      27 170
21  87  68  78   0   0  13 0.08  0.0    0  6.9 17 160   M    M   3 13     25 160
22  93  67  80   2   0  15    T  0.0    0  7.4 29 330   M    M   0 3      40 320
================================================================================
SM 2036 1481         0 335  0.91     0.0 175.3          M       40
================================================================================
AV 92.6 67.3                               8.0 FASTST   M    M   2    MAX(MPH)
                                 MISC ---->  # 29  20               # 40  320
================================================================================
NOTES:
# LAST OF SEVERAL OCCURRENCES

COLUMN 17 PEAK WIND IN M.P.H.

PRELIMINARY LOCAL CLIMATOLOGICAL DATA (WS FORM: F-6) , PAGE 2

                                          STATION:  ROSWELL NM
                                          MONTH:    AUGUST
                                          YEAR:     2017
                                          LATITUDE:   33 17 N
                                          LONGITUDE: 104 32 W

[TEMPERATURE DATA]      [PRECIPITATION DATA]       SYMBOLS USED IN COLUMN 16

AVERAGE MONTHLY: 79.9   TOTAL FOR MONTH:   0.91    1 = FOG OR MIST
DPTR FM NORMAL:   0.6   DPTR FM NORMAL:   -0.53    2 = FOG REDUCING VISIBILITY
HIGHEST:    98 ON 17    GRTST 24HR  1.03 ON 31- 1      TO 1/4 MILE OR LESS
LOWEST:     64 ON 17,16                            3 = THUNDER
                        SNOW, ICE PELLETS, HAIL    4 = ICE PELLETS
                        TOTAL MONTH:   0.0 INCH    5 = HAIL
                        GRTST 24HR     0.0         6 = FREEZING RAIN OR DRIZZLE
                        GRTST DEPTH:   0           7 = DUSTSTORM OR SANDSTORM:
                                                       VSBY 1/2 MILE OR LESS
                                                   8 = SMOKE OR HAZE
[NO. OF DAYS WITH]      [WEATHER - DAYS WITH]      9 = BLOWING SNOW
                                                   X = TORNADO
MAX 32 OR BELOW:   0    0.01 INCH OR MORE:   7
MAX 90 OR ABOVE:  17    0.10 INCH OR MORE:   2
MIN 32 OR BELOW:   0    0.50 INCH OR MORE:   0
MIN  0 OR BELOW:   0    1.00 INCH OR MORE:   0

[HDD (BASE 65) ]
TOTAL THIS MO.     0    CLEAR  (SCALE 0-3)  15
DPTR FM NORMAL     0    PTCLDY (SCALE 4-7)   7
TOTAL FM JUL 1     0    CLOUDY (SCALE 8-10)  0
DPTR FM NORMAL     0

[CDD (BASE 65) ]
TOTAL THIS MO.   335
DPTR FM NORMAL    21    [PRESSURE DATA]
TOTAL FM JAN 1  1684    HIGHEST SLP M ON M
DPTR FM NORMAL   272    LOWEST  SLP 29.64 ON 14

[REMARKS]
