000
CXUS54 KFWD 250730
CF6RPH
PRELIMINARY LOCAL CLIMATOLOGICAL DATA (WS FORM: F-6)

                                          STATION:   GRAHAM
                                          MONTH:     FEBRUARY
                                          YEAR:      2018
                                          LATITUDE:   33  6 N
                                          LONGITUDE:  98 30 W

  TEMPERATURE IN F:       :PCPN:    SNOW:  WIND      :SUNSHINE: SKY     :PK WND
================================================================================
1   2   3   4   5  6A  6B    7    8   9   10  11  12  13   14  15   16   17  18
                                     12Z  AVG MX 2MIN
DY MAX MIN AVG DEP HDD CDD  WTR  SNW DPTH SPD SPD DIR MIN PSBL S-S WX    SPD DR
================================================================================

 1  61  38  50   6  15   0 0.00  0.0    0 11.7 24 360   M    M   0        31 360
 2  56  28  42  -2  23   0 0.00  0.0    0  4.1  9  10   M    M   0         M  M
 3  69  38  54  10  11   0 0.00  0.0    0  8.2 17 150   M    M   0        24 150
 4  64  24  44   0  21   0 0.00  0.0    0  7.1 27 350   M    M   0        39 350
 5  49  18  34 -10  31   0 0.00  0.0    0  2.3  8 180   M    M   0         M  M
 6  36  29  33 -11  32   0 0.00  0.0    0  6.1 13 350   M    M   0         M  M
 7  49  24  37  -7  28   0 0.00  0.0    0  6.5 16 350   M    M   0        23 350
 8  63  18  41  -4  24   0 0.00  0.0    0  3.7 10 140   M    M   0        16 140
 9  77  37  57  12   8   0 0.00  0.0    0  5.9 15 180   M    M   0        21 180
10  44  23  34 -11  31   0 0.00  0.0    0 11.7 18 330   M    M   0        25 340
11  40  21  31 -14  34   0 0.00  0.0    0  8.9 16 330   M    M   0        21 340
12  51  20  36  -9  29   0 0.00  0.0    0  3.1  9 100   M    M   0         M  M
13  47  36  42  -4  23   0 0.00  0.0    0  4.3 10 130   M    M   0         M  M
14  85  45  65  19   0   0 0.00  0.0    0  7.7 15 170   M    M   0        22 180
15  84  63  74  28   0   9 0.00  0.0    0  9.7 15 190   M    M   0        23 190
16  67  41  54   8  11   0    M  0.0    0 11.2 22 360   M    M   0        33 360
17  65  37  51   5  14   0 0.10  0.0    0  3.9 14 320   M    M   0        22 320
18  67  42  55   8  10   0 0.01  0.0    0  5.3 15 150   M    M   0        24 150
19  80  65  73  26   0   8 0.24  0.0    0 10.9 17 140   M    M   0        27 140
20  72  31  52   5  13   0 0.27  0.0    0 13.5 28 320   M    M   0        38 320
21  32  26  29 -19  36   0 0.62  0.0    0  8.6 18 360   M    M   0 6      27 350
22  33  28  31 -17  34   0 0.02  0.0    0  0.6  4 340   M    M   0         M  M
23  38  32  35 -13  30   0 0.07  0.0    0  0.5  5 330   M    M   0         M  M
24  68  35  52   4  13   0 0.03    M    0  4.1 15 250   M    M   0         M  M
================================================================================
SM 1397  799       471  17  1.36     0.0 159.6          M        0
================================================================================
AV 58.2 33.3                               6.7 FASTST   M    M   0    MAX(MPH)
                                 MISC ---->    28   M                 39    M
================================================================================
NOTES:
# LAST OF SEVERAL OCCURRENCES

COLUMN 17 PEAK WIND IN M.P.H.

PRELIMINARY LOCAL CLIMATOLOGICAL DATA (WS FORM: F-6) , PAGE 2

                                          STATION:  GRAHAM
                                          MONTH:    FEBRUARY
                                          YEAR:     2018
                                          LATITUDE:   33  6 N
                                          LONGITUDE:  98 30 W

[TEMPERATURE DATA]      [PRECIPITATION DATA]       SYMBOLS USED IN COLUMN 16

AVERAGE MONTHLY: 45.8   TOTAL FOR MONTH:   1.36    1 = FOG OR MIST
DPTR FM NORMAL:   0.1   DPTR FM NORMAL:   -0.18    2 = FOG REDUCING VISIBILITY
HIGHEST:    85 ON 14    GRTST 24HR  0.62 ON 21-21      TO 1/4 MILE OR LESS
LOWEST:     18 ON  8, 5                            3 = THUNDER
                        SNOW, ICE PELLETS, HAIL    4 = ICE PELLETS
                        TOTAL MONTH:   0.0 INCH    5 = HAIL
                        GRTST 24HR     0.0         6 = FREEZING RAIN OR DRIZZLE
                        GRTST DEPTH:   0           7 = DUSTSTORM OR SANDSTORM:
                                                       VSBY 1/2 MILE OR LESS
                                                   8 = SMOKE OR HAZE
[NO. OF DAYS WITH]      [WEATHER - DAYS WITH]      9 = BLOWING SNOW
                                                   X = TORNADO
MAX 32 OR BELOW:   1    0.01 INCH OR MORE:   8
MAX 90 OR ABOVE:   0    0.10 INCH OR MORE:   4
MIN 32 OR BELOW:  13    0.50 INCH OR MORE:   1
MIN  0 OR BELOW:   0    1.00 INCH OR MORE:   0

[HDD (BASE 65) ]
TOTAL THIS MO.   471    CLEAR  (SCALE 0-3)  24
DPTR FM NORMAL     6    PTCLDY (SCALE 4-7)   0
TOTAL FM JUL 1  2156    CLOUDY (SCALE 8-10)  0
DPTR FM NORMAL  -177

[CDD (BASE 65) ]
TOTAL THIS MO.    17
DPTR FM NORMAL    17    [PRESSURE DATA]
TOTAL FM JAN 1    17    HIGHEST SLP M ON M
DPTR FM NORMAL    17    LOWEST  SLP M ON M

[REMARKS]
