000
CXUS54 KFWD 300730
CF6RPH
PRELIMINARY LOCAL CLIMATOLOGICAL DATA (WS FORM: F-6)

                                          STATION:   GRAHAM
                                          MONTH:     APRIL
                                          YEAR:      2016
                                          LATITUDE:   33  6 N
                                          LONGITUDE:  98 30 W

  TEMPERATURE IN F:       :PCPN:    SNOW:  WIND      :SUNSHINE: SKY     :PK WND
================================================================================
1   2   3   4   5  6A  6B    7    8   9   10  11  12  13   14  15   16   17  18
                                     12Z  AVG MX 2MIN
DY MAX MIN AVG DEP HDD CDD  WTR  SNW DPTH SPD SPD DIR MIN PSBL S-S WX    SPD DR
================================================================================

 1  59  41  50  -9  15   0    T  0.0    0  8.0 20 340   M    M   5        28 340
 2  71  34  53  -6  12   0 0.00  0.0    0  4.5 13 270   M    M   0        17 300
 3  80  37  59  -1   6   0 0.00  0.0    0  4.2 15 210   M    M   0        22 210
 4  88  45  67   7   0   2 0.00  0.0    0  2.9 10 260   M    M   0         M  M
 5  89  52  71  11   0   6 0.00  0.0    0  8.4 21 180   M    M   0        29 180
 6  77  47  62   2   3   0 0.00  0.0    0 10.3 17 340   M    M   0        28 350
 7  85  39  62   2   3   0 0.00  0.0    0  5.4 15 360   M    M   0        21 360
 8  73  54  64   3   1   0 0.00  0.0    0  5.3  9  80   M    M   1        16 100
 9  63  53  58  -3   7   0 0.01  0.0    0  4.5  9 160   M    M   5 18     18 200
10  84  56  70   9   0   5 0.00  0.0    0 11.4 18 160   M    M   2        29 160
11  88  56  72  11   0   7 0.05  0.0    0  5.0 15  20   M    M   6        25 340
12  66  50  58  -4   7   0 0.04  0.0    0  4.1 12 100   M    M   7        18 100
13  64  53  59  -3   6   0 0.30  0.0    0  2.2  8  90   M    M   9 18     16  90
14  73  52  63   1   2   0 0.00  0.0    0  1.8  8 120   M    M   6 18      M  M
15  76  52  64   2   1   0 0.00  0.0    0  8.6 15 100   M    M   3 1      24 140
16  72  61  67   5   0   2 0.02  0.0    0 11.2 18 110   M    M   9        25 130
17  68  59  64   1   1   0 0.47  0.0    0  6.8 12  80   M    M  10        18 110
18  64  54  59  -4   6   0 0.02  0.0    0  6.7 12 360   M    M  10 1      16 330
19  76  59  68   5   0   3 0.81  0.0    0  3.5 14 320   M    M  10 13     17 130
20  64  56  60  -4   5   0 0.17  0.0    0  3.4  9 320   M    M   9 1      16 340
21  77  53  65   1   0   0 0.17  0.0    0  5.6 13 130   M    M   2        21 130
22  81  48  65   1   0   0 0.00  0.0    0  2.2  7 340   M    M   0         M  M
23  82  49  66   2   0   1 0.00  0.0    0  4.9 10 130   M    M   0        16 130
24  81  60  71   6   0   6 0.00  0.0    0  9.4 18 130   M    M   1        30 140
25  91  65  78  13   0  13 0.00  0.0    0  8.8 12 210   M    M   1        18 190
26  85  58  72   7   0   7 0.03  0.0    0  8.2 13 170   M    M   4        23 170
27  78  51  65   0   0   0 0.00  0.0    0  4.7 13 300   M    M   0 1      18 290
28  84  54  69   3   0   4 0.00  0.0    0  7.6 15 120   M    M   1        25 120
29  91  58  75   9   0  10 0.00  0.0    0  7.9 18 270   M    M   4 18     27 270
================================================================================
SM 2230 1506        75  66  2.09     0.0 177.5          M      105
================================================================================
AV 76.9 51.9                               6.1 FASTST   M    M   4    MAX(MPH)
                                 MISC ---->    21   M                 30    M
================================================================================
NOTES:
# LAST OF SEVERAL OCCURRENCES

COLUMN 17 PEAK WIND IN M.P.H.

PRELIMINARY LOCAL CLIMATOLOGICAL DATA (WS FORM: F-6) , PAGE 2

                                          STATION:  GRAHAM
                                          MONTH:    APRIL
                                          YEAR:     2016
                                          LATITUDE:   33  6 N
                                          LONGITUDE:  98 30 W

[TEMPERATURE DATA]      [PRECIPITATION DATA]       SYMBOLS USED IN COLUMN 16

AVERAGE MONTHLY: 64.4   TOTAL FOR MONTH:   2.09    1 = FOG OR MIST
DPTR FM NORMAL:   2.0   DPTR FM NORMAL:   -0.26    2 = FOG REDUCING VISIBILITY
HIGHEST:    91 ON 29,25 GRTST 24HR  0.81 ON 19-19      TO 1/4 MILE OR LESS
LOWEST:     34 ON  2                               3 = THUNDER
                        SNOW, ICE PELLETS, HAIL    4 = ICE PELLETS
                        TOTAL MONTH:   0.0 INCH    5 = HAIL
                        GRTST 24HR     0.0         6 = FREEZING RAIN OR DRIZZLE
                        GRTST DEPTH:   0           7 = DUSTSTORM OR SANDSTORM:
                                                       VSBY 1/2 MILE OR LESS
                                                   8 = SMOKE OR HAZE
[NO. OF DAYS WITH]      [WEATHER - DAYS WITH]      9 = BLOWING SNOW
                                                   X = TORNADO
MAX 32 OR BELOW:   0    0.01 INCH OR MORE:  11
MAX 90 OR ABOVE:   2    0.10 INCH OR MORE:   5
MIN 32 OR BELOW:   0    0.50 INCH OR MORE:   1
MIN  0 OR BELOW:   0    1.00 INCH OR MORE:   0

[HDD (BASE 65) ]
TOTAL THIS MO.    75    CLEAR  (SCALE 0-3)  16
DPTR FM NORMAL   -66    PTCLDY (SCALE 4-7)   7
TOTAL FM JUL 1  2051    CLOUDY (SCALE 8-10)  6
DPTR FM NORMAL  -828

[CDD (BASE 65) ]
TOTAL THIS MO.    66
DPTR FM NORMAL     0    [PRESSURE DATA]
TOTAL FM JAN 1    99    HIGHEST SLP M ON M
DPTR FM NORMAL    13    LOWEST  SLP M ON M

[REMARKS]
