000
CXUS54 KFWD 190730
CF6RPH
PRELIMINARY LOCAL CLIMATOLOGICAL DATA (WS FORM: F-6)

                                          STATION:   GRAHAM
                                          MONTH:     DECEMBER
                                          YEAR:      2014
                                          LATITUDE:   33  6 N
                                          LONGITUDE:  98 30 W

  TEMPERATURE IN F:       :PCPN:    SNOW:  WIND      :SUNSHINE: SKY     :PK WND
================================================================================
1   2   3   4   5  6A  6B    7    8   9   10  11  12  13   14  15   16   17  18
                                     12Z  AVG MX 2MIN
DY MAX MIN AVG DEP HDD CDD  WTR  SNW DPTH SPD SPD DIR MIN PSBL S-S WX    SPD DR
================================================================================

 1  38  26  32 -15  33   0 0.00  0.0    0 12.6 20 350   M    M   6        30 350
 2  47  24  36 -10  29   0 0.00  0.0    0  3.3  8 140   M    M   7         M  M
 3  59  43  51   5  14   0 0.00  0.0    0  5.8 12 100   M    M   9         M  M
 4  68  53  61  15   4   0 0.00  0.0    0  5.6 13 160   M    M   9 1      18 160
 5  78  54  66  20   0   1 0.00  0.0    0  9.4 16 200   M    M   5 1      22 220
 6  65  45  55  10  10   0 0.00  0.0    0  7.9 13 330   M    M   5        18 360
 7  52  45  49   4  16   0 0.00  0.0    0  2.1  5 110   M    M   9 1       M  M
 8  53  38  46   1  19   0 0.00  0.0    0  0.9  6 260   M    M   9 12      M  M
 9  64  38  51   7  14   0 0.00  0.0    0  0.8  7  90   M    M   5 12      M  M
10  61  42  52   8  13   0 0.00  0.0    0  4.2  8 120   M    M   7 1       M  M
11  66  55  61  17   4   0 0.00  0.0    0  3.5  8 130   M    M  10         M  M
12  73  54  64  20   1   0 0.00  0.0    0  4.5  9 150   M    M   7 1       M  M
13  68  58  63  19   2   0 0.00  0.0    0  9.4 14 170   M    M   7        22 170
14  72  56  64  21   1   0    T  0.0    0 10.6 16 170   M    M   5        25 160
15  62  41  52   9  13   0 0.00  0.0    0  9.8 18 300   M    M   0        25 300
16  54  35  45   2  20   0 0.00  0.0    0  6.7 13 330   M    M   1        20 320
17  45  42  44   1  21   0 0.02    M    0  5.0 10 110   M    M  10 1      20 110
18  54  43  49   6  16   0 0.00  0.0    0  5.0  9 360   M    M  10 1       M  M
================================================================================
SM 1079  792       230   1  0.02     0.0 107.1          M      121
================================================================================
AV 59.9 44.0                               5.9 FASTST   M    M   7    MAX(MPH)
                                 MISC ---->    20   M                 30    M
================================================================================
NOTES:
# LAST OF SEVERAL OCCURRENCES

COLUMN 17 PEAK WIND IN M.P.H.

PRELIMINARY LOCAL CLIMATOLOGICAL DATA (WS FORM: F-6) , PAGE 2

                                          STATION:  GRAHAM
                                          MONTH:    DECEMBER
                                          YEAR:     2014
                                          LATITUDE:   33  6 N
                                          LONGITUDE:  98 30 W

[TEMPERATURE DATA]      [PRECIPITATION DATA]       SYMBOLS USED IN COLUMN 16

AVERAGE MONTHLY: 52.0   TOTAL FOR MONTH:   0.02    1 = FOG OR MIST
DPTR FM NORMAL:   7.5   DPTR FM NORMAL:   -1.03    2 = FOG REDUCING VISIBILITY
HIGHEST:    78 ON  5    GRTST 24HR  0.02 ON 17-17      TO 1/4 MILE OR LESS
LOWEST:     24 ON  2                               3 = THUNDER
                        SNOW, ICE PELLETS, HAIL    4 = ICE PELLETS
                        TOTAL MONTH:   0.0 INCH    5 = HAIL
                        GRTST 24HR     0.0         6 = FREEZING RAIN OR DRIZZLE
                        GRTST DEPTH:   0           7 = DUSTSTORM OR SANDSTORM:
                                                       VSBY 1/2 MILE OR LESS
                                                   8 = SMOKE OR HAZE
[NO. OF DAYS WITH]      [WEATHER - DAYS WITH]      9 = BLOWING SNOW
                                                   X = TORNADO
MAX 32 OR BELOW:   0    0.01 INCH OR MORE:   1
MAX 90 OR ABOVE:   0    0.10 INCH OR MORE:   0
MIN 32 OR BELOW:   2    0.50 INCH OR MORE:   0
MIN  0 OR BELOW:   0    1.00 INCH OR MORE:   0

[HDD (BASE 65) ]
TOTAL THIS MO.   230    CLEAR  (SCALE 0-3)   2
DPTR FM NORMAL  -140    PTCLDY (SCALE 4-7)   9
TOTAL FM JUL 1   697    CLOUDY (SCALE 8-10)  7
DPTR FM NORMAL  -179

[CDD (BASE 65) ]
TOTAL THIS MO.     1
DPTR FM NORMAL     1    [PRESSURE DATA]
TOTAL FM JAN 1  2419    HIGHEST SLP M ON M
DPTR FM NORMAL   120    LOWEST  SLP M ON M

[REMARKS]
