000
CXUS56 KFGZ 290900
CF6RQE
PRELIMINARY LOCAL CLIMATOLOGICAL DATA (WS FORM: F-6)

                                          STATION:   WINDOW ROCK AZ AIRPORT
                                          MONTH:     SEPTEMBER
                                          YEAR:      2016
                                          LATITUDE:   35 39 N
                                          LONGITUDE: 109  4 W

  TEMPERATURE IN F:       :PCPN:    SNOW:  WIND      :SUNSHINE: SKY     :PK WND
================================================================================
1   2   3   4   5  6A  6B    7    8   9   10  11  12  13   14  15   16   17  18
                                     12Z  AVG MX 2MIN
DY MAX MIN AVG DEP HDD CDD  WTR  SNW DPTH SPD SPD DIR MIN PSBL S-S WX    SPD DR
================================================================================

 1  87  47  67   2   0   2 0.00    M    M  4.3 24 140   M    M   3 1      32 150
 2  80  55  68   4   0   3 0.00    M    M  1.7 30 270   M    M   6        38 270
 3  82  51  67   3   0   2 0.00    M    M  3.9 22 230   M    M   5 1      28 220
 4  81  50  66   2   0   1 0.00    M    M  8.4 25 240   M    M   1        34 220
 5  85  41  63   0   2   0 0.00    M    M  8.2 26 230   M    M   0        36 240
 6  82  46  64   1   1   0 0.00    M    M  6.9 22 230   M    M   2 8      33 220
 7  73  54  64   1   1   0 0.00    M    M  2.8 10 200   M    M   3        16 230
 8  84  46  65   3   0   0 0.00    M    M  3.8 16 310   M    M   0 8      29 260
 9  87  43  65   3   0   0 0.00    M    M  4.0 15 330   M    M   1 8      23  30
10  86  41  64   2   1   0 0.00    M    M  2.2 12 170   M    M   1 8      16 170
11  84  57  71  10   0   6 0.00    M    M  7.7 22 240   M    M   2 8      29 230
12  76  47  62   1   3   0 0.00    M    M  8.2 26 220   M    M   3 8      33 260
13  78  42  60  -1   5   0 0.00    M    M  8.1 22 190   M    M   0        31 190
14  78  44  61   1   4   0 0.00    M    M 10.2 28 240   M    M   2        40 190
15  78  37  58  -2   7   0 0.00    M    M  5.0 23 240   M    M   0        34 220
16  79  32  56  -3   9   0 0.00    M    M  3.6 15 230   M    M   0        21 210
17  80  33  57  -2   8   0 0.00  0.0    0  3.0 15 260   M    M   0        21 240
18  83  32  58  -1   7   0 0.00    M    M  3.1 13 250   M    M   0        16 250
19  87  31  59   1   6   0 0.00    M    M  2.3 10 180   M    M   0        16 240
20  78  49  64   6   1   0    T    M    0  3.1 22 260   M    M   5        30 260
21  77  52  65   8   0   0 0.06  0.0    0  3.9 18 170   M    M   7 1      24 150
22  83  48  66   9   0   1 0.00    M    M 11.0 31 220   M    M   2 12     41 220
23  64  35  50  -7  15   0 0.16    M    M 10.6 28 240   M    M   5 1      34 250
24  67  28  48  -8  17   0 0.00    M    M  4.5 14 350   M    M   1        19 330
25  72  31  52  -4  13   0 0.00    M    M  5.5 16  40   M    M   0        24 300
26  74  34  54  -1  11   0 0.00    M    M  4.4 17  20   M    M   0        24  50
27  74  36  55   0  10   0    T    M    M  3.8 26 170   M    M   5 8      36 190
28  75  40  58   3   7   0 0.11    M    M  4.2 25 180   M    M   5 1      35 180
================================================================================
SM 2214 1182       128  15  0.33     0.0 148.4          M       59
================================================================================
AV 79.1 42.2                               5.3 FASTST   M    M   2    MAX(MPH)
                                 MISC ---->  # 31 220               # 41  220
================================================================================
NOTES:
# LAST OF SEVERAL OCCURRENCES

COLUMN 17 PEAK WIND IN M.P.H.

PRELIMINARY LOCAL CLIMATOLOGICAL DATA (WS FORM: F-6) , PAGE 2

                                          STATION:  WINDOW ROCK AZ AIRPORT
                                          MONTH:    SEPTEMBER
                                          YEAR:     2016
                                          LATITUDE:   35 39 N
                                          LONGITUDE: 109  4 W

[TEMPERATURE DATA]      [PRECIPITATION DATA]       SYMBOLS USED IN COLUMN 16

AVERAGE MONTHLY: 60.6   TOTAL FOR MONTH:   0.33    1 = FOG OR MIST
DPTR FM NORMAL:   0.8   DPTR FM NORMAL:   -1.02    2 = FOG REDUCING VISIBILITY
HIGHEST:    87 ON 19, 9 GRTST 24HR  0.16 ON 22-23      TO 1/4 MILE OR LESS
LOWEST:     28 ON 24                               3 = THUNDER
                        SNOW, ICE PELLETS, HAIL    4 = ICE PELLETS
                        TOTAL MONTH:   0.0 INCH    5 = HAIL
                        GRTST 24HR     0.0         6 = FREEZING RAIN OR DRIZZLE
                        GRTST DEPTH:   0           7 = DUSTSTORM OR SANDSTORM:
                                                       VSBY 1/2 MILE OR LESS
                                                   8 = SMOKE OR HAZE
[NO. OF DAYS WITH]      [WEATHER - DAYS WITH]      9 = BLOWING SNOW
                                                   X = TORNADO
MAX 32 OR BELOW:   0    0.01 INCH OR MORE:   3
MAX 90 OR ABOVE:   0    0.10 INCH OR MORE:   2
MIN 32 OR BELOW:   5    0.50 INCH OR MORE:   0
MIN  0 OR BELOW:   0    1.00 INCH OR MORE:   0

[HDD (BASE 65) ]
TOTAL THIS MO.   128    CLEAR  (SCALE 0-3)  20
DPTR FM NORMAL   -25    PTCLDY (SCALE 4-7)   8
TOTAL FM JUL 1   176    CLOUDY (SCALE 8-10)  0
DPTR FM NORMAL    14

[CDD (BASE 65) ]
TOTAL THIS MO.    15
DPTR FM NORMAL     9    [PRESSURE DATA]
TOTAL FM JAN 1   523    HIGHEST SLP M ON M
DPTR FM NORMAL   243    LOWEST  SLP 29.70 ON 23

[REMARKS]
