000
CXUS56 KFGZ 290900
CF6RQE
PRELIMINARY LOCAL CLIMATOLOGICAL DATA (WS FORM: F-6)

                                          STATION:   WINDOW ROCK AZ AIRPORT
                                          MONTH:     JUNE
                                          YEAR:      2015
                                          LATITUDE:   35 39 N
                                          LONGITUDE: 109  4 W

  TEMPERATURE IN F:       :PCPN:    SNOW:  WIND      :SUNSHINE: SKY     :PK WND
================================================================================
1   2   3   4   5  6A  6B    7    8   9   10  11  12  13   14  15   16   17  18
                                     12Z  AVG MX 2MIN
DY MAX MIN AVG DEP HDD CDD  WTR  SNW DPTH SPD SPD DIR MIN PSBL S-S WX    SPD DR
================================================================================

 1  87  42  65   5   0   0 0.00    M    M  7.5 26 240   M    M   2        33 250
 2  84  41  63   3   2   0 0.00    M    M  8.2 22 240   M    M   0        32 260
 3  83  37  60   0   5   0 0.00    M    M  9.5 22 240   M    M   0        37 230
 4  82  35  59  -1   6   0 0.00    M    M  8.7 24 190   M    M   0        32 190
 5  59  52  56  -5   9   0 0.76    M    M  5.8 20 230   M    M   9 1      34 270
 6  68  50  59  -2   6   0 0.11    M    M  5.1 21 250   M    M   5 1      26 240
 7  77  46  62   1   3   0 0.00    M    M  5.0 23 240   M    M   4 12     31 230
 8  84  41  63   1   2   0 0.00    M    M  3.2 14 160   M    M   1        20 160
 9  79  55  67   5   0   2    T    M    M  3.1 20 150   M    M   7        26 180
10  78  54  66   4   0   1 0.12    M    M  7.0 21 230   M    M   6 1      27 230
11  74  50  62  -1   3   0 0.44    M    M  4.1 23 220   M    M   4        31 250
12  77  45  61  -2   4   0    T    M    M  2.7 13 310   M    M   4        17  10
13  77  48  63   0   2   0 0.01    M    M  4.6 29 240   M    M   2        36 240
14  81  45  63   0   2   0 0.00    M    M  3.7 17  60   M    M   2        23  70
15  85  46  66   2   0   1 0.00    M    M  3.2 20  20   M    M   0        28  30
16  88  54  71   7   0   6    T    M    M  5.1 18 310   M    M   2        25 320
17  89  46  68   4   0   3 0.00    M    M  3.9 13 240   M    M   0        21 260
18  91  44  68   4   0   3 0.00    M    M  2.9 17 270   M    M   0        22 280
19  90  45  68   3   0   3 0.00    M    M  4.6 22 270   M    M   0        34 230
20  94  44  69   4   0   4 0.00    M    M  2.8 14 310   M    M   0        19 270
21  94  45  70   5   0   5 0.00    M    M  4.2 17 260   M    M   0        25 270
22  94  50  72   6   0   7 0.00    M    M  3.8 16 260   M    M   0 8      24 270
23  94  49  72   6   0   7 0.00    M    M  5.7 23 130   M    M   2        36 130
24  91  58  75   9   0  10    T    M    M  6.4 29 310   M    M   0 8      39 110
25  90  52  71   5   0   6 0.03    M    M  3.0 22  50   M    M   2        30  40
26  95  48  72   5   0   7 0.00    M    M  3.4 15  90   M    M   0        19  90
27  93  52  73   6   0   8 0.00    M    M  5.7 25 180   M    M   0        38 180
28  89  50  70   3   0   5 0.00    M    M  3.2 20 150   M    M   1        25 160
================================================================================
SM 2367 1324        44  78  1.47    M    136.1          M       53
================================================================================
AV 84.5 47.3                               4.9 FASTST   M    M   2    MAX(MPH)
                                 MISC ---->  # 29 240               # 39  110
================================================================================
NOTES:
# LAST OF SEVERAL OCCURRENCES

COLUMN 17 PEAK WIND IN M.P.H.

PRELIMINARY LOCAL CLIMATOLOGICAL DATA (WS FORM: F-6) , PAGE 2

                                          STATION:  WINDOW ROCK AZ AIRPORT
                                          MONTH:    JUNE
                                          YEAR:     2015
                                          LATITUDE:   35 39 N
                                          LONGITUDE: 109  4 W

[TEMPERATURE DATA]      [PRECIPITATION DATA]       SYMBOLS USED IN COLUMN 16

AVERAGE MONTHLY: 65.9   TOTAL FOR MONTH:   1.47    1 = FOG OR MIST
DPTR FM NORMAL:   2.4   DPTR FM NORMAL:    1.07    2 = FOG REDUCING VISIBILITY
HIGHEST:    95 ON 26    GRTST 24HR  0.79 ON  5- 6      TO 1/4 MILE OR LESS
LOWEST:     35 ON  4                               3 = THUNDER
                        SNOW, ICE PELLETS, HAIL    4 = ICE PELLETS
                        TOTAL MONTH:    M          5 = HAIL
                        GRTST 24HR    M  ON   M    6 = FREEZING RAIN OR DRIZZLE
                        GRTST DEPTH:  M  ON   M    7 = DUSTSTORM OR SANDSTORM:
                                                       VSBY 1/2 MILE OR LESS
                                                   8 = SMOKE OR HAZE
[NO. OF DAYS WITH]      [WEATHER - DAYS WITH]      9 = BLOWING SNOW
                                                   X = TORNADO
MAX 32 OR BELOW:   0    0.01 INCH OR MORE:   6
MAX 90 OR ABOVE:  10    0.10 INCH OR MORE:   4
MIN 32 OR BELOW:   0    0.50 INCH OR MORE:   1
MIN  0 OR BELOW:   0    1.00 INCH OR MORE:   0

[HDD (BASE 65) ]
TOTAL THIS MO.    44    CLEAR  (SCALE 0-3)  21
DPTR FM NORMAL   -37    PTCLDY (SCALE 4-7)   6
TOTAL FM JUL 1  5402    CLOUDY (SCALE 8-10)  1
DPTR FM NORMAL -1003

[CDD (BASE 65) ]
TOTAL THIS MO.    78
DPTR FM NORMAL    43    [PRESSURE DATA]
TOTAL FM JAN 1    78    HIGHEST SLP M ON M
DPTR FM NORMAL    43    LOWEST  SLP 29.78 ON M

[REMARKS]
