000
CXUS53 KGRB 240634
CF6RRL
PRELIMINARY LOCAL CLIMATOLOGICAL DATA (WS FORM: F-6)

                                          STATION:   MERRILL MUNICIPAL AI
                                          MONTH:     AUGUST
                                          YEAR:      2015
                                          LATITUDE:   45 10 N
                                          LONGITUDE:  89 42 W

  TEMPERATURE IN F:       :PCPN:    SNOW:  WIND      :SUNSHINE: SKY     :PK WND
================================================================================
1   2   3   4   5  6A  6B    7    8   9   10  11  12  13   14  15   16   17  18
                                     12Z  AVG MX 2MIN
DY MAX MIN AVG DEP HDD CDD  WTR  SNW DPTH SPD SPD DIR MIN PSBL S-S WX    SPD DR
================================================================================

 1   M   M   M   M   M   M    M    M    M   M   M   M   M    M   M         M  M
 2   M   M   M   M   M   M    M    M    M   M   M   M   M    M   M         M  M
 3   M   M   M   M   M   M    M    M    M   M   M   M   M    M   M         M  M
 4   M   M   M   M   M   M    M    M    M   M   M   M   M    M   M         M  M
 5  75  59  67   M   0   2 0.00  0.0    M  2.2  7 140   M    M   3         M  M
 6  75  52  64   M   1   0 0.00  0.0    0  4.8  9 150   M    M   4         M  M
 7  64  59  62   M   3   0 0.46  0.0    0  6.7 10 110   M    M  10 1       M  M
 8  73  60  67   M   0   2 0.00  0.0    0  3.4  9 130   M    M   8 12      M  M
 9  77  57  67   M   0   2 0.23  0.0    0  1.3  5 300   M    M   8 123     M  M
10  79  57  68   M   0   3 0.00  0.0    0  4.6 12 340   M    M   5 1      18 350
11  77  49  63   M   2   0 0.00  0.0    0  4.1 13  10   M    M   2 1      17 360
12  82  45  64   M   1   0 0.00  0.0    0  4.7 15 260   M    M   2 12     17 250
13  81  60  71   M   0   6 0.00  0.0    0  6.6 15 240   M    M   3        20 260
14  91  62  77   M   0  12 0.00  0.0    0  3.6 13 290   M    M   1 1       M  M
15  88  54  71   M   0   6 0.00  0.0    0  2.1  9 240   M    M   3 12      M  M
16  87  67  77   M   0  12 0.00  0.0    0  7.4 15 240   M    M   3 3      23 230
17  72  61  67   M   0   2 1.08  0.0    0  3.2  9  40   M    M   9 3       M  M
18  66  61  64   M   1   0 0.81  0.0    0  7.1 12  80   M    M  10 1      21 150
19  68  58  63   M   2   0 0.06  0.0    0  7.0 17 240   M    M  10 1      22 240
20  61  46  54   M  11   0 0.02    M    0  8.5 18 280   M    M   8 1      24 280
21  76  39  58   M   7   0 0.00  0.0    0  3.7 10 210   M    M   4 1      18 200
22  79  58  69   M   0   4 0.00  0.0    0  9.1 16 180   M    M   1        27 190
23  68  56  62   M   3   0 0.09  0.0    0 11.6 16 280   M    M   9 1      27 280
================================================================================
SM 1439 1060        31  51  2.75     0.0 101.7          M      103
================================================================================
AV 75.7 55.8                               5.4 FASTST   M    M   5    MAX(MPH)
                                 MISC ---->    18   M               # 27  190
================================================================================
NOTES:
# LAST OF SEVERAL OCCURRENCES

COLUMN 17 PEAK WIND IN M.P.H.

PRELIMINARY LOCAL CLIMATOLOGICAL DATA (WS FORM: F-6) , PAGE 2

                                          STATION:  MERRILL MUNICIPAL AI
                                          MONTH:    AUGUST
                                          YEAR:     2015
                                          LATITUDE:   45 10 N
                                          LONGITUDE:  89 42 W

[TEMPERATURE DATA]      [PRECIPITATION DATA]       SYMBOLS USED IN COLUMN 16

AVERAGE MONTHLY: 65.8   TOTAL FOR MONTH:   2.75    1 = FOG OR MIST
DPTR FM NORMAL:     M   DPTR FM NORMAL:       M    2 = FOG REDUCING VISIBILITY
HIGHEST:    91 ON 14    GRTST 24HR  1.08 ON 17-17      TO 1/4 MILE OR LESS
LOWEST:     39 ON 21                               3 = THUNDER
                        SNOW, ICE PELLETS, HAIL    4 = ICE PELLETS
                        TOTAL MONTH:   0.0 INCH    5 = HAIL
                        GRTST 24HR     0.0         6 = FREEZING RAIN OR DRIZZLE
                        GRTST DEPTH:   0           7 = DUSTSTORM OR SANDSTORM:
                                                       VSBY 1/2 MILE OR LESS
                                                   8 = SMOKE OR HAZE
[NO. OF DAYS WITH]      [WEATHER - DAYS WITH]      9 = BLOWING SNOW
                                                   X = TORNADO
MAX 32 OR BELOW:   0    0.01 INCH OR MORE:   7
MAX 90 OR ABOVE:   1    0.10 INCH OR MORE:   4
MIN 32 OR BELOW:   0    0.50 INCH OR MORE:   2
MIN  0 OR BELOW:   0    1.00 INCH OR MORE:   1

[HDD (BASE 65) ]
TOTAL THIS MO.    31    CLEAR  (SCALE 0-3)   8
DPTR FM NORMAL     M    PTCLDY (SCALE 4-7)   4
TOTAL FM JUL 1    85    CLOUDY (SCALE 8-10)  7
DPTR FM NORMAL     M

[CDD (BASE 65) ]
TOTAL THIS MO.    51
DPTR FM NORMAL     M    [PRESSURE DATA]
TOTAL FM JAN 1    87    HIGHEST SLP M ON M
DPTR FM NORMAL    87    LOWEST  SLP M ON M

[REMARKS]
