631
CXUS53 KGRB 180734
CF6RRL
PRELIMINARY LOCAL CLIMATOLOGICAL DATA (WS FORM: F-6)

                                          STATION:   MERRILL MUNICIPAL AI
                                          MONTH:     SEPTEMBER
                                          YEAR:      2017
                                          LATITUDE:   45 10 N
                                          LONGITUDE:  89 42 W

  TEMPERATURE IN F:       :PCPN:    SNOW:  WIND      :SUNSHINE: SKY     :PK WND
================================================================================
1   2   3   4   5  6A  6B    7    8   9   10  11  12  13   14  15   16   17  18
                                     12Z  AVG MX 2MIN
DY MAX MIN AVG DEP HDD CDD  WTR  SNW DPTH SPD SPD DIR MIN PSBL S-S WX    SPD DR
================================================================================

 1  68  36  52   M  13   0 0.00  0.0    0  2.8  7 190   M    M   3 12      M  M
 2  61  50  56   M   9   0 0.02  0.0    0  3.1  7 260   M    M   7 123     M  M
 3  79  41  60   M   5   0 0.00  0.0    0  5.6 12 240   M    M   2 12     20 250
 4  70  50  60   M   5   0 0.00  0.0    0  9.7 16 300   M    M   6        24 300
 5  59  45  52   M  13   0 0.02    M    0  7.0 13 340   M    M   4        18 320
 6  63  41  52   M  13   0 0.00  0.0    M  4.9 12 360   M    M   7        16 360
 7  59  43  51   M  14   0 0.00  0.0    0  3.3  9 280   M    M   9 1       M  M
 8  64  32  48   M  17   0 0.00  0.0    0  2.4  9 140   M    M   0 1       M  M
 9  68  36  52   M  13   0 0.00  0.0    0  5.1 10 140   M    M   1 1      16 150
10  72  43  58   M   7   0 0.00  0.0    M  3.6  8 190   M    M   1 1       M  M
11  75  43  59   M   6   0 0.00  0.0    0  3.7 12 220   M    M   2 1       M  M
12  79  46  63   M   2   0 0.00  0.0    M  0.8  6 140   M    M   3 12      M  M
13  81  45  63   M   2   0 0.00  0.0    0  1.3  7 260   M    M   3 12      M  M
14  81  46  64   M   1   0 0.00  0.0    0  3.5 12 210   M    M   1 12      M  M
15  84  63  74   M   0   9 0.00  0.0    0  4.1  9 210   M    M   2        21 190
16  81  66  74   M   0   9 0.00  0.0    0  3.4  8 190   M    M   4         M  M
17  73  41  57   M   8   0 0.00  0.0    0  8.0 18 270   M    M   3 13     24 270
================================================================================
SM 1217  767       128  18  0.04     0.0  72.3          M       58
================================================================================
AV 71.6 45.1                               4.3 FASTST   M    M   3    MAX(MPH)
                                 MISC ---->  # 18 270               # 24  300
================================================================================
NOTES:
# LAST OF SEVERAL OCCURRENCES

COLUMN 17 PEAK WIND IN M.P.H.

PRELIMINARY LOCAL CLIMATOLOGICAL DATA (WS FORM: F-6) , PAGE 2

                                          STATION:  MERRILL MUNICIPAL AI
                                          MONTH:    SEPTEMBER
                                          YEAR:     2017
                                          LATITUDE:   45 10 N
                                          LONGITUDE:  89 42 W

[TEMPERATURE DATA]      [PRECIPITATION DATA]       SYMBOLS USED IN COLUMN 16

AVERAGE MONTHLY: 58.4   TOTAL FOR MONTH:   0.04    1 = FOG OR MIST
DPTR FM NORMAL:     M   DPTR FM NORMAL:       M    2 = FOG REDUCING VISIBILITY
HIGHEST:    84 ON 15    GRTST 24HR  0.02 ON  5- 5      TO 1/4 MILE OR LESS
LOWEST:     32 ON  8                               3 = THUNDER
                        SNOW, ICE PELLETS, HAIL    4 = ICE PELLETS
                        TOTAL MONTH:   0.0 INCH    5 = HAIL
                        GRTST 24HR     0.0         6 = FREEZING RAIN OR DRIZZLE
                        GRTST DEPTH:   0           7 = DUSTSTORM OR SANDSTORM:
                                                       VSBY 1/2 MILE OR LESS
                                                   8 = SMOKE OR HAZE
[NO. OF DAYS WITH]      [WEATHER - DAYS WITH]      9 = BLOWING SNOW
                                                   X = TORNADO
MAX 32 OR BELOW:   0    0.01 INCH OR MORE:   2
MAX 90 OR ABOVE:   0    0.10 INCH OR MORE:   0
MIN 32 OR BELOW:   1    0.50 INCH OR MORE:   0
MIN  0 OR BELOW:   0    1.00 INCH OR MORE:   0

[HDD (BASE 65) ]
TOTAL THIS MO.   128    CLEAR  (SCALE 0-3)   9
DPTR FM NORMAL     M    PTCLDY (SCALE 4-7)   7
TOTAL FM JUL 1   261    CLOUDY (SCALE 8-10)  1
DPTR FM NORMAL     M

[CDD (BASE 65) ]
TOTAL THIS MO.    18
DPTR FM NORMAL     M    [PRESSURE DATA]
TOTAL FM JAN 1   178    HIGHEST SLP M ON M
DPTR FM NORMAL   178    LOWEST  SLP M ON M

[REMARKS]
