000
CXUS53 KGRB 200724
CF6RRL
PRELIMINARY LOCAL CLIMATOLOGICAL DATA (WS FORM: F-6)

                                          STATION:   MERRILL MUNICIPAL AI
                                          MONTH:     OCTOBER
                                          YEAR:      2014
                                          LATITUDE:   45 10 N
                                          LONGITUDE:  89 42 W

  TEMPERATURE IN F:       :PCPN:    SNOW:  WIND      :SUNSHINE: SKY     :PK WND
================================================================================
1   2   3   4   5  6A  6B    7    8   9   10  11  12  13   14  15   16   17  18
                                     12Z  AVG MX 2MIN
DY MAX MIN AVG DEP HDD CDD  WTR  SNW DPTH SPD SPD DIR MIN PSBL S-S WX    SPD DR
================================================================================

 1  59  44  52   M  13   0 0.00  0.0    0  7.0 13 130   M    M  10 1      18 130
 2  65  53  59   M   6   0 1.56  0.0    0  2.2 14 330   M    M  10 1      23 330
 3  53  36  45   M  20   0 0.01    M    0 11.8 22 290   M    M  10        31 290
 4  44  33  39   M  26   0 0.04    M    0  9.5 14 290   M    M  10        23 300
 5  46  37  42   M  23   0 0.00  0.0    0  9.4 18 270   M    M  10        22 270
 6  53  32  43   M  22   0 0.00  0.0    0  8.4 21 240   M    M   3        29 240
 7  59  37  48   M  17   0 0.00  0.0    0  8.4 21 280   M    M   6        29 260
 8  52  33  43   M  22   0 0.00  0.0    0 10.4 22 290   M    M   2        35 310
 9  54  28  41   M  24   0 0.00  0.0    0  4.7 13 290   M    M   0        24 260
10  55  24  40   M  25   0 0.00  0.0    0  2.2  8 300   M    M   3 1       M  M
11  54  24  39   M  26   0 0.00  0.0    0  1.2  6 220   M    M   0 1       M  M
12  61  27  44   M  21   0 0.00  0.0    0  5.1 14 200   M    M   4        20 200
13  52  47  50   M  15   0 0.45    M    0  3.2 12  30   M    M  10 1       M  M
14  52  47  50   M  15   0 0.73    M    0 14.0 27  40   M    M   9        37  40
15  60  42  51   M  14   0 0.00  0.0    0  9.3 16  40   M    M   9        24  20
16  62  41  52   M  13   0 0.00  0.0    0  1.3  7 220   M    M   5 12      M  M
17  50  40  45   M  20   0 0.00  0.0    0  9.5 24  10   M    M  10 12     31  10
18  48  28  38   M  27   0 0.00  0.0    0  5.8 15  20   M    M   4        21 350
19  55  25  40   M  25   0 0.00  0.0    0  3.8 14 210   M    M   4 1      18 210
================================================================================
SM 1034  678       374   0  2.79     0.0 127.2          M      119
================================================================================
AV 54.4 35.7                               6.7 FASTST   M    M   6    MAX(MPH)
                                 MISC ---->  # 27  40                 37    M
================================================================================
NOTES:
# LAST OF SEVERAL OCCURRENCES

COLUMN 17 PEAK WIND IN M.P.H.

PRELIMINARY LOCAL CLIMATOLOGICAL DATA (WS FORM: F-6) , PAGE 2

                                          STATION:  MERRILL MUNICIPAL AI
                                          MONTH:    OCTOBER
                                          YEAR:     2014
                                          LATITUDE:   45 10 N
                                          LONGITUDE:  89 42 W

[TEMPERATURE DATA]      [PRECIPITATION DATA]       SYMBOLS USED IN COLUMN 16

AVERAGE MONTHLY: 45.1   TOTAL FOR MONTH:   2.79    1 = FOG OR MIST
DPTR FM NORMAL:     M   DPTR FM NORMAL:       M    2 = FOG REDUCING VISIBILITY
HIGHEST:    65 ON  2    GRTST 24HR  1.56 ON  2- 2      TO 1/4 MILE OR LESS
LOWEST:     24 ON 11,10                            3 = THUNDER
                        SNOW, ICE PELLETS, HAIL    4 = ICE PELLETS
                        TOTAL MONTH:   0.0 INCH    5 = HAIL
                        GRTST 24HR     0.0         6 = FREEZING RAIN OR DRIZZLE
                        GRTST DEPTH:   0           7 = DUSTSTORM OR SANDSTORM:
                                                       VSBY 1/2 MILE OR LESS
                                                   8 = SMOKE OR HAZE
[NO. OF DAYS WITH]      [WEATHER - DAYS WITH]      9 = BLOWING SNOW
                                                   X = TORNADO
MAX 32 OR BELOW:   0    0.01 INCH OR MORE:   5
MAX 90 OR ABOVE:   0    0.10 INCH OR MORE:   3
MIN 32 OR BELOW:   7    0.50 INCH OR MORE:   2
MIN  0 OR BELOW:   0    1.00 INCH OR MORE:   1

[HDD (BASE 65) ]
TOTAL THIS MO.   374    CLEAR  (SCALE 0-3)   4
DPTR FM NORMAL     M    PTCLDY (SCALE 4-7)   6
TOTAL FM JUL 1   827    CLOUDY (SCALE 8-10)  9
DPTR FM NORMAL     M

[CDD (BASE 65) ]
TOTAL THIS MO.     0
DPTR FM NORMAL     M    [PRESSURE DATA]
TOTAL FM JAN 1   190    HIGHEST SLP M ON M
DPTR FM NORMAL   190    LOWEST  SLP M ON M

[REMARKS]
