000
CXUS53 KARX 240930
CF6RST
PRELIMINARY LOCAL CLIMATOLOGICAL DATA (WS FORM: F-6)

                                          STATION:   ROCHESTER MN
                                          MONTH:     JULY
                                          YEAR:      2017
                                          LATITUDE:   43 55 N
                                          LONGITUDE:  92 30 W

  TEMPERATURE IN F:       :PCPN:    SNOW:  WIND      :SUNSHINE: SKY     :PK WND
================================================================================
1   2   3   4   5  6A  6B    7    8   9   10  11  12  13   14  15   16   17  18
                                     12Z  AVG MX 2MIN
DY MAX MIN AVG DEP HDD CDD  WTR  SNW DPTH SPD SPD DIR MIN PSBL S-S WX    SPD DR
================================================================================

 1  73  58  66  -5   0   1 0.00  0.0    0  9.7 20 270   M    M   3 3      23 270
 2  79  59  69  -2   0   4 0.00  0.0    0  7.6 16  20   M    M   1        22  10
 3  79  56  68  -3   0   3 0.00  0.0    0  7.8 14  90   M    M   0        23  90
 4  83  62  73   1   0   8 0.00  0.0    0  9.8 17 130   M    M   1        21 120
 5  87  66  77   5   0  12 0.00  0.0    0  8.0 18 200   M    M   0 1      22 220
 6  90  67  79   7   0  14 0.00  0.0    0  8.2 17 220   M    M   1        22 350
 7  81  62  72   0   0   7 0.00  0.0    0 11.5 23 320   M    M   1        30 320
 8  79  54  67  -5   0   2 0.00  0.0    0  4.5 13 320   M    M   2        16 240
 9  81  56  69  -3   0   4 0.18  0.0    0  8.7 22  10   M    M   1 13     28  10
10  80  63  72   0   0   7 0.00  0.0    0  7.0 14 110   M    M   4 1      19 170
11  81  63  72   0   0   7    T  0.0    0  7.4 16 150   M    M   2 1      19 130
12  89  65  77   5   0  12 0.00  0.0    0 11.5 21 310   M    M   4        26 320
13  71  60  66  -6   0   1    T  0.0    0 10.4 17 330   M    M   7 1      23 330
14  73  55  64  -8   1   0 0.00  0.0    0  5.7 14  20   M    M   6        17 330
15  88  55  72   0   0   7 0.00  0.0    0 10.4 18 240   M    M   1        23 260
16  82  63  73   1   0   8 0.00  0.0    0  7.5 14  30   M    M   2        18  30
17  82  62  72   0   0   7 0.00  0.0    0 11.6 18 180   M    M   1 1      23 180
18  86  67  77   5   0  12 0.25  0.0    0  9.7 26 290   M    M   3 13     33 280
19  82  65  74   3   0   9 1.23  0.0    0  9.9 35 290   M    M   3 13     51 290
20  85  66  76   5   0  11 0.01  0.0    0  6.0 18 150   M    M   3 13     24 140
21  74  63  69  -2   0   4 0.34  0.0    0  8.9 18 160   M    M   4 13     26 160
22  85  68  77   6   0  12 0.00  0.0    0  6.6 15  60   M    M   6 12     20  70
23  76  61  69  -2   0   4 0.00  0.0    0 10.5 18 350   M    M   4        24 350
================================================================================
SM 1866 1416         1 156  2.01     0.0 198.9          M       60
================================================================================
AV 81.1 61.6                               8.6 FASTST   M    M   3    MAX(MPH)
                                 MISC ---->  # 35 290               # 51  290
================================================================================
NOTES:
# LAST OF SEVERAL OCCURRENCES

COLUMN 17 PEAK WIND IN M.P.H.

PRELIMINARY LOCAL CLIMATOLOGICAL DATA (WS FORM: F-6) , PAGE 2

                                          STATION:  ROCHESTER MN
                                          MONTH:    JULY
                                          YEAR:     2017
                                          LATITUDE:   43 55 N
                                          LONGITUDE:  92 30 W

[TEMPERATURE DATA]      [PRECIPITATION DATA]       SYMBOLS USED IN COLUMN 16

AVERAGE MONTHLY: 71.4   TOTAL FOR MONTH:   2.01    1 = FOG OR MIST
DPTR FM NORMAL:  -0.3   DPTR FM NORMAL:   -1.40    2 = FOG REDUCING VISIBILITY
HIGHEST:    90 ON  6    GRTST 24HR  1.23 ON 19-19      TO 1/4 MILE OR LESS
LOWEST:     54 ON  8                               3 = THUNDER
                        SNOW, ICE PELLETS, HAIL    4 = ICE PELLETS
                        TOTAL MONTH:   0.0 INCH    5 = HAIL
                        GRTST 24HR     0.0         6 = FREEZING RAIN OR DRIZZLE
                        GRTST DEPTH:   0           7 = DUSTSTORM OR SANDSTORM:
                                                       VSBY 1/2 MILE OR LESS
                                                   8 = SMOKE OR HAZE
[NO. OF DAYS WITH]      [WEATHER - DAYS WITH]      9 = BLOWING SNOW
                                                   X = TORNADO
MAX 32 OR BELOW:   0    0.01 INCH OR MORE:   5
MAX 90 OR ABOVE:   1    0.10 INCH OR MORE:   4
MIN 32 OR BELOW:   0    0.50 INCH OR MORE:   1
MIN  0 OR BELOW:   0    1.00 INCH OR MORE:   1

[HDD (BASE 65) ]
TOTAL THIS MO.     1    CLEAR  (SCALE 0-3)  16
DPTR FM NORMAL     1    PTCLDY (SCALE 4-7)   7
TOTAL FM JUL 1     1    CLOUDY (SCALE 8-10)  0
DPTR FM NORMAL     1

[CDD (BASE 65) ]
TOTAL THIS MO.   156
DPTR FM NORMAL    -5    [PRESSURE DATA]
TOTAL FM JAN 1   323    HIGHEST SLP M ON M
DPTR FM NORMAL    -2    LOWEST  SLP 29.68 ON 12

[REMARKS]
