000
CXUS53 KARX 290930
CF6RST
PRELIMINARY LOCAL CLIMATOLOGICAL DATA (WS FORM: F-6)

                                          STATION:   ROCHESTER MN
                                          MONTH:     APRIL
                                          YEAR:      2016
                                          LATITUDE:   43 55 N
                                          LONGITUDE:  92 30 W

  TEMPERATURE IN F:       :PCPN:    SNOW:  WIND      :SUNSHINE: SKY     :PK WND
================================================================================
1   2   3   4   5  6A  6B    7    8   9   10  11  12  13   14  15   16   17  18
                                     12Z  AVG MX 2MIN
DY MAX MIN AVG DEP HDD CDD  WTR  SNW DPTH SPD SPD DIR MIN PSBL S-S WX    SPD DR
================================================================================

 1  41  28  35  -5  30   0 0.03    T    0 17.4 35 300   M    M   5 1      44 300
 2  35  27  31  -9  34   0    T    T    0 21.7 45 340   M    M   6 1      55 300
 3  72  25  49   8  16   0 0.00  0.0    0 19.6 33 310   M    M   1        39 300
 4  40  26  33  -8  32   0    T    T    0  9.4 16 360   M    M   6        21 340
 5  37  25  31 -11  34   0 0.02  0.0    0 17.6 36 150   M    M   6 16     46 150
 6  50  33  42   0  23   0 0.05  0.0    0 13.7 24 330   M    M   9 1      28 320
 7  43  27  35  -8  30   0 0.02    T    0 11.5 22 320   M    M   8 1      28 320
 8  34  23  29 -14  36   0 0.05  0.5    0 19.8 33 330   M    M   7 128    42 320
 9  41  18  30 -14  35   0 0.00  0.0    0 14.0 25 150   M    M   0        32 140
10  56  35  46   2  19   0 0.00  0.0    0 17.8 31 150   M    M   2        41 150
11  44  26  35 -10  30   0 0.00  0.0    0 18.3 32 310   M    M   2        39 310
12  52  21  37  -8  28   0 0.00  0.0    0  9.5 18 160   M    M   4        24 160
13  70  42  56  10   9   0    T  0.0    0 18.2 28 180   M    M   4        33 170
14  73  47  60  14   5   0 0.00  0.0    0 17.9 26 170   M    M   2 8      34 170
15  75  46  61  14   4   0 0.00  0.0    0 16.3 28 160   M    M   1        38 150
16  80  51  66  19   0   1 0.00  0.0    0 15.1 26 140   M    M   2        34 160
17  78  51  65  17   0   0 0.00  0.0    0 10.6 21 180   M    M   4        27 170
18  78  51  65  17   0   0 0.02  0.0    0  8.7 18 190   M    M   3 8      23 160
19  58  48  53   5  12   0 0.07  0.0    0 11.3 18 100   M    M  10 1      23 100
20  63  48  56   7   9   0 0.29  0.0    0 10.4 17 140   M    M   8 1      22  50
21  68  42  55   6  10   0    T  0.0    0  6.8 23 340   M    M   4 12     26 360
22  59  42  51   1  14   0 0.00  0.0    0 10.6 24  10   M    M   5        29 360
23  68  40  54   4  11   0 0.01  0.0    0 12.6 24 190   M    M   3 8      30 170
24  71  53  62  12   3   0 0.01  0.0    0 14.8 30 270   M    M   8        35 270
25  71  53  62  11   3   0 0.00  0.0    0 13.8 26 250   M    M   7 18     33 220
26  53  42  48  -3  17   0 0.01  0.0    0 13.3 23  70   M    M  10 12     28  80
27  48  39  44  -8  21   0 0.34  0.0    0 19.0 30  80   M    M   7 1      37  80
28  42  37  40 -12  25   0 0.23  0.0    0 12.2 22  90   M    M  10 1      29  90
================================================================================
SM 1600 1046       490   1  1.15     0.5 401.9          M      144
================================================================================
AV 57.1 37.4                              14.4 FASTST   M    M   5    MAX(MPH)
                                 MISC ---->  # 45 340               # 55  300
================================================================================
NOTES:
# LAST OF SEVERAL OCCURRENCES

COLUMN 17 PEAK WIND IN M.P.H.

PRELIMINARY LOCAL CLIMATOLOGICAL DATA (WS FORM: F-6) , PAGE 2

                                          STATION:  ROCHESTER MN
                                          MONTH:    APRIL
                                          YEAR:     2016
                                          LATITUDE:   43 55 N
                                          LONGITUDE:  92 30 W

[TEMPERATURE DATA]      [PRECIPITATION DATA]       SYMBOLS USED IN COLUMN 16

AVERAGE MONTHLY: 47.2   TOTAL FOR MONTH:   1.15    1 = FOG OR MIST
DPTR FM NORMAL:   1.0   DPTR FM NORMAL:   -1.84    2 = FOG REDUCING VISIBILITY
HIGHEST:    80 ON 16    GRTST 24HR  0.51 ON 31- 1      TO 1/4 MILE OR LESS
LOWEST:     18 ON  9                               3 = THUNDER
                        SNOW, ICE PELLETS, HAIL    4 = ICE PELLETS
                        TOTAL MONTH:   0.5 INCH    5 = HAIL
                        GRTST 24HR   0.5 ON  8- 8  6 = FREEZING RAIN OR DRIZZLE
                        GRTST DEPTH:   0           7 = DUSTSTORM OR SANDSTORM:
                                                       VSBY 1/2 MILE OR LESS
                                                   8 = SMOKE OR HAZE
[NO. OF DAYS WITH]      [WEATHER - DAYS WITH]      9 = BLOWING SNOW
                                                   X = TORNADO
MAX 32 OR BELOW:   0    0.01 INCH OR MORE:  13
MAX 90 OR ABOVE:   0    0.10 INCH OR MORE:   3
MIN 32 OR BELOW:  10    0.50 INCH OR MORE:   0
MIN  0 OR BELOW:   0    1.00 INCH OR MORE:   0

[HDD (BASE 65) ]
TOTAL THIS MO.   490    CLEAR  (SCALE 0-3)   8
DPTR FM NORMAL   -38    PTCLDY (SCALE 4-7)  16
TOTAL FM JUL 1  6505    CLOUDY (SCALE 8-10)  4
DPTR FM NORMAL  -895

[CDD (BASE 65) ]
TOTAL THIS MO.     1
DPTR FM NORMAL     1    [PRESSURE DATA]
TOTAL FM JAN 1     1    HIGHEST SLP M ON M
DPTR FM NORMAL     1    LOWEST  SLP 29.44 ON  3

[REMARKS]
