537
CXUS54 KTSA 260840
CF6RVS
PRELIMINARY LOCAL CLIMATOLOGICAL DATA (WS FORM: F-6)

                                          STATION:   TULSA-RIVERSIDE  OKLAHOMA
                                          MONTH:     MAY
                                          YEAR:      2017
                                          LATITUDE:   36  2 N
                                          LONGITUDE:  95 59 W

  TEMPERATURE IN F:       :PCPN:    SNOW:  WIND      :SUNSHINE: SKY     :PK WND
================================================================================
1   2   3   4   5  6A  6B    7    8   9   10  11  12  13   14  15   16   17  18
                                     12Z  AVG MX 2MIN
DY MAX MIN AVG DEP HDD CDD  WTR  SNW DPTH SPD SPD DIR MIN PSBL S-S WX    SPD DR
================================================================================

 1  72  44  58  -6   7   0 0.00  0.0    0  6.6 15 280   M    M   3        26 290
 2  79  45  62  -2   3   0    T  0.0    0  4.9 13  20   M    M   1        17  10
 3  63  52  58  -7   7   0 0.12  0.0    0 11.2 21  10   M    M   9 13     32  40
 4  72  46  59  -6   6   0 0.00  0.0    0  8.7 20  10   M    M   2        31 340
 5  76  46  61  -4   4   0 0.00  0.0    0  4.2 14  10   M    M   0        21 310
 6  85  46  66   0   0   1 0.00  0.0    0  1.8 10 240   M    M   0        16 240
 7  87  53  70   4   0   5 0.00  0.0    0  5.3 15 170   M    M   0        21 170
 8  84  56  70   4   0   5 0.00  0.0    0  6.4 16 170   M    M   0        22 210
 9  85  57  71   5   0   6 0.00  0.0    0  6.1 15 180   M    M   3 1      20 180
10  82  62  72   5   0   7 0.70  0.0    0  8.2 21 200   M    M   8 13     33 270
11  82  62  72   5   0   7 0.39  0.0    0  6.1 22 170   M    M   6 13     28 170
12  75  57  66  -1   0   1 0.28  0.0    0  8.6 21  30   M    M   6 13     29  50
13  80  52  66  -2   0   1 0.00  0.0    0  2.4 10 170   M    M   0 1      16 170
14  85  54  70   2   0   5 0.00  0.0    0  6.4 17 180   M    M   0        23 180
15  89  63  76   8   0  11 0.00  0.0    0  9.1 18 170   M    M   0        23 180
16  84  67  76   7   0  11 0.00  0.0    0 14.2 24 170   M    M   5        33 180
17  84  62  73   4   0   8 0.27  0.0    0 13.0 32 200   M    M   3 13     45 200
18  89  63  76   7   0  11 2.08  0.0    0 10.6 37 210   M    M   5 13     62 210
19  73  64  69   0   0   4 2.74  0.0    0  7.6 24 180   M    M  10 13     36 180
20  72  54  63  -7   2   0 0.29  0.0    0  4.8 12 240   M    M   3 13     18 320
21  77  50  64  -6   1   0 0.00  0.0    0  2.6 10  30   M    M   0        14  30
22  77  53  65  -5   0   0 0.03  0.0    0  3.4 15 180   M    M   2 1      20 180
23  72  56  64  -7   1   0 0.05  0.0    0  4.8 15 350   M    M   6 1      22 360
24  70  50  60 -11   5   0 0.00  0.0    0  4.8 13 340   M    M   4        20 300
25  85  48  67  -4   0   2 0.00  0.0    0  8.8 20 160   M    M   0        28 160
================================================================================
SM 1979 1362        36  85  6.95     0.0 170.6          M       76
================================================================================
AV 79.2 54.5                               6.8 FASTST   M    M   3    MAX(MPH)
                                 MISC ---->  # 37 210               # 62  210
================================================================================
NOTES:
# LAST OF SEVERAL OCCURRENCES

COLUMN 17 PEAK WIND IN M.P.H.

PRELIMINARY LOCAL CLIMATOLOGICAL DATA (WS FORM: F-6) , PAGE 2

                                          STATION:  TULSA-RIVERSIDE  OKLAHOMA
                                          MONTH:    MAY
                                          YEAR:     2017
                                          LATITUDE:   36  2 N
                                          LONGITUDE:  95 59 W

[TEMPERATURE DATA]      [PRECIPITATION DATA]       SYMBOLS USED IN COLUMN 16

AVERAGE MONTHLY: 66.8   TOTAL FOR MONTH:   6.95    1 = FOG OR MIST
DPTR FM NORMAL:  -0.8   DPTR FM NORMAL:    2.36    2 = FOG REDUCING VISIBILITY
HIGHEST:    89 ON 18,15 GRTST 24HR  2.74 ON 19-19      TO 1/4 MILE OR LESS
LOWEST:     44 ON  1                               3 = THUNDER
                        SNOW, ICE PELLETS, HAIL    4 = ICE PELLETS
                        TOTAL MONTH:   0.0 INCH    5 = HAIL
                        GRTST 24HR     0.0         6 = FREEZING RAIN OR DRIZZLE
                        GRTST DEPTH:   0           7 = DUSTSTORM OR SANDSTORM:
                                                       VSBY 1/2 MILE OR LESS
                                                   8 = SMOKE OR HAZE
[NO. OF DAYS WITH]      [WEATHER - DAYS WITH]      9 = BLOWING SNOW
                                                   X = TORNADO
MAX 32 OR BELOW:   0    0.01 INCH OR MORE:  10
MAX 90 OR ABOVE:   0    0.10 INCH OR MORE:   8
MIN 32 OR BELOW:   0    0.50 INCH OR MORE:   3
MIN  0 OR BELOW:   0    1.00 INCH OR MORE:   2

[HDD (BASE 65) ]
TOTAL THIS MO.    36    CLEAR  (SCALE 0-3)  15
DPTR FM NORMAL    -4    PTCLDY (SCALE 4-7)   8
TOTAL FM JUL 1  2682    CLOUDY (SCALE 8-10)  2
DPTR FM NORMAL -1009

[CDD (BASE 65) ]
TOTAL THIS MO.    85
DPTR FM NORMAL   -21    [PRESSURE DATA]
TOTAL FM JAN 1   200    HIGHEST SLP M ON M
DPTR FM NORMAL    42    LOWEST  SLP 29.58 ON 17

[REMARKS]
