079
CXUS54 KTSA 290840
CF6RVS
PRELIMINARY LOCAL CLIMATOLOGICAL DATA (WS FORM: F-6)

                                          STATION:   TULSA-RIVERSIDE  OKLAHOMA
                                          MONTH:     APRIL
                                          YEAR:      2016
                                          LATITUDE:   36  2 N
                                          LONGITUDE:  95 59 W

  TEMPERATURE IN F:       :PCPN:    SNOW:  WIND      :SUNSHINE: SKY     :PK WND
================================================================================
1   2   3   4   5  6A  6B    7    8   9   10  11  12  13   14  15   16   17  18
                                     12Z  AVG MX 2MIN
DY MAX MIN AVG DEP HDD CDD  WTR  SNW DPTH SPD SPD DIR MIN PSBL S-S WX    SPD DR
================================================================================

 1  64  43  54  -2  11   0 0.00  0.0    0  7.1 15 320   M    M   0        24 280
 2  72  32  52  -4  13   0 0.00  0.0    0  3.1 13 340   M    M   0 8      21 290
 3  80  40  60   4   5   0 0.00  0.0    0  7.4 24 190   M    M   0        33 190
 4  82  43  63   7   2   0 0.00  0.0    0  7.8 20  50   M    M   0        26  30
 5  88  46  67  10   0   2    T    M    0 12.4 28 190   M    M   0 8      36 190
 6  74  47  61   4   4   0    T    M    0  8.9 30 190   M    M   1        42 190
 7  78  41  60   3   5   0 0.00  0.0    0  7.3 20 350   M    M   0        30 340
 8  72  40  56  -2   9   0 0.00  0.0    0  3.5 10 340   M    M   0        17  10
 9  76  42  59   1   6   0 0.00  0.0    0  9.7 23 180   M    M   3        32 180
10  83  59  71  13   0   6 0.03  0.0    0 14.9 28 210   M    M   6 13     38 210
11  68  54  61   3   4   0 0.43  0.0    0 10.7 24  40   M    M   4 13     33  40
12  71  44  58  -1   7   0 0.00  0.0    0  4.3 13  20   M    M   1        17  40
13  63  50  57  -2   8   0 0.35  0.0    0  4.3 15 130   M    M   7 1      19 110
14  72  51  62   3   3   0 0.00  0.0    0  2.6 10 140   M    M   4        14 130
15  75  49  62   2   3   0 0.00  0.0    0  7.9 18 120   M    M   1 1      26 130
16  69  61  65   5   0   0 0.00  0.0    0 13.2 22 120   M    M   8        29 130
17  69  62  66   6   0   1 1.12  0.0    0  8.1 22 120   M    M   9 13     27 120
18  66  60  63   3   2   0 1.26  0.0    0  2.1 15 120   M    M  10 13     21 110
19  67  58  63   2   2   0 1.79  0.0    M  4.9 15 270   M    M  10 13     21 300
20  72  54  63   2   2   0 0.02  0.0    0  2.8 10 230   M    M   5        14 240
21  75  51  63   2   2   0 0.00  0.0    0  3.6 12 320   M    M   2 1      18 300
22  81  49  65   3   0   0 0.00  0.0    0  2.9 12  10   M    M   1 1      20 300
23  84  49  67   5   0   2 0.00  0.0    0  5.6 17 180   M    M   0 1      22 170
24  82  56  69   7   0   4 0.00  0.0    0 12.6 25 200   M    M   0        34 170
25  84  66  75  13   0  10 0.00  0.0    0  9.6 18 180   M    M   8        24 180
26  84  60  72   9   0   7 0.96  0.0    0 10.6 23  50   M    M   6 13     35  50
27  74  55  65   2   0   0    T  0.0    0  5.9 24 100   M    M   3 3      34 120
28  76  48  62  -1   3   0 0.00  0.0    0  4.8 14  30   M    M   0        18  40
================================================================================
SM 2101 1410        91  32  5.96     0.0 198.6          M       89
================================================================================
AV 75.0 50.4                               7.1 FASTST   M    M   3    MAX(MPH)
                                 MISC ---->  # 30 190               # 42  190
================================================================================
NOTES:
# LAST OF SEVERAL OCCURRENCES

COLUMN 17 PEAK WIND IN M.P.H.

PRELIMINARY LOCAL CLIMATOLOGICAL DATA (WS FORM: F-6) , PAGE 2

                                          STATION:  TULSA-RIVERSIDE  OKLAHOMA
                                          MONTH:    APRIL
                                          YEAR:     2016
                                          LATITUDE:   36  2 N
                                          LONGITUDE:  95 59 W

[TEMPERATURE DATA]      [PRECIPITATION DATA]       SYMBOLS USED IN COLUMN 16

AVERAGE MONTHLY: 62.7   TOTAL FOR MONTH:   5.96    1 = FOG OR MIST
DPTR FM NORMAL:   3.3   DPTR FM NORMAL:    2.32    2 = FOG REDUCING VISIBILITY
HIGHEST:    88 ON  5    GRTST 24HR  2.31 ON 17-18      TO 1/4 MILE OR LESS
LOWEST:     32 ON  2                               3 = THUNDER
                        SNOW, ICE PELLETS, HAIL    4 = ICE PELLETS
                        TOTAL MONTH:   0.0 INCH    5 = HAIL
                        GRTST 24HR     0.0         6 = FREEZING RAIN OR DRIZZLE
                        GRTST DEPTH:   0           7 = DUSTSTORM OR SANDSTORM:
                                                       VSBY 1/2 MILE OR LESS
                                                   8 = SMOKE OR HAZE
[NO. OF DAYS WITH]      [WEATHER - DAYS WITH]      9 = BLOWING SNOW
                                                   X = TORNADO
MAX 32 OR BELOW:   0    0.01 INCH OR MORE:   8
MAX 90 OR ABOVE:   0    0.10 INCH OR MORE:   6
MIN 32 OR BELOW:   1    0.50 INCH OR MORE:   4
MIN  0 OR BELOW:   0    1.00 INCH OR MORE:   3

[HDD (BASE 65) ]
TOTAL THIS MO.    91    CLEAR  (SCALE 0-3)  17
DPTR FM NORMAL  -100    PTCLDY (SCALE 4-7)   8
TOTAL FM JUL 1  2765    CLOUDY (SCALE 8-10)  3
DPTR FM NORMAL  -880

[CDD (BASE 65) ]
TOTAL THIS MO.    32
DPTR FM NORMAL    -5    [PRESSURE DATA]
TOTAL FM JAN 1    45    HIGHEST SLP M ON M
DPTR FM NORMAL    -3    LOWEST  SLP 29.47 ON 27

[REMARKS]
