000
CXUS55 KCYS 271000
CF6RWL
PRELIMINARY LOCAL CLIMATOLOGICAL DATA (WS FORM: F-6)

                                          STATION:   RAWLINS WYOMING AIRPORT
                                          MONTH:     MARCH
                                          YEAR:      2015
                                          LATITUDE:   41 47 N
                                          LONGITUDE: 107 12 W

  TEMPERATURE IN F:       :PCPN:    SNOW:  WIND      :SUNSHINE: SKY     :PK WND
================================================================================
1   2   3   4   5  6A  6B    7    8   9   10  11  12  13   14  15   16   17  18
                                     12Z  AVG MX 2MIN
DY MAX MIN AVG DEP HDD CDD  WTR  SNW DPTH SPD SPD DIR MIN PSBL S-S WX    SPD DR
================================================================================

 1  33   4  19  -9  46   0    T    M    M  3.5  9  50   M    M   6 18     11  20
 2  34  21  28   0  37   0 0.40    M    M  2.6 25 250   M    M  10 12     36 250
 3  25  -3  11 -17  54   0 0.03    M    M  8.0 26 360   M    M  10 18     31 360
 4  15 -21  -3 -32  68   0    T    M    M  5.9 16 230   M    M   2 18     21 230
 5  32  13  23  -6  42   0 0.00    M    M 15.9 32 250   M    M   0        43 250
 6  39  24  32   3  33   0 0.00  0.0    0 16.6 32 250   M    M   0        42 250
 7  44  13  29  -1  36   0 0.00    M    M  6.0 21 250   M    M   0        25 240
 8  46  20  33   3  32   0 0.00    M    M  2.8 17  20   M    M   0        21  20
 9  48  25  37   7  28   0 0.00    M    M 10.4 22 280   M    M   0        27 270
10  52  30  41  10  24   0 0.00    M    M 10.0 18 230   M    M   0        23 230
11  53  32  43  12  22   0 0.00    M    M 10.4 29 230   M    M   0        36 230
12  50  29  40   9  25   0    T    M    M  9.5 21 270   M    M   5        27 270
13  55  23  39   7  26   0 0.00    M    M  4.3 12  50   M    M   0        15  70
14  58  22  40   8  25   0 0.00    M    M 14.9 29 230   M    M   0        37 240
15  67  44  56  24   9   0 0.00    M    M 12.8 26 250   M    M   0        33 250
16  64  38  51  19  14   0 0.00    M    M 11.3 23  60   M    M   0        29  60
17  61  33  47  14  18   0 0.00    M    M  8.2 21  60   M    M   1        25  50
18  60  33  47  14  18   0 0.00    M    M 12.7 29 240   M    M   2        35 250
19  52  23  38   5  27   0    T    M    M  4.5 16 350   M    M   4        22 330
20  61  22  42   8  23   0 0.00    M    M  9.2 22 250   M    M   0        28 240
21  64  31  48  14  17   0 0.00    M    M  8.9 22 270   M    M   1        27 250
22  58  37  48  14  17   0 0.00    M    M  9.6 22 280   M    M   3        27 300
23  57  32  45  11  20   0 0.03    M    M 13.5 44 260   M    M   5 1      52 250
24  41  27  34  -1  31   0 0.03    M    M 24.1 37 250   M    M   5 1      45 250
25  43  24  34  -1  31   0    T    M    M 13.6 24 270   M    M   5 18     35 280
26  57  27  42   7  23   0 0.00    M    M 16.9 26 260   M    M   1        40 260
================================================================================
SM 1269  603       746   0  0.49     0.0 266.1          M       60
================================================================================
AV 48.8 23.2                              10.2 FASTST   M    M   2    MAX(MPH)
                                 MISC ---->  # 44 260               # 52  250
================================================================================
NOTES:
# LAST OF SEVERAL OCCURRENCES

COLUMN 17 PEAK WIND IN M.P.H.

PRELIMINARY LOCAL CLIMATOLOGICAL DATA (WS FORM: F-6) , PAGE 2

                                          STATION:  RAWLINS WYOMING AIRPORT
                                          MONTH:    MARCH
                                          YEAR:     2015
                                          LATITUDE:   41 47 N
                                          LONGITUDE: 107 12 W

[TEMPERATURE DATA]      [PRECIPITATION DATA]       SYMBOLS USED IN COLUMN 16

AVERAGE MONTHLY: 36.0   TOTAL FOR MONTH:   0.49    1 = FOG OR MIST
DPTR FM NORMAL:   4.4   DPTR FM NORMAL:   -0.05    2 = FOG REDUCING VISIBILITY
HIGHEST:    67 ON 15    GRTST 24HR  0.40 ON  2- 2      TO 1/4 MILE OR LESS
LOWEST:    -21 ON  4                               3 = THUNDER
                        SNOW, ICE PELLETS, HAIL    4 = ICE PELLETS
                        TOTAL MONTH:   0.0 INCH    5 = HAIL
                        GRTST 24HR     0.0         6 = FREEZING RAIN OR DRIZZLE
                        GRTST DEPTH:   0           7 = DUSTSTORM OR SANDSTORM:
                                                       VSBY 1/2 MILE OR LESS
                                                   8 = SMOKE OR HAZE
[NO. OF DAYS WITH]      [WEATHER - DAYS WITH]      9 = BLOWING SNOW
                                                   X = TORNADO
MAX 32 OR BELOW:   3    0.01 INCH OR MORE:   4
MAX 90 OR ABOVE:   0    0.10 INCH OR MORE:   1
MIN 32 OR BELOW:  21    0.50 INCH OR MORE:   0
MIN  0 OR BELOW:   2    1.00 INCH OR MORE:   0

[HDD (BASE 65) ]
TOTAL THIS MO.   746    CLEAR  (SCALE 0-3)  17
DPTR FM NORMAL  -122    PTCLDY (SCALE 4-7)   7
TOTAL FM JUL 1  5977    CLOUDY (SCALE 8-10)  2
DPTR FM NORMAL  -848

[CDD (BASE 65) ]
TOTAL THIS MO.     0
DPTR FM NORMAL     0    [PRESSURE DATA]
TOTAL FM JAN 1     0    HIGHEST SLP M ON M
DPTR FM NORMAL     0    LOWEST  SLP 29.48 ON M

[REMARKS]
