000
CXUS55 KCYS 231000
CF6RWL
PRELIMINARY LOCAL CLIMATOLOGICAL DATA (WS FORM: F-6)

                                          STATION:   RAWLINS WYOMING AIRPORT
                                          MONTH:     JULY
                                          YEAR:      2016
                                          LATITUDE:   41 47 N
                                          LONGITUDE: 107 12 W

  TEMPERATURE IN F:       :PCPN:    SNOW:  WIND      :SUNSHINE: SKY     :PK WND
================================================================================
1   2   3   4   5  6A  6B    7    8   9   10  11  12  13   14  15   16   17  18
                                     12Z  AVG MX 2MIN
DY MAX MIN AVG DEP HDD CDD  WTR  SNW DPTH SPD SPD DIR MIN PSBL S-S WX    SPD DR
================================================================================

 1  78  54  66   2   0   1 0.04    M    M  8.0 26 240   M    M   7 3      33 240
 2  79  50  65   0   0   0 0.01    M    M  7.7 28 340   M    M   3 3      36 350
 3  85  50  68   3   0   3    T    M    M 13.9 39 280   M    M   2 3      49 280
 4  85  62  74   9   0   9    T    M    M 16.9 29 210   M    M   1        37 220
 5  82  52  67   1   0   2    T    M    M 11.8 37 230   M    M   2 3      45 230
 6  85  45  65  -1   0   0 0.00    M    M 10.4 33 250   M    M   1        47 250
 7  82  56  69   3   0   4    T    M    M 12.8 29 260   M    M   1        40 250
 8  90  44  67   1   0   2 0.00    M    M  8.8 24 230   M    M   0        33 230
 9  90  49  70   4   0   5 0.00    M    M 11.4 29 210   M    M   0        38 220
10  89  55  72   5   0   7 0.00    M    M 18.3 38 230   M    M   0        48 200
11  69  46  58  -9   7   0 0.00    M    M 19.6 35 240   M    M   0        45 270
12  81  38  60  -7   5   0 0.00    M    M 12.3 30 260   M    M   0        40 240
13  83  43  63  -4   2   0 0.00    M    M 12.8 30 260   M    M   0        42 270
14  85  42  64  -3   1   0 0.00    M    M  9.4 28 290   M    M   0        35 280
15  87  41  64  -4   1   0 0.00    M    M  8.1 38 290   M    M   0        54 290
16  87  54  71   3   0   6 0.00    M    M 12.3 31 220   M    M   1        42 230
17  90  52  71   3   0   6 0.00    M    M 10.2 25 210   M    M   1        38 210
18  85  47  66  -2   0   1 0.01    M    M  9.9 40 220   M    M   2 8      54 210
19  87  60  74   6   0   9 0.00    M    M 11.5 23 270   M    M   1        30 270
20  88  58  73   5   0   8    T    M    M  7.5 28 260   M    M   0        33 270
21  91  50  71   3   0   6 0.00    M    M  5.8 31 230   M    M   0        38 230
22  92  49  71   3   0   6 0.00    M    M  9.6 31 280   M    M   0        36 270
================================================================================
SM 1870 1097        16  75  0.06    M    249.0          M       22
================================================================================
AV 85.0 49.9                              11.3 FASTST   M    M   1    MAX(MPH)
                                 MISC ---->  # 40 220               # 54  290
================================================================================
NOTES:
# LAST OF SEVERAL OCCURRENCES

COLUMN 17 PEAK WIND IN M.P.H.

PRELIMINARY LOCAL CLIMATOLOGICAL DATA (WS FORM: F-6) , PAGE 2

                                          STATION:  RAWLINS WYOMING AIRPORT
                                          MONTH:    JULY
                                          YEAR:     2016
                                          LATITUDE:   41 47 N
                                          LONGITUDE: 107 12 W

[TEMPERATURE DATA]      [PRECIPITATION DATA]       SYMBOLS USED IN COLUMN 16

AVERAGE MONTHLY: 67.4   TOTAL FOR MONTH:   0.06    1 = FOG OR MIST
DPTR FM NORMAL:   0.7   DPTR FM NORMAL:   -0.51    2 = FOG REDUCING VISIBILITY
HIGHEST:    92 ON 22    GRTST 24HR  0.05 ON 30- 1      TO 1/4 MILE OR LESS
LOWEST:     38 ON 12                               3 = THUNDER
                        SNOW, ICE PELLETS, HAIL    4 = ICE PELLETS
                        TOTAL MONTH:    M          5 = HAIL
                        GRTST 24HR    M  ON   M    6 = FREEZING RAIN OR DRIZZLE
                        GRTST DEPTH:  M  ON   M    7 = DUSTSTORM OR SANDSTORM:
                                                       VSBY 1/2 MILE OR LESS
                                                   8 = SMOKE OR HAZE
[NO. OF DAYS WITH]      [WEATHER - DAYS WITH]      9 = BLOWING SNOW
                                                   X = TORNADO
MAX 32 OR BELOW:   0    0.01 INCH OR MORE:   3
MAX 90 OR ABOVE:   5    0.10 INCH OR MORE:   0
MIN 32 OR BELOW:   0    0.50 INCH OR MORE:   0
MIN  0 OR BELOW:   0    1.00 INCH OR MORE:   0

[HDD (BASE 65) ]
TOTAL THIS MO.    16    CLEAR  (SCALE 0-3)  21
DPTR FM NORMAL   -13    PTCLDY (SCALE 4-7)   1
TOTAL FM JUL 1    16    CLOUDY (SCALE 8-10)  0
DPTR FM NORMAL   -13

[CDD (BASE 65) ]
TOTAL THIS MO.    75
DPTR FM NORMAL     9    [PRESSURE DATA]
TOTAL FM JAN 1   116    HIGHEST SLP  0.00 ON M
DPTR FM NORMAL    31    LOWEST  SLP 29.44 ON 10

[REMARKS]
