000
CXUS55 KPIH 201200
CF6RXE

PRELIMINARY LOCAL CLIMATOLOGICAL DATA (WS FORM: F-6)

                                          STATION:   REXBURG ID
                                          MONTH:     FEBRUARY
                                          YEAR:      2018
                                          LATITUDE:   43 49 N
                                          LONGITUDE: 111 48 W

  TEMPERATURE IN F:       :PCPN:    SNOW:  WIND      :SUNSHINE: SKY     :PK WND
================================================================================
1   2   3   4   5  6A  6B    7    8   9   10  11  12  13   14  15   16   17  18
                                     12Z  AVG MX 2MIN
DY MAX MIN AVG DEP HDD CDD  WTR  SNW DPTH SPD SPD DIR MIN PSBL S-S WX    SPD DR
================================================================================

 1  33  19  26   6  39   0 0.00    M    M  4.6 13 220   M    M   6        17 210
 2  40  29  35  15  30   0    T    M    M  4.2 15 210   M    M   8        23 210
 3  47  30  39  19  26   0 0.00    M    M 11.5 22 210   M    M   6        28 200
 4  46  35  41  21  24   0 0.04    M    M 13.8 23 210   M    M   8 1      35 360
 5  45  34  40  20  25   0 0.00    M    M  9.2 17 180   M    M   6        23 190
 6  42  29  36  16  29   0 0.00    M    M 12.4 21 220   M    M   7        26 210
 7  43  31  37  17  28   0 0.00    M    M 11.3 21 230   M    M   9        27 230
 8  48  35  42  22  23   0 0.00    M    M 10.7 24 230   M    M   3        32 220
 9  44  29  37  17  28   0 0.00    M    M  8.4 16  40   M    M   3        21  30
10  35  21  28   7  37   0 0.00    M    M  7.6 14 200   M    M   3        20 190
11  33  22  28   7  37   0 0.00    M    M  7.8 20 200   M    M   2 8      27 210
12  32  18  25   4  40   0    T    M    M  9.5 17  60   M    M   8 18     22  40
13  31  11  21   0  44   0 0.00    M    M  3.5  7  70   M    M   5         9  70
14  43  20  32  10  33   0 0.00    M    M 12.0 26 230   M    M   6        34 220
15  31  23  27   5  38   0 0.01    M    M  9.7 22 230   M    M   8 1      26 200
16  29  21  25   3  40   0    T    M    M 14.0 22 210   M    M   6 1      31 210
17  44  23  34  12  31   0    T    M    M 19.1 37 230   M    M   8        53 230
18  41  25  33  10  32   0 0.00    M    M 19.5 35 220   M    M   7        47 230
19  25   6  16  -7  49   0    T    M    M  9.3 18 220   M    M   5        24  20
================================================================================
SM  732  461       633   0  0.05    M    198.1          M      114
================================================================================
AV 38.5 24.3                              10.4 FASTST   M    M   6    MAX(MPH)
                                 MISC ---->  # 37 230               # 53  230
================================================================================
NOTES:
# LAST OF SEVERAL OCCURRENCES
PRECIPITATION SUSPECT DURING FREEZING/FROZEN EVENTS

COLUMN 17 PEAK WIND IN M.P.H.

PRELIMINARY LOCAL CLIMATOLOGICAL DATA (WS FORM: F-6) , PAGE 2

                                          STATION:  REXBURG ID
                                          MONTH:    FEBRUARY
                                          YEAR:     2018
                                          LATITUDE:   43 49 N
                                          LONGITUDE: 111 48 W

[TEMPERATURE DATA]      [PRECIPITATION DATA]       SYMBOLS USED IN COLUMN 16

AVERAGE MONTHLY: 31.4   TOTAL FOR MONTH:   0.05    1 = FOG OR MIST
DPTR FM NORMAL:  10.4   DPTR FM NORMAL:   -0.51    2 = FOG REDUCING VISIBILITY
HIGHEST:    48 ON  8    GRTST 24HR  0.04 ON  4- 4      TO 1/4 MILE OR LESS
LOWEST:      6 ON 19                               3 = THUNDER
                        SNOW, ICE PELLETS, HAIL    4 = ICE PELLETS
                        TOTAL MONTH:    M          5 = HAIL
                        GRTST 24HR    M  ON   M    6 = FREEZING RAIN OR DRIZZLE
                        GRTST DEPTH:  M  ON   M    7 = DUSTSTORM OR SANDSTORM:
                                                       VSBY 1/2 MILE OR LESS
                                                   8 = SMOKE OR HAZE
[NO. OF DAYS WITH]      [WEATHER - DAYS WITH]      9 = BLOWING SNOW
                                                   X = TORNADO
MAX 32 OR BELOW:   5    0.01 INCH OR MORE:   2
MAX 90 OR ABOVE:   0    0.10 INCH OR MORE:   0
MIN 32 OR BELOW:  16    0.50 INCH OR MORE:   0
MIN  0 OR BELOW:   0    1.00 INCH OR MORE:   0

[HDD (BASE 65) ]
TOTAL THIS MO.   633    CLEAR  (SCALE 0-3)   3
DPTR FM NORMAL  -203    PTCLDY (SCALE 4-7)  12
TOTAL FM JUL 1  5043    CLOUDY (SCALE 8-10)  4
DPTR FM NORMAL  -570

[CDD (BASE 65) ]
TOTAL THIS MO.     0
DPTR FM NORMAL     0    [PRESSURE DATA]
TOTAL FM JAN 1     0    HIGHEST SLP M ON M
DPTR FM NORMAL     0    LOWEST  SLP 29.51 ON 18

[REMARKS]
