000
CXUS55 KPIH 231200
CF6RXE

PRELIMINARY LOCAL CLIMATOLOGICAL DATA (WS FORM: F-6)

                                          STATION:   REXBURG ID
                                          MONTH:     NOVEMBER
                                          YEAR:      2017
                                          LATITUDE:   43 49 N
                                          LONGITUDE: 111 48 W

  TEMPERATURE IN F:       :PCPN:    SNOW:  WIND      :SUNSHINE: SKY     :PK WND
================================================================================
1   2   3   4   5  6A  6B    7    8   9   10  11  12  13   14  15   16   17  18
                                     12Z  AVG MX 2MIN
DY MAX MIN AVG DEP HDD CDD  WTR  SNW DPTH SPD SPD DIR MIN PSBL S-S WX    SPD DR
================================================================================

 1  56  40  48  10  17   0    T    M    M 15.0 33 230   M    M   6        43 220
 2  52  37  45   7  20   0    T    M    M  8.7 23 230   M    M   9        29 240
 3  49  43  46   9  19   0    T    M    M 13.7 29 230   M    M  10        37 230
 4  44  29  37   0  28   0 0.11    M    M 15.4 26 210   M    M   9 1      35 200
 5  41  23  32  -4  33   0 0.00    M    M 11.9 23 220   M    M   6        29 200
 6  37  24  31  -5  34   0 0.03    M    M  8.8 23 230   M    M  10 1      33 220
 7  36  20  28  -7  37   0 0.00    M    M  4.4  9  50   M    M   4        12  40
 8  35  20  28  -7  37   0 0.00    M    M  4.5  9  60   M    M   2        12  60
 9  50  29  40   6  25   0 0.00    M    M  6.2 17 200   M    M   8        22 190
10  50  34  42   8  23   0 0.00    M    M 10.9 22 220   M    M   3        30 210
11  43  25  34   1  31   0 0.01    M    M  8.0 20 210   M    M   7        26 220
12  49  21  35   2  30   0 0.00    M    M  3.9  9  70   M    M   1        11  60
13  56  26  41   9  24   0 0.00    M    M  6.8 18 230   M    M   2        23 220
14  48  31  40   8  25   0    T    M    M 13.4 30 230   M    M   5        38 230
15  46  22  34   3  31   0 0.19    M    M  5.7 16 180   M    M   4 1      22 180
16  46  37  42  12  23   0 0.27    M    M 14.3 26 180   M    M  10 1      36 180
17  39  24  32   2  33   0 0.05    M    M  9.5 20 360   M    M   7 1      30 350
18  34  24  29   0  36   0 0.00    M    M  8.7 17 210   M    M   4        25 210
19  38  20  29   0  36   0 0.00    M    M  3.3  7  70   M    M   0        10  50
20  40  26  33   5  32   0 0.03    M    M  6.0 18 220   M    M   6 1      23 200
21  41  34  38  10  27   0 0.01    M    M  2.1 12 240   M    M  10 1      16 230
22  51  34  43  16  22   0 0.00    M    M  3.4  8  20   M    M   6 1      10  20
================================================================================
SM  981  623       623   0  0.70    M    184.6          M      129
================================================================================
AV 44.6 28.3                               8.4 FASTST   M    M   6    MAX(MPH)
                                 MISC ---->  # 33 230               # 43  220
================================================================================
NOTES:
# LAST OF SEVERAL OCCURRENCES
PRECIPITATION SUSPECT DURING FREEZING/FROZEN EVENTS

COLUMN 17 PEAK WIND IN M.P.H.

PRELIMINARY LOCAL CLIMATOLOGICAL DATA (WS FORM: F-6) , PAGE 2

                                          STATION:  REXBURG ID
                                          MONTH:    NOVEMBER
                                          YEAR:     2017
                                          LATITUDE:   43 49 N
                                          LONGITUDE: 111 48 W

[TEMPERATURE DATA]      [PRECIPITATION DATA]       SYMBOLS USED IN COLUMN 16

AVERAGE MONTHLY: 36.5   TOTAL FOR MONTH:   0.70    1 = FOG OR MIST
DPTR FM NORMAL:   3.6   DPTR FM NORMAL:   -0.12    2 = FOG REDUCING VISIBILITY
HIGHEST:    56 ON 13, 1 GRTST 24HR  0.27 ON 16-16      TO 1/4 MILE OR LESS
LOWEST:     20 ON 19, 8                            3 = THUNDER
                        SNOW, ICE PELLETS, HAIL    4 = ICE PELLETS
                        TOTAL MONTH:    M          5 = HAIL
                        GRTST 24HR    M  ON   M    6 = FREEZING RAIN OR DRIZZLE
                        GRTST DEPTH:  M  ON   M    7 = DUSTSTORM OR SANDSTORM:
                                                       VSBY 1/2 MILE OR LESS
                                                   8 = SMOKE OR HAZE
[NO. OF DAYS WITH]      [WEATHER - DAYS WITH]      9 = BLOWING SNOW
                                                   X = TORNADO
MAX 32 OR BELOW:   0    0.01 INCH OR MORE:   8
MAX 90 OR ABOVE:   0    0.10 INCH OR MORE:   3
MIN 32 OR BELOW:  15    0.50 INCH OR MORE:   0
MIN  0 OR BELOW:   0    1.00 INCH OR MORE:   0

[HDD (BASE 65) ]
TOTAL THIS MO.   623    CLEAR  (SCALE 0-3)   4
DPTR FM NORMAL   -85    PTCLDY (SCALE 4-7)  12
TOTAL FM JUL 1  1651    CLOUDY (SCALE 8-10)  6
DPTR FM NORMAL   -44

[CDD (BASE 65) ]
TOTAL THIS MO.     0
DPTR FM NORMAL     0    [PRESSURE DATA]
TOTAL FM JAN 1   347    HIGHEST SLP M ON M
DPTR FM NORMAL   139    LOWEST  SLP 29.67 ON 16

[REMARKS]
