000
CXUS55 KPIH 281200
CF6RXE

PRELIMINARY LOCAL CLIMATOLOGICAL DATA (WS FORM: F-6)

                                          STATION:   REXBURG ID
                                          MONTH:     MARCH
                                          YEAR:      2015
                                          LATITUDE:   43 49 N
                                          LONGITUDE: 111 48 W

  TEMPERATURE IN F:       :PCPN:    SNOW:  WIND      :SUNSHINE: SKY     :PK WND
================================================================================
1   2   3   4   5  6A  6B    7    8   9   10  11  12  13   14  15   16   17  18
                                     12Z  AVG MX 2MIN
DY MAX MIN AVG DEP HDD CDD  WTR  SNW DPTH SPD SPD DIR MIN PSBL S-S WX    SPD DR
================================================================================

 1  40   9  25  -2  40   0 0.00    M    M  6.0 16  50   M    M   0        21  50
 2  42  12  27  -1  38   0 0.00    M    M  4.6 13 180   M    M   3        17 170
 3  29  16  23  -5  42   0 0.04    M    M  8.1 18  10   M    M   5 1      24  10
 4  30   2  16 -13  49   0 0.00    M    M  4.6 10  20   M    M   0        13  10
 5  41  10  26  -3  39   0 0.00    M    M  4.7 15 210   M    M   1        20 220
 6  52  18  35   5  30   0 0.00    M    M  6.0 13 220   M    M   0        17 220
 7  56  22  39   9  26   0 0.00    M    M  4.9 17 220   M    M   0        22 210
 8  55  22  39   8  26   0 0.00    M    M  4.0 12 230   M    M   0 8      16 220
 9  55  22  39   8  26   0 0.00    M    M  6.9 15 240   M    M   0        19 230
10  60  23  42  10  23   0 0.00    M    M  4.6 16 230   M    M   0        20 230
11  59  29  44  12  21   0 0.00    M    M  8.1 18 200   M    M   3        25 190
12  59  32  46  13  19   0    T    M    M  6.2 14 190   M    M   8        20 180
13  61  24  43  10  22   0 0.00    M    M  3.3  9  70   M    M   0 18     11  70
14  63  31  47  13  18   0 0.00    M    M 10.6 25 230   M    M   3        33 220
15  68  48  58  24   7   0 0.00    M    M 13.6 24 210   M    M   7        31 210
16  63  43  53  19  12   0    T    M    M  9.9 24 260   M    M   5        33 270
17  65  44  55  20  10   0 0.00    M    M 11.9 23 240   M    M   4        30 240
18  56  31  44   9  21   0 0.00    M    M  7.7 18 200   M    M   4        26 200
19  55  24  40   4  25   0 0.00    M    M  4.5 13 200   M    M   0        16 200
20  64  25  45   9  20   0 0.00    M    M  5.7 17 240   M    M   0        27 200
21  62  32  47  10  18   0 0.00    M    M 10.4 30 240   M    M   3        38 230
22  61  28  45   8  20   0 0.00    M    M  4.5 15 240   M    M   1 8      21 220
23  52  28  40   3  25   0    T    M    M 15.2 35 220   M    M   4        44 220
24  46  31  39   1  26   0 0.21    M    M  8.9 22 240   M    M   8 12     29 220
25  48  27  38   0  27   0 0.00    M    M 10.6 22 220   M    M   2        28 210
26  58  32  45   7  20   0 0.00    M    M 10.4 18 200   M    M   4        23 260
27  68  30  49  10  16   0 0.00    M    M  6.6 15 210   M    M   0        20 230
================================================================================
SM 1468  695       666   0  0.25    M    202.5          M       65
================================================================================
AV 54.4 25.7                               7.5 FASTST   M    M   2    MAX(MPH)
                                 MISC ---->  # 35 220               # 44  220
================================================================================
NOTES:
# LAST OF SEVERAL OCCURRENCES

COLUMN 17 PEAK WIND IN M.P.H.

PRELIMINARY LOCAL CLIMATOLOGICAL DATA (WS FORM: F-6) , PAGE 2

                                          STATION:  REXBURG ID
                                          MONTH:    MARCH
                                          YEAR:     2015
                                          LATITUDE:   43 49 N
                                          LONGITUDE: 111 48 W

[TEMPERATURE DATA]      [PRECIPITATION DATA]       SYMBOLS USED IN COLUMN 16

AVERAGE MONTHLY: 40.1   TOTAL FOR MONTH:   0.25    1 = FOG OR MIST
DPTR FM NORMAL:   6.7   DPTR FM NORMAL:   -0.62    2 = FOG REDUCING VISIBILITY
HIGHEST:    68 ON 27,15 GRTST 24HR  0.21 ON 24-24      TO 1/4 MILE OR LESS
LOWEST:      2 ON  4                               3 = THUNDER
                        SNOW, ICE PELLETS, HAIL    4 = ICE PELLETS
                        TOTAL MONTH:    M          5 = HAIL
                        GRTST 24HR    M  ON   M    6 = FREEZING RAIN OR DRIZZLE
                        GRTST DEPTH:  M  ON   M    7 = DUSTSTORM OR SANDSTORM:
                                                       VSBY 1/2 MILE OR LESS
                                                   8 = SMOKE OR HAZE
[NO. OF DAYS WITH]      [WEATHER - DAYS WITH]      9 = BLOWING SNOW
                                                   X = TORNADO
MAX 32 OR BELOW:   2    0.01 INCH OR MORE:   2
MAX 90 OR ABOVE:   0    0.10 INCH OR MORE:   1
MIN 32 OR BELOW:  24    0.50 INCH OR MORE:   0
MIN  0 OR BELOW:   0    1.00 INCH OR MORE:   0

[HDD (BASE 65) ]
TOTAL THIS MO.   666    CLEAR  (SCALE 0-3)  17
DPTR FM NORMAL  -188    PTCLDY (SCALE 4-7)  10
TOTAL FM JUL 1  5750    CLOUDY (SCALE 8-10)  0
DPTR FM NORMAL -1077

[CDD (BASE 65) ]
TOTAL THIS MO.     0
DPTR FM NORMAL     0    [PRESSURE DATA]
TOTAL FM JAN 1     0    HIGHEST SLP M ON M
DPTR FM NORMAL     0    LOWEST  SLP 29.68 ON  2

[REMARKS]
