000
CXUS54 KEWX 280910
CF6RYW
PRELIMINARY LOCAL CLIMATOLOGICAL DATA (WS FORM: F-6)

                                          STATION:   LAGO VISTA
                                          MONTH:     NOVEMBER
                                          YEAR:      2014
                                          LATITUDE:   30 30 N
                                          LONGITUDE:  97 58 W

  TEMPERATURE IN F:       :PCPN:    SNOW:  WIND      :SUNSHINE: SKY     :PK WND
================================================================================
1   2   3   4   5  6A  6B    7    8   9   10  11  12  13   14  15   16   17  18
                                     12Z  AVG MX 2MIN
DY MAX MIN AVG DEP HDD CDD  WTR  SNW DPTH SPD SPD DIR MIN PSBL S-S WX    SPD DR
================================================================================

 1  67  43  55   M  10   0    M    M    M  7.2 12  80   M    M   0         M  M
 2  73  50  62   M   3   0    M    M    M  8.4 14 160   M    M   4        23 150
 3  76  61  69   M   0   4    M    M    M  9.0 17 150   M    M   9        22 160
 4  72  57  65   M   0   0    M    M    M  7.9 20  20   M    M  10 3      35  40
 5  58  54  56   M   9   0    M    M    M 10.4 15  30   M    M  10        22  20
 6  63  52  58   M   7   0    M    M    M  7.1 12  20   M    M   8        20  20
 7  69  50  60   M   5   0    M    M    M  4.9 10  40   M    M   2         M  M
 8  73  53  63   M   2   0    M    M    M  6.6 12  10   M    M   0        20  20
 9  75  46  61   M   4   0    M    M    M  6.7 13 210   M    M   0        21 210
10  76  55  66   M   0   1    M    M    M 11.7 22 220   M    M   0        32 220
11  68  40  54   M  11   0    M    M    M  9.3 16  10   M    M   3        25  10
12  48  34  41   M  24   0    M    M    M 11.7 16  10   M    M   3        27  10
13  39  31  35   M  30   0    M    M    M  9.4 16 350   M    M   8        25 360
14  45  31  38   M  27   0    M    M    M  3.7  6  50   M    M  10         M  M
15  47  40  44   M  21   0    M    M    M  3.7  7 130   M    M  10 1       M  M
16  50  32  41   M  24   0    M    M    M  7.9 15 350   M    M  10 12     28 350
17  50  28  39   M  26   0    M    M    M  8.9 14  10   M    M   1        23 350
18  55  33  44   M  21   0    M    M    M  5.6 14 190   M    M   0        21 200
19  68  38  53   M  12   0    M    M    M  8.7 16 220   M    M   0        21 220
20  67  52  60   M   5   0    M    M    M  7.5 13 190   M    M   7 12     22 200
21  75  63  69   M   0   4    M    M    M  4.9  9 150   M    M   9 12     24 150
22  66  57  62   M   3   0    M    M    M  8.3 15 120   M    M  10 3      25 130
23  80  54  67   M   0   2    M    M    M  9.0 17 270   M    M   1 1      29 260
24  63  46  55   M  10   0    M    M    M  6.7 12 350   M    M   0        17 330
25  65  38  52   M  13   0    M    M    M  5.5 15 250   M    M   0        17 270
26  76  46  61   M   4   0    M    M    M  8.5 14 240   M    M   0        20 250
27  62  43  53   M  12   0 0.00    M    M  7.4 13  40   M    M   0        20  40
================================================================================
SM 1726 1227       283  11  0.00    M    206.6          M      115
================================================================================
AV 63.9 45.4                               7.7 FASTST   M    M   4    MAX(MPH)
                                 MISC ---->    22   M               # 35   40
================================================================================
NOTES:
# LAST OF SEVERAL OCCURRENCES

COLUMN 17 PEAK WIND IN M.P.H.

PRELIMINARY LOCAL CLIMATOLOGICAL DATA (WS FORM: F-6) , PAGE 2

                                          STATION:  LAGO VISTA
                                          MONTH:    NOVEMBER
                                          YEAR:     2014
                                          LATITUDE:   30 30 N
                                          LONGITUDE:  97 58 W

[TEMPERATURE DATA]      [PRECIPITATION DATA]       SYMBOLS USED IN COLUMN 16

AVERAGE MONTHLY: 54.7   TOTAL FOR MONTH:   0.00    1 = FOG OR MIST
DPTR FM NORMAL:     M   DPTR FM NORMAL:       M    2 = FOG REDUCING VISIBILITY
HIGHEST:    80 ON 23    GRTST 24HR  0.00 ON 27-27      TO 1/4 MILE OR LESS
LOWEST:     28 ON 17                               3 = THUNDER
                        SNOW, ICE PELLETS, HAIL    4 = ICE PELLETS
                        TOTAL MONTH:    M          5 = HAIL
                        GRTST 24HR    M  ON   M    6 = FREEZING RAIN OR DRIZZLE
                        GRTST DEPTH:  M  ON   M    7 = DUSTSTORM OR SANDSTORM:
                                                       VSBY 1/2 MILE OR LESS
                                                   8 = SMOKE OR HAZE
[NO. OF DAYS WITH]      [WEATHER - DAYS WITH]      9 = BLOWING SNOW
                                                   X = TORNADO
MAX 32 OR BELOW:   0    0.01 INCH OR MORE:   0
MAX 90 OR ABOVE:   0    0.10 INCH OR MORE:   0
MIN 32 OR BELOW:   4    0.50 INCH OR MORE:   0
MIN  0 OR BELOW:   0    1.00 INCH OR MORE:   0

[HDD (BASE 65) ]
TOTAL THIS MO.   283    CLEAR  (SCALE 0-3)  14
DPTR FM NORMAL     M    PTCLDY (SCALE 4-7)   4
TOTAL FM JUL 1   287    CLOUDY (SCALE 8-10)  9
DPTR FM NORMAL     M

[CDD (BASE 65) ]
TOTAL THIS MO.    11
DPTR FM NORMAL     M    [PRESSURE DATA]
TOTAL FM JAN 1  3039    HIGHEST SLP M ON M
DPTR FM NORMAL     M    LOWEST  SLP M ON M

[REMARKS]
