000
CXUS54 KEWX 210910
CF6RYW
PRELIMINARY LOCAL CLIMATOLOGICAL DATA (WS FORM: F-6)

                                          STATION:   LAGO VISTA
                                          MONTH:     AUGUST
                                          YEAR:      2014
                                          LATITUDE:   30 30 N
                                          LONGITUDE:  97 58 W

  TEMPERATURE IN F:       :PCPN:    SNOW:  WIND      :SUNSHINE: SKY     :PK WND
================================================================================
1   2   3   4   5  6A  6B    7    8   9   10  11  12  13   14  15   16   17  18
                                     12Z  AVG MX 2MIN
DY MAX MIN AVG DEP HDD CDD  WTR  SNW DPTH SPD SPD DIR MIN PSBL S-S WX    SPD DR
================================================================================

 1  88  69  79   M   0  14    M    M    M  6.6 12  20   M    M   4        18 360
 2  90  68  79   M   0  14    M    M    M  5.7 13  60   M    M   4        18  60
 3  94  71  83   M   0  18    M    M    M  6.5 12  50   M    M   3        18  40
 4  95  72  84   M   0  19    M    M    M  6.4 10  90   M    M   2        18  90
 5  96  75  86   M   0  21    M    M    M  4.1  9 140   M    M   1        17 140
 6  98  74  86   M   0  21    M    M    M  5.9  9 150   M    M   1        17 150
 7 102  76  89   M   0  24    M    M    M  7.2 10 170   M    M   2 1      18 170
 8 102  76  89   M   0  24    M    M    M  7.2 14 180   M    M   1        23 160
 9  99  77  88   M   0  23    M    M    M  6.5 14 200   M    M   1        21 200
10 100  78  89   M   0  24    M    M    M  6.1 12 200   M    M   0        18 130
11  97  74  86   M   0  21    M    M    M  5.6 16  10   M    M   2 3      31  10
12  98  73  86   M   0  21    M    M    M  6.4 10 360   M    M   4        22 360
13  97  71  84   M   0  19    M    M    M  6.4 13  70   M    M   0        18  70
14  98  71  85   M   0  20    M    M    M  5.8 13  70   M    M   1        21  90
15  99  74  87   M   0  22    M    M    M  6.0 12 190   M    M   2        20 190
16 101  77  89   M   0  24    M    M    M  7.4 13 150   M    M   2        21 150
17  98  79  89   M   0  24    M    M    M  7.4 13 190   M    M   5 3      20  30
18  99  77  88   M   0  23    M    M    M  7.9 13 120   M    M   5        20 200
19  96  76  86   M   0  21    M    M    M  7.0 13 210   M    M   0        25 150
20  99  77  88   M   0  23    M    M    M 10.0 15 150   M    M   5        24 150
================================================================================
SM 1946 1485         0 420    M     M    132.1          M       45
================================================================================
AV 97.3 74.2                               6.6 FASTST   M    M   2    MAX(MPH)
                                 MISC ---->    16   M                 31    M
================================================================================
NOTES:
# LAST OF SEVERAL OCCURRENCES

COLUMN 17 PEAK WIND IN M.P.H.

PRELIMINARY LOCAL CLIMATOLOGICAL DATA (WS FORM: F-6) , PAGE 2

                                          STATION:  LAGO VISTA
                                          MONTH:    AUGUST
                                          YEAR:     2014
                                          LATITUDE:   30 30 N
                                          LONGITUDE:  97 58 W

[TEMPERATURE DATA]      [PRECIPITATION DATA]       SYMBOLS USED IN COLUMN 16

AVERAGE MONTHLY: 85.8   TOTAL FOR MONTH:      M    1 = FOG OR MIST
DPTR FM NORMAL:     M   DPTR FM NORMAL:       M    2 = FOG REDUCING VISIBILITY
HIGHEST:   102 ON  8, 7 GRTST 24HR    M  ON   M        TO 1/4 MILE OR LESS
LOWEST:     68 ON  2                               3 = THUNDER
                        SNOW, ICE PELLETS, HAIL    4 = ICE PELLETS
                        TOTAL MONTH:    M          5 = HAIL
                        GRTST 24HR    M  ON   M    6 = FREEZING RAIN OR DRIZZLE
                        GRTST DEPTH:  M  ON   M    7 = DUSTSTORM OR SANDSTORM:
                                                       VSBY 1/2 MILE OR LESS
                                                   8 = SMOKE OR HAZE
[NO. OF DAYS WITH]      [WEATHER - DAYS WITH]      9 = BLOWING SNOW
                                                   X = TORNADO
MAX 32 OR BELOW:   0    0.01 INCH OR MORE:   0
MAX 90 OR ABOVE:  19    0.10 INCH OR MORE:   0
MIN 32 OR BELOW:   0    0.50 INCH OR MORE:   0
MIN  0 OR BELOW:   0    1.00 INCH OR MORE:   0

[HDD (BASE 65) ]
TOTAL THIS MO.     0    CLEAR  (SCALE 0-3)  14
DPTR FM NORMAL     M    PTCLDY (SCALE 4-7)   6
TOTAL FM JUL 1     0    CLOUDY (SCALE 8-10)  0
DPTR FM NORMAL     M

[CDD (BASE 65) ]
TOTAL THIS MO.   420
DPTR FM NORMAL     M    [PRESSURE DATA]
TOTAL FM JAN 1  2054    HIGHEST SLP M ON M
DPTR FM NORMAL     M    LOWEST  SLP M ON M

[REMARKS]
