000
CXUS56 KSTO 011355
CF6SAC
PRELIMINARY LOCAL CLIMATOLOGICAL DATA (WS FORM: F-6)

                                          STATION:   SACRAMENTO EXEC. AIRPORT CA
                                          MONTH:     APRIL
                                          YEAR:      2016
                                          LATITUDE:   38 31 N
                                          LONGITUDE: 121 30 W

  TEMPERATURE IN F:       :PCPN:    SNOW:  WIND      :SUNSHINE: SKY     :PK WND
================================================================================
1   2   3   4   5  6A  6B    7    8   9   10  11  12  13   14  15   16   17  18
                                     12Z  AVG MX 2MIN
DY MAX MIN AVG DEP HDD CDD  WTR  SNW DPTH SPD SPD DIR MIN PSBL S-S WX    SPD DR
================================================================================

 1  71  48  60   4   5   0 0.00  0.0    0  6.0 13 220   M    M   0        17 230
 2  76  48  62   6   3   0 0.00  0.0    0  3.6  8 240   M    M   0 1      11 200
 3  76  49  63   7   2   0 0.00  0.0    0  5.2 15 220   M    M   0        20 200
 4  78  50  64   8   1   0 0.00  0.0    0  3.7 14 290   M    M   0        18 280
 5  82  53  68  11   0   3 0.00  0.0    0  9.5 20 340   M    M   0        24 360
 6  88  49  69  12   0   4 0.00  0.0    0  3.2 13 340   M    M   0        16 330
 7  75  55  65   8   0   0 0.00  0.0    0  8.6 21 240   M    M   0        30 230
 8  73  56  65   8   0   0 0.02  0.0    0  7.5 14 210   M    M   4        20 200
 9  61  57  59   2   6   0 0.24  0.0    0  7.0 14 200   M    M  10 1      20 200
10  65  54  60   3   5   0 0.12  0.0    0  5.9 12 230   M    M   9 1      18 210
11  71  51  61   3   4   0 0.00  0.0    0  4.4 12 230   M    M   4        15 230
12  68  52  60   2   5   0 0.00  0.0    0  7.8 15 210   M    M   4        22 200
13  70  49  60   2   5   0 0.00  0.0    0  7.6 20 220   M    M   1        26 220
14  69  49  59   1   6   0 0.03    M    0  7.4 18 220   M    M   3 1      24 220
15  75  46  61   3   4   0 0.00  0.0    0 13.9 25 320   M    M   0        35 340
16  84  49  67   8   0   2 0.00  0.0    0  5.8 13 330   M    M   0        17 340
17  86  48  67   8   0   2 0.00  0.0    0  2.1  9 130   M    M   0        11 140
18  88  53  71  12   0   6 0.00  0.0    0  2.7 12 240   M    M   0        14 240
19  87  52  70  11   0   5 0.00  0.0    0  3.5 12 230   M    M   0        16 240
20  79  50  65   5   0   0 0.00  0.0    0  6.8 14 250   M    M   0        18 230
21  74  54  64   4   1   0 0.00  0.0    0  8.1 21 230   M    M   3        27 220
22  65  50  58  -2   7   0 0.17  0.0    0 10.6 28 240   M    M   6 1      35 220
23  72  44  58  -2   7   0 0.00  0.0    0  3.4 15 290   M    M   1 1      19 290
24  75  50  63   3   2   0 0.00  0.0    0  6.1 21 290   M    M   2        25 290
25  71  50  61   0   4   0 0.00  0.0    0 12.4 26 330   M    M   0        36 340
26  72  48  60  -1   5   0 0.00  0.0    0  7.2 17 230   M    M   1        22 230
27  71  47  59  -2   6   0 0.45  0.0    0  4.9 21 260   M    M   4 123    25 260
28  81  46  64   3   1   0 0.00  0.0    0  8.5 22 330   M    M   1 1      28 350
29  78  52  65   3   0   0    T  0.0    0  7.1 17 220   M    M   1        24 220
30  83  56  70   8   0   5 0.00  0.0    0 17.2 31 340   M    M   0        41 330
================================================================================
SM 2264 1515        79  27  1.03     0.0 207.7          M       54
================================================================================
AV 75.5 50.5                               6.9 FASTST   M    M   2    MAX(MPH)
                                 MISC ---->  # 31 340               # 41  330
================================================================================
NOTES:
# LAST OF SEVERAL OCCURRENCES

COLUMN 17 PEAK WIND IN M.P.H.

PRELIMINARY LOCAL CLIMATOLOGICAL DATA (WS FORM: F-6) , PAGE 2

                                          STATION:  SACRAMENTO EXEC. AIRPORT CA
                                          MONTH:    APRIL
                                          YEAR:     2016
                                          LATITUDE:   38 31 N
                                          LONGITUDE: 121 30 W

[TEMPERATURE DATA]      [PRECIPITATION DATA]       SYMBOLS USED IN COLUMN 16

AVERAGE MONTHLY: 63.0   TOTAL FOR MONTH:   1.03    1 = FOG OR MIST
DPTR FM NORMAL:   4.3   DPTR FM NORMAL:   -0.12    2 = FOG REDUCING VISIBILITY
HIGHEST:    88 ON 18, 6 GRTST 24HR  0.45 ON 27-27      TO 1/4 MILE OR LESS
LOWEST:     44 ON 23                               3 = THUNDER
                        SNOW, ICE PELLETS, HAIL    4 = ICE PELLETS
                        TOTAL MONTH:   0.0 INCH    5 = HAIL
                        GRTST 24HR     0.0         6 = FREEZING RAIN OR DRIZZLE
                        GRTST DEPTH:   0           7 = DUSTSTORM OR SANDSTORM:
                                                       VSBY 1/2 MILE OR LESS
                                                   8 = SMOKE OR HAZE
[NO. OF DAYS WITH]      [WEATHER - DAYS WITH]      9 = BLOWING SNOW
                                                   X = TORNADO
MAX 32 OR BELOW:   0    0.01 INCH OR MORE:   6
MAX 90 OR ABOVE:   0    0.10 INCH OR MORE:   4
MIN 32 OR BELOW:   0    0.50 INCH OR MORE:   0
MIN  0 OR BELOW:   0    1.00 INCH OR MORE:   0

[HDD (BASE 65) ]
TOTAL THIS MO.    79    CLEAR  (SCALE 0-3)  23
DPTR FM NORMAL  -126    PTCLDY (SCALE 4-7)   5
TOTAL FM JUL 1  2031    CLOUDY (SCALE 8-10)  2
DPTR FM NORMAL  -507

[CDD (BASE 65) ]
TOTAL THIS MO.    27
DPTR FM NORMAL    12    [PRESSURE DATA]
TOTAL FM JAN 1    27    HIGHEST SLP 30.23 ON  5
DPTR FM NORMAL    11    LOWEST  SLP 29.77 ON 30

[REMARKS]
#FINAL-04-16#
