000
CXUS55 KTWC 260855
CF6SAD
PRELIMINARY LOCAL CLIMATOLOGICAL DATA (WS FORM: F-6)

                                          STATION:   SAFFORD AZ AIRPORT
                                          MONTH:     FEBRUARY
                                          YEAR:      2015
                                          LATITUDE:   32 50 N
                                          LONGITUDE: 109 38 W

  TEMPERATURE IN F:       :PCPN:    SNOW:  WIND      :SUNSHINE: SKY     :PK WND
================================================================================
1   2   3   4   5  6A  6B    7    8   9   10  11  12  13   14  15   16   17  18
                                     12Z  AVG MX 2MIN
DY MAX MIN AVG DEP HDD CDD  WTR  SNW DPTH SPD SPD DIR MIN PSBL S-S WX    SPD DR
================================================================================

 1  60  44  52   3  13   0 0.01    M    0  3.4  8 310   M    M   5 12     11 310
 2  66  40  53   4  12   0 0.00  0.0    0  4.6 14 110   M    M   0        19 100
 3  69  39  54   5  11   0 0.00  0.0    0  4.3 14 300   M    M   0        15 300
 4  73  39  56   7   9   0 0.00  0.0    0  6.3 17 290   M    M   0        20 290
 5  75  36  56   7   9   0 0.00  0.0    0  6.0 14 140   M    M   0        18 100
 6  75  43  59  10   6   0 0.00  0.0    0  6.5 16 130   M    M   0        21 120
 7  77  40  59   9   6   0 0.00  0.0    0  6.1 16 310   M    M   0        20 290
 8  76  40  58   8   7   0 0.00  0.0    0  5.3 13 290   M    M   0        16 280
 9  78  41  60  10   5   0 0.00  0.0    0  3.0  8  10   M    M   0        10 250
10  78  39  59   9   6   0 0.00  0.0    0  5.6 17 320   M    M   0        21 320
11  72  41  57   7   8   0 0.00  0.0    0  7.4 24  80   M    M   1        32  80
12  67  42  55   5  10   0 0.00  0.0    0 10.4 23 180   M    M   0        36 170
13  70  42  56   5   9   0 0.00  0.0    0  8.3 16 110   M    M   0        21 120
14  71  48  60   9   5   0 0.00  0.0    0  8.7 18 130   M    M   0        23 130
15  75  49  62  11   3   0 0.00  0.0    0  7.1 23 310   M    M   0        30 320
16  73  45  59   8   6   0 0.00  0.0    0 11.9 32 300   M    M   0        39 310
17  69  48  59   8   6   0 0.01    M    0  9.0 20 320   M    M   1        25 330
18  72  34  53   1  12   0 0.00  0.0    0  3.1  9 300   M    M   0        12 290
19  77  39  58   6   7   0 0.00  0.0    0  5.5 16 320   M    M   0        22 310
20  74  41  58   6   7   0 0.00  0.0    0  7.8 20 330   M    M   0        24 320
21  75  44  60   8   5   0 0.00  0.0    0  6.4 21 310   M    M   0        27 340
22  75  53  64  12   1   0 0.00  0.0    0  7.8 20 310   M    M   1        25 310
23  72  46  59   6   6   0 0.00  0.0    0  8.1 22 310   M    M   1        28 310
24  53  38  46  -7  19   0 0.16    M    0 10.7 28 300   M    M   5 1      35 300
25  65  32  49  -4  16   0 0.00  0.0    0 11.3 22 320   M    M   0        29 310
================================================================================
SM 1787 1043       204   0  0.18     0.0 174.6          M       14
================================================================================
AV 71.5 41.7                               7.0 FASTST   M    M   1    MAX(MPH)
                                 MISC ---->  # 32 300               # 39  310
================================================================================
NOTES:
# LAST OF SEVERAL OCCURRENCES

COLUMN 17 PEAK WIND IN M.P.H.

PRELIMINARY LOCAL CLIMATOLOGICAL DATA (WS FORM: F-6) , PAGE 2

                                          STATION:  SAFFORD AZ AIRPORT
                                          MONTH:    FEBRUARY
                                          YEAR:     2015
                                          LATITUDE:   32 50 N
                                          LONGITUDE: 109 38 W

[TEMPERATURE DATA]      [PRECIPITATION DATA]       SYMBOLS USED IN COLUMN 16

AVERAGE MONTHLY: 56.6   TOTAL FOR MONTH:   0.18    1 = FOG OR MIST
DPTR FM NORMAL:   5.9   DPTR FM NORMAL:   -0.59    2 = FOG REDUCING VISIBILITY
HIGHEST:    78 ON 10, 9 GRTST 24HR  0.20 ON 31- 1      TO 1/4 MILE OR LESS
LOWEST:     32 ON 25                               3 = THUNDER
                        SNOW, ICE PELLETS, HAIL    4 = ICE PELLETS
                        TOTAL MONTH:   0.0 INCH    5 = HAIL
                        GRTST 24HR     0.0         6 = FREEZING RAIN OR DRIZZLE
                        GRTST DEPTH:   0           7 = DUSTSTORM OR SANDSTORM:
                                                       VSBY 1/2 MILE OR LESS
                                                   8 = SMOKE OR HAZE
[NO. OF DAYS WITH]      [WEATHER - DAYS WITH]      9 = BLOWING SNOW
                                                   X = TORNADO
MAX 32 OR BELOW:   0    0.01 INCH OR MORE:   3
MAX 90 OR ABOVE:   0    0.10 INCH OR MORE:   1
MIN 32 OR BELOW:   1    0.50 INCH OR MORE:   0
MIN  0 OR BELOW:   0    1.00 INCH OR MORE:   0

[HDD (BASE 65) ]
TOTAL THIS MO.   204    CLEAR  (SCALE 0-3)  23
DPTR FM NORMAL  -153    PTCLDY (SCALE 4-7)   2
TOTAL FM JUL 1  1507    CLOUDY (SCALE 8-10)  0
DPTR FM NORMAL  -357

[CDD (BASE 65) ]
TOTAL THIS MO.     0
DPTR FM NORMAL     0    [PRESSURE DATA]
TOTAL FM JAN 1     0    HIGHEST SLP M ON M
DPTR FM NORMAL     0    LOWEST  SLP 29.74 ON 22

[REMARKS]
