000
CXUS56 KSGX 291445
CF6SAN
PRELIMINARY LOCAL CLIMATOLOGICAL DATA (WS FORM: F-6)

                                          STATION:   SAN DIEGO/LINDBERGH FIELD CA
                                          MONTH:     AUGUST
                                          YEAR:      2014
                                          LATITUDE:   32 43 N
                                          LONGITUDE: 117 10 W

  TEMPERATURE IN F:       :PCPN:    SNOW:  WIND      :SUNSHINE: SKY     :PK WND
================================================================================
1   2   3   4   5  6A  6B    7    8   9   10  11  12  13   14  15   16   17  18
                                     12Z  AVG MX 2MIN
DY MAX MIN AVG DEP HDD CDD  WTR  SNW DPTH SPD SPD DIR MIN PSBL S-S WX    SPD DR
================================================================================

 1  78  69  74   3   0   9 0.00  0.0    0  5.3 12 300   M    M   7        16 280
 2  78  70  74   3   0   9 0.07  0.0    0  4.3 16 320   M    M   8 18     22 320
 3  76  72  74   3   0   9    T  0.0    0  4.0 10 250   M    M   8 18     13 200
 4  81  70  76   5   0  11 0.00  0.0    0  6.1 14 300   M    M   3        17 290
 5  78  67  73   2   0   8 0.00  0.0    0  6.4 15 280   M    M   2        20 290
 6  76  68  72   1   0   7 0.00  0.0    0  7.5 16 290   M    M   5        22 290
 7  76  68  72   1   0   7 0.00  0.0    0  5.6 14 270   M    M   5        21 290
 8  76  69  73   2   0   8 0.00  0.0    0  4.8 12 270   M    M   7        16 230
 9  77  69  73   2   0   8 0.00  0.0    0  5.1 13 250   M    M   6 8      16 250
10  78  67  73   2   0   8 0.00  0.0    0  5.4 14 270   M    M   4        17 280
11  80  70  75   3   0  10 0.00  0.0    0  5.5 14 280   M    M   7        20 290
12  78  70  74   2   0   9 0.00  0.0    0  5.8 15 300   M    M   8        20 300
13  78  70  74   2   0   9 0.00  0.0    0  7.0 15 280   M    M   8        18 280
14  79  69  74   2   0   9 0.00  0.0    0  6.8 14 290   M    M   4        17 300
15  80  69  75   3   0  10 0.00  0.0    0  7.5 16 300   M    M   2        18 290
16  82  70  76   4   0  11 0.00  0.0    0  7.5 16 300   M    M   2        21 290
17  80  70  75   3   0  10 0.00  0.0    0  5.8 14 290   M    M   3        17 290
18  77  69  73   1   0   8 0.00  0.0    0  7.3 12 180   M    M   6        15 180
19  74  69  72   0   0   7 0.00  0.0    0  7.7 14 210   M    M   7        18 190
20  77  69  73   1   0   8 0.01  0.0    0  5.5 12 290   M    M   8 3      16 260
21  78  70  74   2   0   9 0.00  0.0    0  7.7 17 290   M    M   7        21 290
22  79  69  74   2   0   9 0.00  0.0    0  4.4 12 290   M    M   4        16 330
23  79  67  73   1   0   8 0.00  0.0    0  4.4 12 300   M    M   3        16 280
24  77  67  72   0   0   7 0.00  0.0    0  6.0 14 300   M    M   6        17 300
25  79  69  74   2   0   9 0.00  0.0    0  7.0 16 290   M    M   6        20 300
26  80  68  74   2   0   9 0.00  0.0    0  6.3 15 290   M    M   4        20 290
27  84  70  77   5   0  12 0.00  0.0    0  6.0 14 330   M    M   1        17 300
28  85  72  79   7   0  14 0.00  0.0    0  6.4 17 310   M    M   0        23 300
================================================================================
SM 2200 1936         0 252  0.08     0.0 169.1          M      141
================================================================================
AV 78.6 69.1                               6.0 FASTST   M    M   5    MAX(MPH)
                                 MISC ---->  # 17 290               # 23  300
================================================================================
NOTES:
# LAST OF SEVERAL OCCURRENCES

COLUMN 17 PEAK WIND IN M.P.H.

PRELIMINARY LOCAL CLIMATOLOGICAL DATA (WS FORM: F-6) , PAGE 2

                                          STATION:  SAN DIEGO/LINDBERGH FIELD CA
                                          MONTH:    AUGUST
                                          YEAR:     2014
                                          LATITUDE:   32 43 N
                                          LONGITUDE: 117 10 W

[TEMPERATURE DATA]      [PRECIPITATION DATA]       SYMBOLS USED IN COLUMN 16

AVERAGE MONTHLY: 73.9   TOTAL FOR MONTH:   0.08    1 = FOG OR MIST
DPTR FM NORMAL:   2.2   DPTR FM NORMAL:    0.06    2 = FOG REDUCING VISIBILITY
HIGHEST:    85 ON 28    GRTST 24HR  0.07 ON  2- 2      TO 1/4 MILE OR LESS
LOWEST:     67 ON 24,23                            3 = THUNDER
                        SNOW, ICE PELLETS, HAIL    4 = ICE PELLETS
                        TOTAL MONTH:   0.0 INCH    5 = HAIL
                        GRTST 24HR     0.0         6 = FREEZING RAIN OR DRIZZLE
                        GRTST DEPTH:   0           7 = DUSTSTORM OR SANDSTORM:
                                                       VSBY 1/2 MILE OR LESS
                                                   8 = SMOKE OR HAZE
[NO. OF DAYS WITH]      [WEATHER - DAYS WITH]      9 = BLOWING SNOW
                                                   X = TORNADO
MAX 32 OR BELOW:   0    0.01 INCH OR MORE:   2
MAX 90 OR ABOVE:   0    0.10 INCH OR MORE:   0
MIN 32 OR BELOW:   0    0.50 INCH OR MORE:   0
MIN  0 OR BELOW:   0    1.00 INCH OR MORE:   0

[HDD (BASE 65) ]
TOTAL THIS MO.     0    CLEAR  (SCALE 0-3)   6
DPTR FM NORMAL     0    PTCLDY (SCALE 4-7)  21
TOTAL FM JUL 1     0    CLOUDY (SCALE 8-10)  1
DPTR FM NORMAL    -1

[CDD (BASE 65) ]
TOTAL THIS MO.   252
DPTR FM NORMAL    68    [PRESSURE DATA]
TOTAL FM JAN 1   876    HIGHEST SLP M ON M
DPTR FM NORMAL   427    LOWEST  SLP 29.78 ON 18

[REMARKS]
