000
CXUS56 KSGX 020053
CF6SAN
PRELIMINARY LOCAL CLIMATOLOGICAL DATA (WS FORM: F-6)

                                          STATION:   SAN DIEGO/LINDBERGH FIELD CA
                                          MONTH:     JUNE
                                          YEAR:      2015
                                          LATITUDE:   32 43 N
                                          LONGITUDE: 117 10 W

  TEMPERATURE IN F:       :PCPN:    SNOW:  WIND      :SUNSHINE: SKY     :PK WND
================================================================================
1   2   3   4   5  6A  6B    7    8   9   10  11  12  13   14  15   16   17  18
                                     12Z  AVG MX 2MIN
DY MAX MIN AVG DEP HDD CDD  WTR  SNW DPTH SPD SPD DIR MIN PSBL S-S WX    SPD DR
================================================================================

 1  71  63  67   2   0   2 0.00  0.0    0  6.6 13 300   M    M   6        20 250
 2  72  62  67   2   0   2 0.00  0.0    0  4.7 13 270   M    M   5        17 260
 3  68  62  65   0   0   0 0.00  0.0    0  5.9 13 230   M    M   8        16 240
 4  67  61  64  -1   1   0 0.00  0.0    0  7.4 15 200   M    M   8        18 220
 5  69  61  65   0   0   0 0.00  0.0    0  7.6 14 240   M    M   6        18 230
 6  71  62  67   2   0   2 0.00  0.0    0  6.8 15 280   M    M   4        20 290
 7  72  63  68   3   0   3 0.00  0.0    0  6.7 17 290   M    M   4        23 290
 8  74  64  69   4   0   4 0.00  0.0    0  6.7 16 290   M    M   6 1      18 290
 9  82  66  74   8   0   9 0.00  0.0    0  7.9 14 230   M    M   8        18 300
10  70  65  68   2   0   3 0.00  0.0    0  7.2 10 250   M    M  10 1       M  M
11  70  64  67   1   0   2    T  0.0    0  4.6 12 210   M    M   9        14 260
12  68  63  66   0   0   1    T  0.0    0  5.1 10 210   M    M  10 8      15 250
13  70  63  67   1   0   2    T  0.0    0  5.7 12 210   M    M   9 1      14 220
14  70  64  67   1   0   2 0.00  0.0    0  5.2 10 280   M    M  10 8      14 260
15  73  65  69   3   0   4 0.00  0.0    0  5.7 12 290   M    M   9        15 280
16  70  62  66   0   0   1 0.00  0.0    0  6.1  9 230   M    M   8 1       M  M
17  73  62  68   2   0   3 0.00  0.0    0  4.6 10 220   M    M   5 18     15 290
18  75  63  69   2   0   4 0.00  0.0    0  5.8 12 280   M    M   6 18     16 300
19  77  62  70   3   0   5 0.00  0.0    0  4.5 12 310   M    M   6 18     16 290
20  72  64  68   1   0   3 0.00  0.0    0  5.9 12 200   M    M   8 8      15 180
21  75  65  70   3   0   5 0.00  0.0    0  6.7 13 190   M    M   6        16 200
22  77  65  71   4   0   6 0.00  0.0    0  4.8 10 210   M    M   6 18     14 220
23  80  65  73   6   0   8 0.00  0.0    0  5.5 12 240   M    M   4         M  M
24  74  67  71   3   0   6 0.00  0.0    0  5.5 12 190   M    M   4        15 200
25  75  67  71   3   0   6 0.00  0.0    0  6.3 12 300   M    M   6        17 290
26  77  67  72   4   0   7 0.00  0.0    0  7.2 15 290   M    M   7        20 290
27  76  67  72   4   0   7    T  0.0    0  7.7 20 330   M    M   7        25 350
28  78  69  74   6   0   9 0.00  0.0    0  7.1 15 300   M    M   7        20 280
29  78  69  74   6   0   9 0.00  0.0    0  4.5 10 220   M    M   7        13 240
30  79  67  73   5   0   8 0.04  0.0    0  3.6  8 330   M    M   7 3       M  M
================================================================================
SM 2203 1929         1 123  0.04     0.0 179.6          M      206
================================================================================
AV 73.4 64.3                               6.0 FASTST   M    M   7    MAX(MPH)
                                 MISC ---->  # 20 330               # 25  350
================================================================================
NOTES:
# LAST OF SEVERAL OCCURRENCES

COLUMN 17 PEAK WIND IN M.P.H.

PRELIMINARY LOCAL CLIMATOLOGICAL DATA (WS FORM: F-6) , PAGE 2

                                          STATION:  SAN DIEGO/LINDBERGH FIELD CA
                                          MONTH:    JUNE
                                          YEAR:     2015
                                          LATITUDE:   32 43 N
                                          LONGITUDE: 117 10 W

[TEMPERATURE DATA]      [PRECIPITATION DATA]       SYMBOLS USED IN COLUMN 16

AVERAGE MONTHLY: 68.9   TOTAL FOR MONTH:   0.04    1 = FOG OR MIST
DPTR FM NORMAL:   2.5   DPTR FM NORMAL:   -0.03    2 = FOG REDUCING VISIBILITY
HIGHEST:    82 ON  9    GRTST 24HR  0.04 ON 30-30      TO 1/4 MILE OR LESS
LOWEST:     61 ON  5, 4                            3 = THUNDER
                        SNOW, ICE PELLETS, HAIL    4 = ICE PELLETS
                        TOTAL MONTH:   0.0 INCH    5 = HAIL
                        GRTST 24HR     0.0         6 = FREEZING RAIN OR DRIZZLE
                        GRTST DEPTH:   0           7 = DUSTSTORM OR SANDSTORM:
                                                       VSBY 1/2 MILE OR LESS
                                                   8 = SMOKE OR HAZE
[NO. OF DAYS WITH]      [WEATHER - DAYS WITH]      9 = BLOWING SNOW
                                                   X = TORNADO
MAX 32 OR BELOW:   0    0.01 INCH OR MORE:   1
MAX 90 OR ABOVE:   0    0.10 INCH OR MORE:   0
MIN 32 OR BELOW:   0    0.50 INCH OR MORE:   0
MIN  0 OR BELOW:   0    1.00 INCH OR MORE:   0

[HDD (BASE 65) ]
TOTAL THIS MO.     1    CLEAR  (SCALE 0-3)   0
DPTR FM NORMAL   -17    PTCLDY (SCALE 4-7)  22
TOTAL FM JUL 1   442    CLOUDY (SCALE 8-10)  8
DPTR FM NORMAL  -783

[CDD (BASE 65) ]
TOTAL THIS MO.   123
DPTR FM NORMAL    63    [PRESSURE DATA]
TOTAL FM JAN 1   306    HIGHEST SLP 30.03 ON 27
DPTR FM NORMAL   197    LOWEST  SLP 29.79 ON 30

[REMARKS]
#FINAL-06-15#
