000
CXUS52 KCHS 290715
CF6SAV
PRELIMINARY LOCAL CLIMATOLOGICAL DATA (WS FORM: F-6)

                                          STATION:   SAVANNAH GA
                                          MONTH:     JUNE
                                          YEAR:      2015
                                          LATITUDE:   32  7 N
                                          LONGITUDE:  81 12 W

  TEMPERATURE IN F:       :PCPN:    SNOW:  WIND      :SUNSHINE: SKY     :PK WND
================================================================================
1   2   3   4   5  6A  6B    7    8   9   10  11  12  13   14  15   16   17  18
                                     12Z  AVG MX 2MIN
DY MAX MIN AVG DEP HDD CDD  WTR  SNW DPTH SPD SPD DIR MIN PSBL S-S WX    SPD DR
================================================================================

 1  88  65  77   0   0  12 0.00  0.0    0  4.8 15 170   M    M   7        18 170
 2  86  67  77  -1   0  12 0.13  0.0    0  3.0 35 180   M    M   8 3      52 160
 3  83  68  76  -2   0  11 0.31  0.0    0  5.0 23 100   M    M   7 13     25 110
 4  84  67  76  -2   0  11 0.26  0.0    0  6.2  9  20   M    M   6 13     14 230
 5  86  67  77  -1   0  12 0.00  0.0    0  4.6 12 130   M    M   7 12     16 200
 6  89  68  79   1   0  14 0.01  0.0    0  4.7 17 150   M    M   6 1      22 150
 7  89  68  79   1   0  14 0.00  0.0    0  6.2 17 100   M    M   3 1      23 100
 8  90  70  80   1   0  15 0.00  0.0    0  6.4 18 180   M    M   3 18     24 170
 9  90  69  80   1   0  15 1.61  0.0    0  6.6 36 310   M    M   8 138    44 300
10  87  69  78  -1   0  13 0.05  0.0    0  2.4 13 160   M    M   7 1      16 150
11  90  69  80   1   0  15 0.05  0.0    0  4.8 21 160   M    M   5 13     26 160
12  92  71  82   3   0  17 0.06  0.0    0  7.4 23 280   M    M   5 3      31 270
13  92  70  81   1   0  16 0.00  0.0    0  5.6 12 280   M    M   3        14 320
14  97  73  85   5   0  20 0.00  0.0    0  3.6 14 160   M    M   1        16 180
15  97  73  85   5   0  20 0.00  0.0    0  4.6 14 160   M    M   1 8      17 160
16  99  74  87   7   0  22 0.00  0.0    0  4.8 14 160   M    M   2        16 170
17  99  76  88   8   0  23 0.00  0.0    0  4.9 14 160   M    M   3 3      21 170
18  98  74  86   6   0  21 0.00  0.0    0  5.5 15 150   M    M   4 1      20 160
19  98  76  87   7   0  22 0.91  0.0    0  5.1 38 230   M    M   5 35     59 250
20  96  75  86   5   0  21 0.00  0.0    0  7.0 16 240   M    M   3        22 250
21  96  76  86   5   0  21 0.00  0.0    0  8.1 16 230   M    M   4        20 240
22  98  72  85   4   0  20 1.95  0.0    0  6.7 47 330   M    M   5 138    68 120
23  89  72  81   0   0  16 0.00  0.0    0  6.1 14 240   M    M   6        17 260
24  95  74  85   4   0  20 0.00  0.0    0  7.6 16 210   M    M   4        21 210
25  94  73  84   3   0  19 0.04  0.0    0  5.8 23 130   M    M   7 3      29 130
26  94  72  83   2   0  18 0.00  0.0    0  8.8 21 170   M    M   6        24 180
27  90  76  83   1   0  18 0.25  0.0    0  9.2 26 250   M    M   6 13     36 250
28  88  74  81  -1   0  16    T  0.0    0  8.3 16 210   M    M   6 3      20 210
================================================================================
SM 2574 1998         0 474  5.63     0.0 163.8          M      138
================================================================================
AV 91.9 71.4                               5.8 FASTST   M    M   5    MAX(MPH)
                                 MISC ---->  # 47 330               # 68  120
================================================================================
NOTES:
# LAST OF SEVERAL OCCURRENCES

COLUMN 17 PEAK WIND IN M.P.H.

PRELIMINARY LOCAL CLIMATOLOGICAL DATA (WS FORM: F-6) , PAGE 2

                                          STATION:  SAVANNAH GA
                                          MONTH:    JUNE
                                          YEAR:     2015
                                          LATITUDE:   32  7 N
                                          LONGITUDE:  81 12 W

[TEMPERATURE DATA]      [PRECIPITATION DATA]       SYMBOLS USED IN COLUMN 16

AVERAGE MONTHLY: 81.6   TOTAL FOR MONTH:   5.63    1 = FOG OR MIST
DPTR FM NORMAL:   2.0   DPTR FM NORMAL:    0.07    2 = FOG REDUCING VISIBILITY
HIGHEST:    99 ON 17,16 GRTST 24HR  1.95 ON 22-22      TO 1/4 MILE OR LESS
LOWEST:     65 ON  1                               3 = THUNDER
                        SNOW, ICE PELLETS, HAIL    4 = ICE PELLETS
                        TOTAL MONTH:   0.0 INCH    5 = HAIL
                        GRTST 24HR     0.0         6 = FREEZING RAIN OR DRIZZLE
                        GRTST DEPTH:   0           7 = DUSTSTORM OR SANDSTORM:
                                                       VSBY 1/2 MILE OR LESS
                                                   8 = SMOKE OR HAZE
[NO. OF DAYS WITH]      [WEATHER - DAYS WITH]      9 = BLOWING SNOW
                                                   X = TORNADO
MAX 32 OR BELOW:   0    0.01 INCH OR MORE:  12
MAX 90 OR ABOVE:  18    0.10 INCH OR MORE:   7
MIN 32 OR BELOW:   0    0.50 INCH OR MORE:   3
MIN  0 OR BELOW:   0    1.00 INCH OR MORE:   2

[HDD (BASE 65) ]
TOTAL THIS MO.     0    CLEAR  (SCALE 0-3)   5
DPTR FM NORMAL     0    PTCLDY (SCALE 4-7)  23
TOTAL FM JUL 1  1693    CLOUDY (SCALE 8-10)  0
DPTR FM NORMAL  -119

[CDD (BASE 65) ]
TOTAL THIS MO.   474
DPTR FM NORMAL    61    [PRESSURE DATA]
TOTAL FM JAN 1  1009    HIGHEST SLP M ON M
DPTR FM NORMAL   193    LOWEST  SLP 29.83 ON  9

[REMARKS]
