168
CXUS53 KMKX 220651
CF6SBM
PRELIMINARY LOCAL CLIMATOLOGICAL DATA (WS FORM: F-6)

                                          STATION:   SHEBOYGAN WI
                                          MONTH:     OCTOBER
                                          YEAR:      2017
                                          LATITUDE:   43 46 N
                                          LONGITUDE:  87 51 W

  TEMPERATURE IN F:       :PCPN:    SNOW:  WIND      :SUNSHINE: SKY     :PK WND
================================================================================
1   2   3   4   5  6A  6B    7    8   9   10  11  12  13   14  15   16   17  18
                                     12Z  AVG MX 2MIN
DY MAX MIN AVG DEP HDD CDD  WTR  SNW DPTH SPD SPD DIR MIN PSBL S-S WX    SPD DR
================================================================================

 1  67  36  52  -2  13   0 0.00  0.0    0  7.5 23 180   M    M   0 1      28 180
 2  74  61  68  15   0   3 0.00  0.0    0 11.6 23 180   M    M   1        30 190
 3  82  61  72  19   0   7    T  0.0    0 12.0 23 200   M    M   3        30 210
 4  73  42  58   5   7   0 0.34  0.0    0  7.8 17 300   M    M   4 1      25 300
 5  61  39  50  -2  15   0 0.33    M    0  3.3 12 200   M    M   6 1      14 220
 6  66  53  60   8   5   0 0.19  0.0    0  6.7 23 180   M    M  10 1      28 180
 7  73  59  66  14   0   1 0.16  0.0    0 13.8 28 200   M    M   8 1      36 200
 8  77  50  64  13   1   0 0.00  0.0    0  7.8 20 180   M    M   0        25 170
 9  66  46  56   5   9   0 0.00  0.0    0  5.7 16  50   M    M   1 1      19  50
10  58  48  53   3  12   0 0.32  0.0    0 13.8 23  40   M    M   7 1      27  40
11  57  52  55   5  10   0 0.09  0.0    0 12.0 21  50   M    M  10 1      26  50
12  58  54  56   6   9   0    T  0.0    0  5.4 12 110   M    M  10 1      16 110
13  62  54  58   9   7   0 0.09    M    M  4.4 13 220   M    M  10 1      15 210
14  64  55  60  11   5   0 0.78    M    M 11.0 25 180   M    M   8 1      32 180
15  67  42  55   6  10   0 0.07    M    M 11.4 26 290   M    M   8 1      37 280
16  60  41  51   3  14   0 0.00    M    M  5.8 13 230   M    M   2        17 230
17  70  43  57   9   8   0 0.00  0.0    0  9.2 17 260   M    M   0        25 250
18  72  45  59  11   6   0 0.00  0.0    0 13.8 28 200   M    M   0        36 200
19  69  44  57  10   8   0 0.00  0.0    0  7.2 17 280   M    M   0        26 260
20  78  41  60  13   5   0 0.00  0.0    0  7.9 21 220   M    M   0        27 230
21  68  55  62  16   3   0 0.00  0.0    0 11.7 22 170   M    M   2        29 170
================================================================================
SM 1422 1021       147  11  2.37     0.0 189.8          M       90
================================================================================
AV 67.7 48.6                               9.0 FASTST   M    M   4    MAX(MPH)
                                 MISC ---->  # 28 200               # 37  280
================================================================================
NOTES:
# LAST OF SEVERAL OCCURRENCES

COLUMN 17 PEAK WIND IN M.P.H.

PRELIMINARY LOCAL CLIMATOLOGICAL DATA (WS FORM: F-6) , PAGE 2

                                          STATION:  SHEBOYGAN WI
                                          MONTH:    OCTOBER
                                          YEAR:     2017
                                          LATITUDE:   43 46 N
                                          LONGITUDE:  87 51 W

[TEMPERATURE DATA]      [PRECIPITATION DATA]       SYMBOLS USED IN COLUMN 16

AVERAGE MONTHLY: 58.2   TOTAL FOR MONTH:   2.37    1 = FOG OR MIST
DPTR FM NORMAL:   8.1   DPTR FM NORMAL:    0.50    2 = FOG REDUCING VISIBILITY
HIGHEST:    82 ON  3    GRTST 24HR  0.78 ON 14-14      TO 1/4 MILE OR LESS
LOWEST:     36 ON  1                               3 = THUNDER
                        SNOW, ICE PELLETS, HAIL    4 = ICE PELLETS
                        TOTAL MONTH:   0.0 INCH    5 = HAIL
                        GRTST 24HR     0.0         6 = FREEZING RAIN OR DRIZZLE
                        GRTST DEPTH:   0           7 = DUSTSTORM OR SANDSTORM:
                                                       VSBY 1/2 MILE OR LESS
                                                   8 = SMOKE OR HAZE
[NO. OF DAYS WITH]      [WEATHER - DAYS WITH]      9 = BLOWING SNOW
                                                   X = TORNADO
MAX 32 OR BELOW:   0    0.01 INCH OR MORE:   9
MAX 90 OR ABOVE:   0    0.10 INCH OR MORE:   6
MIN 32 OR BELOW:   0    0.50 INCH OR MORE:   1
MIN  0 OR BELOW:   0    1.00 INCH OR MORE:   0

[HDD (BASE 65) ]
TOTAL THIS MO.   147    CLEAR  (SCALE 0-3)  11
DPTR FM NORMAL  -167    PTCLDY (SCALE 4-7)   4
TOTAL FM JUL 1   358    CLOUDY (SCALE 8-10)  6
DPTR FM NORMAL  -198

[CDD (BASE 65) ]
TOTAL THIS MO.    11
DPTR FM NORMAL    11    [PRESSURE DATA]
TOTAL FM JAN 1   381    HIGHEST SLP M ON M
DPTR FM NORMAL   -10    LOWEST  SLP 29.43 ON  7

[REMARKS]
