000
CXUS53 KMKX 170650
CF6SBM
PRELIMINARY LOCAL CLIMATOLOGICAL DATA (WS FORM: F-6)

                                          STATION:   SHEBOYGAN WI
                                          MONTH:     MARCH
                                          YEAR:      2017
                                          LATITUDE:   43 46 N
                                          LONGITUDE:  87 51 W

  TEMPERATURE IN F:       :PCPN:    SNOW:  WIND      :SUNSHINE: SKY     :PK WND
================================================================================
1   2   3   4   5  6A  6B    7    8   9   10  11  12  13   14  15   16   17  18
                                     12Z  AVG MX 2MIN
DY MAX MIN AVG DEP HDD CDD  WTR  SNW DPTH SPD SPD DIR MIN PSBL S-S WX    SPD DR
================================================================================

 1  38  20  29   2  36   0 0.26    M    0 13.0 24 320   M    M   9 12     33 330
 2  28  11  20  -7  45   0    T    M    0  8.9 21 260   M    M   3        24 260
 3  20   9  15 -13  50   0 0.00  0.0    0  6.2 14 260   M    M   0        18 340
 4  32   6  19  -9  46   0 0.00  0.0    0  9.3 18 140   M    M   6        28 130
 5  43  31  37   9  28   0    T    M    M 12.3 23 160   M    M   7        34 170
 6  50  43  47  18  18   0 0.00    M    M 12.6 23 170   M    M  10 1      30 170
 7  56  35  46  17  19   0 0.14    M    0 24.3 40 250   M    M   3 13     51 230
 8  41  31  36   7  29   0 0.00  0.0    0 26.0 43 260   M    M   1        57 280
 9  36  28  32   2  33   0 0.00  0.0    0  9.2 22 290   M    M   5        31 290
10  28  16  22  -8  43   0 0.00  0.0    0 14.4 22 330   M    M   0        30 330
11  25  10  18 -12  47   0 0.00  0.0    0 10.3 18 340   M    M   0        24 320
12  27  13  20 -11  45   0    T    M    0  6.2 13  10   M    M   3 1      16 160
13  26  15  21 -10  44   0 0.11    M    0 11.8 25  40   M    M  10 12     31  40
14  24   9  17 -15  48   0 0.00    M    M 11.1 20 350   M    M   1        26 350
15  31  12  22 -10  43   0    T    M    M  8.9 17 310   M    M   0        22 320
16  37  19  28  -4  37   0 0.00    M    M  5.6 13 190   M    M   0        14 190
================================================================================
SM  542  308       611   0  0.51     0.0 190.1          M       58
================================================================================
AV 33.9 19.3                              11.9 FASTST   M    M   4    MAX(MPH)
                                 MISC ---->  # 43 260               # 57  280
================================================================================
NOTES:
# LAST OF SEVERAL OCCURRENCES

COLUMN 17 PEAK WIND IN M.P.H.

PRELIMINARY LOCAL CLIMATOLOGICAL DATA (WS FORM: F-6) , PAGE 2

                                          STATION:  SHEBOYGAN WI
                                          MONTH:    MARCH
                                          YEAR:     2017
                                          LATITUDE:   43 46 N
                                          LONGITUDE:  87 51 W

[TEMPERATURE DATA]      [PRECIPITATION DATA]       SYMBOLS USED IN COLUMN 16

AVERAGE MONTHLY: 26.6   TOTAL FOR MONTH:   0.51    1 = FOG OR MIST
DPTR FM NORMAL:  -3.0   DPTR FM NORMAL:   -0.39    2 = FOG REDUCING VISIBILITY
HIGHEST:    56 ON  7    GRTST 24HR  0.26 ON  1- 1      TO 1/4 MILE OR LESS
LOWEST:      6 ON  4                               3 = THUNDER
                        SNOW, ICE PELLETS, HAIL    4 = ICE PELLETS
                        TOTAL MONTH:   0.0 INCH    5 = HAIL
                        GRTST 24HR     0.0         6 = FREEZING RAIN OR DRIZZLE
                        GRTST DEPTH:   0           7 = DUSTSTORM OR SANDSTORM:
                                                       VSBY 1/2 MILE OR LESS
                                                   8 = SMOKE OR HAZE
[NO. OF DAYS WITH]      [WEATHER - DAYS WITH]      9 = BLOWING SNOW
                                                   X = TORNADO
MAX 32 OR BELOW:   9    0.01 INCH OR MORE:   3
MAX 90 OR ABOVE:   0    0.10 INCH OR MORE:   3
MIN 32 OR BELOW:  14    0.50 INCH OR MORE:   0
MIN  0 OR BELOW:   0    1.00 INCH OR MORE:   0

[HDD (BASE 65) ]
TOTAL THIS MO.   611    CLEAR  (SCALE 0-3)  10
DPTR FM NORMAL    44    PTCLDY (SCALE 4-7)   3
TOTAL FM JUL 1  5278    CLOUDY (SCALE 8-10)  3
DPTR FM NORMAL  -818

[CDD (BASE 65) ]
TOTAL THIS MO.     0
DPTR FM NORMAL     0    [PRESSURE DATA]
TOTAL FM JAN 1     0    HIGHEST SLP M ON M
DPTR FM NORMAL     0    LOWEST  SLP 29.28 ON  6

[REMARKS]
