000
CXUS53 KMKX 230659
CF6SBM
PRELIMINARY LOCAL CLIMATOLOGICAL DATA (WS FORM: F-6)

                                          STATION:   SHEBOYGAN WI
                                          MONTH:     AUGUST
                                          YEAR:      2015
                                          LATITUDE:   43 46 N
                                          LONGITUDE:  87 51 W

  TEMPERATURE IN F:       :PCPN:    SNOW:  WIND      :SUNSHINE: SKY     :PK WND
================================================================================
1   2   3   4   5  6A  6B    7    8   9   10  11  12  13   14  15   16   17  18
                                     12Z  AVG MX 2MIN
DY MAX MIN AVG DEP HDD CDD  WTR  SNW DPTH SPD SPD DIR MIN PSBL S-S WX    SPD DR
================================================================================

 1  83  59  71   2   0   6    T  0.0    0  7.3 20 280   M    M   0        27 280
 2  91  61  76   7   0  11 0.36  0.0    0 11.9 36 270   M    M   1 138    46 270
 3  78  60  69   0   0   4 0.00  0.0    0  8.5 22 300   M    M   3        29 300
 4  78  55  67  -2   0   2 0.00  0.0    0  6.6 17 280   M    M   3        23 290
 5  71  54  63  -6   2   0 0.00  0.0    0  5.4 14  60   M    M   4        19  50
 6  76  55  66  -3   0   1 0.00  0.0    0  4.9 13  80   M    M   1        25  90
 7  71  61  66  -3   0   1 0.57  0.0    0  5.9 15 140   M    M   8 1      20 150
 8  73  62  68   0   0   3 0.00  0.0    0  6.5 14  40   M    M   8 1      17  60
 9  77  60  69   1   0   4    T  0.0    0  3.5 10 100   M    M   8 12     15 100
10  78  62  70   2   0   5 0.31    M    M  3.1 12  80   M    M   7 1238   14  70
11  79  57  68   0   0   3 0.00    M    M  4.5 13 350   M    M   3 1      19 350
12  79  54  67  -1   0   2 0.00  0.0    0  4.0 12 280   M    M   2 1      15 260
13  85  61  73   5   0   8    T  0.0    0 11.2 24 240   M    M   1        30 240
14  90  64  77   9   0  12 0.37  0.0    0  7.8 29 360   M    M   1 13     48 350
15  81  62  72   4   0   7 0.00  0.0    0  4.3 12 170   M    M   0 1      14 180
16  87  66  77   9   0  12 0.00  0.0    0  9.2 18 230   M    M   0 12     23 220
17  86  67  77   9   0  12 0.90  0.0    0  5.9 28 270   M    M   3 13     38 270
18  78  66  72   4   0   7 0.91  0.0    0  5.3 20 200   M    M   6 123    25 200
19  75  60  68   0   0   3 0.04  0.0    0 12.8 25 220   M    M   6 1      32 220
20  65  52  59  -8   6   0 0.01    M    M 10.9 24 260   M    M   9 1      31 250
21  75  50  63  -4   2   0 0.00    M    M  6.6 17 180   M    M   1        23 170
22  77  58  68   1   0   3 0.00    M    M  9.0 23 180   M    M   0 1      31 170
================================================================================
SM 1733 1306        10 106  3.47     0.0 155.1          M       75
================================================================================
AV 78.8 59.4                               7.1 FASTST   M    M   3    MAX(MPH)
                                 MISC ---->  # 36 270               # 48  350
================================================================================
NOTES:
# LAST OF SEVERAL OCCURRENCES

COLUMN 17 PEAK WIND IN M.P.H.

PRELIMINARY LOCAL CLIMATOLOGICAL DATA (WS FORM: F-6) , PAGE 2

                                          STATION:  SHEBOYGAN WI
                                          MONTH:    AUGUST
                                          YEAR:     2015
                                          LATITUDE:   43 46 N
                                          LONGITUDE:  87 51 W

[TEMPERATURE DATA]      [PRECIPITATION DATA]       SYMBOLS USED IN COLUMN 16

AVERAGE MONTHLY: 69.1   TOTAL FOR MONTH:   3.47    1 = FOG OR MIST
DPTR FM NORMAL:   0.9   DPTR FM NORMAL:    0.90    2 = FOG REDUCING VISIBILITY
HIGHEST:    91 ON  2    GRTST 24HR  0.95 ON 18-19      TO 1/4 MILE OR LESS
LOWEST:     50 ON 21                               3 = THUNDER
                        SNOW, ICE PELLETS, HAIL    4 = ICE PELLETS
                        TOTAL MONTH:   0.0 INCH    5 = HAIL
                        GRTST 24HR     0.0         6 = FREEZING RAIN OR DRIZZLE
                        GRTST DEPTH:   0           7 = DUSTSTORM OR SANDSTORM:
                                                       VSBY 1/2 MILE OR LESS
                                                   8 = SMOKE OR HAZE
[NO. OF DAYS WITH]      [WEATHER - DAYS WITH]      9 = BLOWING SNOW
                                                   X = TORNADO
MAX 32 OR BELOW:   0    0.01 INCH OR MORE:   8
MAX 90 OR ABOVE:   2    0.10 INCH OR MORE:   6
MIN 32 OR BELOW:   0    0.50 INCH OR MORE:   3
MIN  0 OR BELOW:   0    1.00 INCH OR MORE:   0

[HDD (BASE 65) ]
TOTAL THIS MO.    10    CLEAR  (SCALE 0-3)  14
DPTR FM NORMAL   -12    PTCLDY (SCALE 4-7)   6
TOTAL FM JUL 1    57    CLOUDY (SCALE 8-10)  2
DPTR FM NORMAL    14

[CDD (BASE 65) ]
TOTAL THIS MO.   106
DPTR FM NORMAL    16    [PRESSURE DATA]
TOTAL FM JAN 1   303    HIGHEST SLP M ON M
DPTR FM NORMAL   -32    LOWEST  SLP 29.52 ON 19

[REMARKS]
