000
CXUS53 KIWX 010800
CF6SBN
PRELIMINARY LOCAL CLIMATOLOGICAL DATA (WS FORM: F-6)

                                          STATION:   SOUTH BEND
                                          MONTH:     OCTOBER
                                          YEAR:      2014
                                          LATITUDE:   41 42 N
                                          LONGITUDE:  86 19 W

  TEMPERATURE IN F:       :PCPN:    SNOW:  WIND      :SUNSHINE: SKY     :PK WND
================================================================================
1   2   3   4   5  6A  6B    7    8   9   10  11  12  13   14  15   16   17  18
                                     12Z  AVG MX 2MIN
DY MAX MIN AVG DEP HDD CDD  WTR  SNW DPTH SPD SPD DIR MIN PSBL S-S WX    SPD DR
================================================================================

 1  71  54  63   6   2   0 0.00  0.0    0 10.6 16 140   M    M   5        19 150
 2  77  60  69  12   0   4 2.28  0.0    0  9.3 17 290   M    M   8 13     22 290
 3  66  45  56  -1   9   0 1.55  0.0    0 14.5 28 280   M    M  10 13     38 280
 4  46  39  43 -13  22   0 0.20  0.0    0 15.1 25 250   M    M   9 1      33 260
 5  58  38  48  -8  17   0 0.00  0.0    0 11.8 24 230   M    M   8        32 240
 6  64  43  54  -2  11   0 0.02  0.0    0  9.5 26 250   M    M   5        36 250
 7  66  44  55   0  10   0    T  0.0    0  8.5 17 180   M    M   5        24 220
 8  63  42  53  -2  12   0 0.00  0.0    0 11.3 22 290   M    M   0        33 280
 9  60  40  50  -4  15   0 0.00  0.0    0  6.6 16 340   M    M   M        20 330
10  59  37  48  -6  17   0 0.00  0.0    0  6.0 15 360   M    M   1        18 360
11  61  33  47  -7  18   0 0.00  0.0    0  3.8 12  30   M    M   0        20  10
12  64  37  51  -2  14   0 0.07  0.0    0  9.7 20 120   M    M   1 8      24 130
13  75  54  65  12   0   0 0.29  0.0    0 10.4 22 150   M    M   8 12     29 140
14  68  56  62   9   3   0 0.45  0.0    0 10.5 26 210   M    M  10 1      33 210
15  61  54  58   6   7   0 0.01  0.0    0  5.6 14 130   M    M  10 1      16 100
16  62  48  55   3  10   0    T  0.0    0  8.3 16 300   M    M   9 12     20 300
17  65  50  58   6   7   0 0.01  0.0    0 13.6 30 310   M    M   6 1      37 320
18  51  41  46  -5  19   0 0.07  0.0    0 13.5 22 340   M    M   9 18     27 350
19  55  32  44  -7  21   0 0.00  0.0    0  6.6 15 220   M    M   1        22 220
20  61  49  55   4  10   0 0.04  0.0    0 10.4 17 320   M    M   7 3      23 320
21  55  35  45  -5  20   0 0.01  0.0    0  8.1 18 350   M    M   7        22 340
22  57  30  44  -6  21   0 0.00  0.0    0  1.9  8  90   M    M   0        12 100
23  59  30  45  -5  20   0 0.00  0.0    0  3.7 12 210   M    M   0 128    16 170
24  66  49  58   8   7   0 0.00  0.0    0  4.9 15 230   M    M   6 18     18 230
25  69  49  59  10   6   0    T  0.0    0 10.8 22 290   M    M   5 18     28 290
26  62  38  50   1  15   0 0.00  0.0    0  6.1 15 320   M    M   0        20 320
27  76  48  62  13   3   0    T  0.0    0 13.7 25 210   M    M   2        33 200
28  70  44  57   9   8   0 0.26  0.0    0 13.7 24 240   M    M   4 13     30 240
29  47  42  45  -3  20   0    T  0.0    0  8.1 17 300   M    M   8        22 290
30  53  44  49   1  16   0 0.00  0.0    0  6.4 14 260   M    M   9        19 240
31  46  33  40  -7  25   0 0.42  0.2    0 17.3 35 360   M    M   9 12     45  10
================================================================================
SM 1913 1338       385   4  5.68     0.2 290.3          M      162
================================================================================
AV 61.7 43.2                               9.4 FASTST   M    M   5    MAX(MPH)
                                 MISC ---->  # 35 360               # 45   10
================================================================================
NOTES:
# LAST OF SEVERAL OCCURRENCES

COLUMN 17 PEAK WIND IN M.P.H.

PRELIMINARY LOCAL CLIMATOLOGICAL DATA (WS FORM: F-6) , PAGE 2

                                          STATION:  SOUTH BEND
                                          MONTH:    OCTOBER
                                          YEAR:     2014
                                          LATITUDE:   41 42 N
                                          LONGITUDE:  86 19 W

[TEMPERATURE DATA]      [PRECIPITATION DATA]       SYMBOLS USED IN COLUMN 16

AVERAGE MONTHLY: 52.4   TOTAL FOR MONTH:   5.68    1 = FOG OR MIST
DPTR FM NORMAL:   0.3   DPTR FM NORMAL:    2.36    2 = FOG REDUCING VISIBILITY
HIGHEST:    77 ON  2    GRTST 24HR  2.28 ON  2- 2      TO 1/4 MILE OR LESS
LOWEST:     30 ON 23,22                            3 = THUNDER
                        SNOW, ICE PELLETS, HAIL    4 = ICE PELLETS
                        TOTAL MONTH:   0.2 INCH    5 = HAIL
                        GRTST 24HR   0.2 ON   M    6 = FREEZING RAIN OR DRIZZLE
                        GRTST DEPTH:   0           7 = DUSTSTORM OR SANDSTORM:
                                                       VSBY 1/2 MILE OR LESS
                                                   8 = SMOKE OR HAZE
[NO. OF DAYS WITH]      [WEATHER - DAYS WITH]      9 = BLOWING SNOW
                                                   X = TORNADO
MAX 32 OR BELOW:   0    0.01 INCH OR MORE:  14
MAX 90 OR ABOVE:   0    0.10 INCH OR MORE:   7
MIN 32 OR BELOW:   3    0.50 INCH OR MORE:   2
MIN  0 OR BELOW:   0    1.00 INCH OR MORE:   2

[HDD (BASE 65) ]
TOTAL THIS MO.   385    CLEAR  (SCALE 0-3)   9
DPTR FM NORMAL   -22    PTCLDY (SCALE 4-7)  11
TOTAL FM JUL 1   533    CLOUDY (SCALE 8-10) 10
DPTR FM NORMAL    -8

[CDD (BASE 65) ]
TOTAL THIS MO.     4
DPTR FM NORMAL    -5    [PRESSURE DATA]
TOTAL FM JAN 1   771    HIGHEST SLP 30.40 ON 22
DPTR FM NORMAL    -2    LOWEST  SLP 29.45 ON  3

[REMARKS]
#FINAL-10-14#
