000
CXUS51 KAKQ 271010
CF6SBY
PRELIMINARY LOCAL CLIMATOLOGICAL DATA (WS FORM: F-6)

                                          STATION:   SALISBURY MD
                                          MONTH:     APRIL
                                          YEAR:      2017
                                          LATITUDE:   38 20 N
                                          LONGITUDE:  75 30 W

  TEMPERATURE IN F:       :PCPN:    SNOW:  WIND      :SUNSHINE: SKY     :PK WND
================================================================================
1   2   3   4   5  6A  6B    7    8   9   10  11  12  13   14  15   16   17  18
                                     12Z  AVG MX 2MIN
DY MAX MIN AVG DEP HDD CDD  WTR  SNW DPTH SPD SPD DIR MIN PSBL S-S WX    SPD DR
================================================================================

 1  56  47  52   2  13   0    T  0.0    0 13.0 25 330   M    M  10 8      32 310
 2  62  44  53   3  12   0 0.00  0.0    0  7.1 17 340   M    M   2        22 310
 3  69  38  54   4  11   0 0.10  0.0    0  8.7 21 170   M    M   3 18     29 150
 4  79  54  67  16   0   2 0.00  0.0    0 12.8 28 240   M    M   4        36 190
 5  75  49  62  11   3   0 0.00  0.0    0 10.1 17 110   M    M   2        27 360
 6  68  53  61  10   4   0 0.39  0.0    0 12.9 31 150   M    M   7 13     40 150
 7  54  44  49  -3  16   0    T  0.0    0 16.9 26 290   M    M   9        37 300
 8  60  36  48  -4  17   0 0.00  0.0    0  9.2 22 270   M    M   1        30 260
 9  69  31  50  -2  15   0 0.00  0.0    0  4.6 13 230   M    M   0 8      18 230
10  77  45  61   9   4   0 0.00  0.0    0 10.2 21 210   M    M   0        28 190
11  80  58  69  16   0   4 0.00  0.0    0 10.4 17 250   M    M   0        23 210
12  81  53  67  14   0   2 0.00  0.0    0  6.5 18 320   M    M   1        22 320
13  72  43  58   5   7   0 0.00  0.0    0  4.4 15  30   M    M   0        19  60
14  70  42  56   2   9   0 0.00  0.0    0  3.5 17 120   M    M   4 8      22 120
15  74  46  60   6   5   0 0.00  0.0    0  9.2 21 180   M    M   7        28 170
16  86  63  75  21   0  10 0.00  0.0    0 12.5 23 240   M    M   2        29 240
17  79  50  65  11   0   0    T  0.0    0  7.3 18 320   M    M   5 1      26 330
18  66  46  56   1   9   0 0.00  0.0    0  9.0 18 110   M    M   0 1      23  60
19  64  41  53  -2  12   0 0.00  0.0    0  6.9 15 120   M    M   6        23 180
20  81  58  70  15   0   5 0.09  0.0    0  6.0 16 270   M    M   5 1      20 230
21  85  55  70  14   0   5 0.06  0.0    0  5.9 17 120   M    M   5 123    20 110
22  57  52  55  -1  10   0 0.32  0.0    0  7.5 15 310   M    M  10 13     20 320
23  61  48  55  -1  10   0 0.01    M    0  7.6 15  50   M    M   6 1      19  40
24  57  49  53  -3  12   0 0.29    M    0 14.0 22  60   M    M  10 1      27  50
25  64  54  59   2   6   0 0.75  0.0    0 11.1 26  60   M    M  10 1      35  60
26  65  55  60   3   5   0 0.01  0.0    0  4.7 10 260   M    M   9 12     14 330
================================================================================
SM 1811 1254       180  28  2.02     0.0 232.0          M      118
================================================================================
AV 69.7 48.2                               8.9 FASTST   M    M   5    MAX(MPH)
                                 MISC ---->  # 31 150               # 40  150
================================================================================
NOTES:
# LAST OF SEVERAL OCCURRENCES

COLUMN 17 PEAK WIND IN M.P.H.

PRELIMINARY LOCAL CLIMATOLOGICAL DATA (WS FORM: F-6) , PAGE 2

                                          STATION:  SALISBURY MD
                                          MONTH:    APRIL
                                          YEAR:     2017
                                          LATITUDE:   38 20 N
                                          LONGITUDE:  75 30 W

[TEMPERATURE DATA]      [PRECIPITATION DATA]       SYMBOLS USED IN COLUMN 16

AVERAGE MONTHLY: 58.9   TOTAL FOR MONTH:   2.02    1 = FOG OR MIST
DPTR FM NORMAL:   5.5   DPTR FM NORMAL:   -1.12    2 = FOG REDUCING VISIBILITY
HIGHEST:    86 ON 16    GRTST 24HR  1.02 ON 31- 1      TO 1/4 MILE OR LESS
LOWEST:     31 ON  9                               3 = THUNDER
                        SNOW, ICE PELLETS, HAIL    4 = ICE PELLETS
                        TOTAL MONTH:   0.0 INCH    5 = HAIL
                        GRTST 24HR     0.0         6 = FREEZING RAIN OR DRIZZLE
                        GRTST DEPTH:   0           7 = DUSTSTORM OR SANDSTORM:
                                                       VSBY 1/2 MILE OR LESS
                                                   8 = SMOKE OR HAZE
[NO. OF DAYS WITH]      [WEATHER - DAYS WITH]      9 = BLOWING SNOW
                                                   X = TORNADO
MAX 32 OR BELOW:   0    0.01 INCH OR MORE:   9
MAX 90 OR ABOVE:   0    0.10 INCH OR MORE:   5
MIN 32 OR BELOW:   1    0.50 INCH OR MORE:   1
MIN  0 OR BELOW:   0    1.00 INCH OR MORE:   0

[HDD (BASE 65) ]
TOTAL THIS MO.   180    CLEAR  (SCALE 0-3)  11
DPTR FM NORMAL  -134    PTCLDY (SCALE 4-7)   9
TOTAL FM JUL 1  3555    CLOUDY (SCALE 8-10)  6
DPTR FM NORMAL  -694

[CDD (BASE 65) ]
TOTAL THIS MO.    28
DPTR FM NORMAL    15    [PRESSURE DATA]
TOTAL FM JAN 1    30    HIGHEST SLP M ON M
DPTR FM NORMAL    15    LOWEST  SLP 29.27 ON  6

[REMARKS]
