000
CXUS51 KAKQ 311010
CF6SBY
PRELIMINARY LOCAL CLIMATOLOGICAL DATA (WS FORM: F-6)

                                          STATION:   SALISBURY MD
                                          MONTH:     JULY
                                          YEAR:      2015
                                          LATITUDE:   38 20 N
                                          LONGITUDE:  75 30 W

  TEMPERATURE IN F:       :PCPN:    SNOW:  WIND      :SUNSHINE: SKY     :PK WND
================================================================================
1   2   3   4   5  6A  6B    7    8   9   10  11  12  13   14  15   16   17  18
                                     12Z  AVG MX 2MIN
DY MAX MIN AVG DEP HDD CDD  WTR  SNW DPTH SPD SPD DIR MIN PSBL S-S WX    SPD DR
================================================================================

 1  85  69  77   1   0  12    T  0.0    0  7.1 15 260   M    M   2        19 250
 2  74  65  70  -6   0   5 0.18  0.0    0  4.6 25 280   M    M   5 138    34 330
 3  81  60  71  -5   0   6    T  0.0    0  4.2 13 120   M    M   2 128    16 120
 4  81  68  75  -1   0  10 0.81  0.0    0  6.2 14 190   M    M   7 1      18 190
 5  83  69  76   0   0  11 0.00  0.0    0  4.3 12 160   M    M   6 1      16 150
 6  87  71  79   2   0  14 0.34  0.0    0  5.8 24 260   M    M   3 13     34 250
 7  87  73  80   3   0  15 0.00  0.0    0  7.4 16 210   M    M   1        22 220
 8  88  75  82   5   0  17 0.12  0.0    0  7.3 23 250   M    M   2        29 250
 9  90  74  82   5   0  17    T  0.0    0  8.3 21 240   M    M   3 1      31 220
10  85  70  78   1   0  13 0.00  0.0    0  8.4 17 330   M    M   1        24 320
11  77  64  71  -6   0   6 0.49  0.0    0  1.6  8 140   M    M   7 1      11 130
12  85  61  73  -4   0   8    T  0.0    0  2.7 10 110   M    M   0        18 130
13  84  66  75  -2   0  10 0.00  0.0    0  5.0 13 170   M    M   5        17 160
14  84  72  78   1   0  13 0.01  0.0    0  7.1 16 220   M    M   3 3      22 230
15  84  71  78   1   0  13 0.26  0.0    0  6.5 15 330   M    M   3 1      21 300
16  78  63  71  -6   0   6 0.00  0.0    0  7.5 15  40   M    M   6        21  40
17  82  60  71  -6   0   6 0.00  0.0    0  4.4 13 120   M    M   2        19 120
18  87  67  77   0   0  12 0.00  0.0    0  6.9 14 200   M    M   3        17 200
19  92  72  82   5   0  17 0.00  0.0    0  5.3 14 220   M    M   1 1      19 230
20  94  76  85   8   0  20 0.00  0.0    0  5.3 13 210   M    M   0 1      19 240
21  90  73  82   5   0  17 1.21  0.0    0  5.2 29 360   M    M   2 13     35 360
22  84  66  75  -2   0  10 0.00  0.0    0  6.6 15 350   M    M   1        20 360
23  84  63  74  -3   0   9 0.00  0.0    0  3.8 16 320   M    M   2        20 310
24  85  59  72  -5   0   7 0.00  0.0    0  3.4 15 320   M    M   0 8      18 320
25  86  60  73  -4   0   8 0.00  0.0    0  3.1 12 160   M    M   1        16 120
26  87  63  75  -2   0  10 0.00  0.0    0  5.3 14 140   M    M   2        17 180
27  83  67  75  -2   0  10 1.53  0.0    0  5.4 14 290   M    M   4 13     18 280
28  88  69  79   2   0  14 1.20  0.0    0  2.3 25  90   M    M   2 13     32  90
29  88  69  79   3   0  14 0.00  0.0    0  5.7 13 240   M    M   2        16 180
30  89  73  81   5   0  16 0.11  0.0    0  6.8 17 310   M    M   3 1      23 200
================================================================================
SM 2552 2028         0 346  6.26     0.0 163.5          M       81
================================================================================
AV 85.1 67.6                               5.4 FASTST   M    M   3    MAX(MPH)
                                 MISC ---->  # 29 360               # 35  360
================================================================================
NOTES:
# LAST OF SEVERAL OCCURRENCES

COLUMN 17 PEAK WIND IN M.P.H.

PRELIMINARY LOCAL CLIMATOLOGICAL DATA (WS FORM: F-6) , PAGE 2

                                          STATION:  SALISBURY MD
                                          MONTH:    JULY
                                          YEAR:     2015
                                          LATITUDE:   38 20 N
                                          LONGITUDE:  75 30 W

[TEMPERATURE DATA]      [PRECIPITATION DATA]       SYMBOLS USED IN COLUMN 16

AVERAGE MONTHLY: 76.3   TOTAL FOR MONTH:   6.26    1 = FOG OR MIST
DPTR FM NORMAL:  -0.4   DPTR FM NORMAL:    2.06    2 = FOG REDUCING VISIBILITY
HIGHEST:    94 ON 20    GRTST 24HR  1.53 ON 26-27      TO 1/4 MILE OR LESS
LOWEST:     59 ON 24                               3 = THUNDER
                        SNOW, ICE PELLETS, HAIL    4 = ICE PELLETS
                        TOTAL MONTH:   0.0 INCH    5 = HAIL
                        GRTST 24HR     0.0         6 = FREEZING RAIN OR DRIZZLE
                        GRTST DEPTH:   0           7 = DUSTSTORM OR SANDSTORM:
                                                       VSBY 1/2 MILE OR LESS
                                                   8 = SMOKE OR HAZE
[NO. OF DAYS WITH]      [WEATHER - DAYS WITH]      9 = BLOWING SNOW
                                                   X = TORNADO
MAX 32 OR BELOW:   0    0.01 INCH OR MORE:  11
MAX 90 OR ABOVE:   4    0.10 INCH OR MORE:  10
MIN 32 OR BELOW:   0    0.50 INCH OR MORE:   4
MIN  0 OR BELOW:   0    1.00 INCH OR MORE:   3

[HDD (BASE 65) ]
TOTAL THIS MO.     0    CLEAR  (SCALE 0-3)  21
DPTR FM NORMAL     0    PTCLDY (SCALE 4-7)   9
TOTAL FM JUL 1     0    CLOUDY (SCALE 8-10)  0
DPTR FM NORMAL     0

[CDD (BASE 65) ]
TOTAL THIS MO.   346
DPTR FM NORMAL    -8    [PRESSURE DATA]
TOTAL FM JAN 1   787    HIGHEST SLP M ON M
DPTR FM NORMAL   122    LOWEST  SLP 29.58 ON M

[REMARKS]
