000
CXUS51 KAKQ 271010
CF6SBY
PRELIMINARY LOCAL CLIMATOLOGICAL DATA (WS FORM: F-6)

                                          STATION:   SALISBURY MD
                                          MONTH:     AUGUST
                                          YEAR:      2016
                                          LATITUDE:   38 20 N
                                          LONGITUDE:  75 30 W

  TEMPERATURE IN F:       :PCPN:    SNOW:  WIND      :SUNSHINE: SKY     :PK WND
================================================================================
1   2   3   4   5  6A  6B    7    8   9   10  11  12  13   14  15   16   17  18
                                     12Z  AVG MX 2MIN
DY MAX MIN AVG DEP HDD CDD  WTR  SNW DPTH SPD SPD DIR MIN PSBL S-S WX    SPD DR
================================================================================

 1  90  73  82   6   0  17 0.00  0.0    0  5.6 13  70   M    M   3         M  M
 2  87  68  78   2   0  13 0.00  0.0    M  7.4 14  60   M    M   3         M  M
 3  80  66  73  -3   0   8 0.00  0.0    0  9.4 15 100   M    M   4         M  M
 4  83  64  74  -2   0   9 0.00  0.0    0  8.3 14  70   M    M   0        18  80
 5  84  63  74  -2   0   9 0.00  0.0    0  3.6 13 140   M    M   2        16 150
 6  89  72  81   5   0  16    T  0.0    0  6.4 16 260   M    M   6        23 270
 7  88  66  77   1   0  12 0.00  0.0    0  4.8 15 330   M    M   3        17 320
 8  88  63  76   0   0  11 0.00  0.0    0  2.5 15 230   M    M   0        19 200
 9  85  64  75  -1   0  10 0.02  0.0    0  4.8 14 100   M    M   6        18 100
10  92  73  83   7   0  18 0.00  0.0    0  9.0 17 200   M    M   2        24 210
11  93  75  84   8   0  19 0.00  0.0    0  8.3 17 210   M    M   1 1      21 230
12  94  75  85  10   0  20 0.00  0.0    0  9.5 18 210   M    M   1        23 210
13  96  79  88  13   0  23 0.00  0.0    0 11.3 18 200   M    M   1        24 230
14  98  77  88  13   0  23 0.00  0.0    0  7.0 17 340   M    M   0        23 340
15  96  75  86  11   0  21 0.04  0.0    0   M  31 280   M    M   M        23 280
16  94  74  84   9   0  19 0.80  0.0    0  7.3 20 280   M    M   2 1      28 270
17  93  72  83   8   0  18 0.76  0.0    0  7.5 37 260   M    M   2 1      47 260
18  88  72  80   5   0  15 0.02  0.0    0  3.7 14 300   M    M   3        19 310
19  89  71  80   5   0  15 0.00  0.0    0  3.4 12 330   M    M   2 1      15 340
20  88  67  78   3   0  13 0.00  0.0    0  3.7 13 120   M    M   3 12     20 130
21  89  67  78   4   0  13 1.06  0.0    0  4.9 25 330   M    M   2 1      39 330
22  83  64  74   0   0   9 0.00  0.0    0  6.5 16 320   M    M   1        21 340
23  82  58  70  -4   0   5 0.00  0.0    0  3.2 12  50   M    M   0        15  50
24  84  57  71  -3   0   6 0.00  0.0    0  2.5 13 130   M    M   0        17 130
25  86  59  73  -1   0   8 0.00  0.0    0  6.5 16 220   M    M   2        21 180
26  94  72  83   9   0  18 0.00  0.0    0  4.8 15 290   M    M   0        19 320
================================================================================
SM 2313 1786         0 368  2.70     0.0 151.9          M       49
================================================================================
AV 89.0 68.7                               6.1 FASTST   M    M   2    MAX(MPH)
                                 MISC ---->  # 37 260               # 47  260
================================================================================
NOTES:
# LAST OF SEVERAL OCCURRENCES

COLUMN 17 PEAK WIND IN M.P.H.

PRELIMINARY LOCAL CLIMATOLOGICAL DATA (WS FORM: F-6) , PAGE 2

                                          STATION:  SALISBURY MD
                                          MONTH:    AUGUST
                                          YEAR:     2016
                                          LATITUDE:   38 20 N
                                          LONGITUDE:  75 30 W

[TEMPERATURE DATA]      [PRECIPITATION DATA]       SYMBOLS USED IN COLUMN 16

AVERAGE MONTHLY: 78.8   TOTAL FOR MONTH:   2.70    1 = FOG OR MIST
DPTR FM NORMAL:   3.6   DPTR FM NORMAL:   -1.14    2 = FOG REDUCING VISIBILITY
HIGHEST:    98 ON 14    GRTST 24HR  1.06 ON 21-21      TO 1/4 MILE OR LESS
LOWEST:     57 ON 24                               3 = THUNDER
                        SNOW, ICE PELLETS, HAIL    4 = ICE PELLETS
                        TOTAL MONTH:   0.0 INCH    5 = HAIL
                        GRTST 24HR     0.0         6 = FREEZING RAIN OR DRIZZLE
                        GRTST DEPTH:   0           7 = DUSTSTORM OR SANDSTORM:
                                                       VSBY 1/2 MILE OR LESS
                                                   8 = SMOKE OR HAZE
[NO. OF DAYS WITH]      [WEATHER - DAYS WITH]      9 = BLOWING SNOW
                                                   X = TORNADO
MAX 32 OR BELOW:   0    0.01 INCH OR MORE:   6
MAX 90 OR ABOVE:  10    0.10 INCH OR MORE:   3
MIN 32 OR BELOW:   0    0.50 INCH OR MORE:   3
MIN  0 OR BELOW:   0    1.00 INCH OR MORE:   1

[HDD (BASE 65) ]
TOTAL THIS MO.     0    CLEAR  (SCALE 0-3)  21
DPTR FM NORMAL     0    PTCLDY (SCALE 4-7)   4
TOTAL FM JUL 1     0    CLOUDY (SCALE 8-10)  0
DPTR FM NORMAL    -1

[CDD (BASE 65) ]
TOTAL THIS MO.   368
DPTR FM NORMAL   102    [PRESSURE DATA]
TOTAL FM JAN 1  1122    HIGHEST SLP 30.13 ON  9
DPTR FM NORMAL   181    LOWEST  SLP 29.75 ON 21

[REMARKS]
