000
CXUS55 KLOX 231655
CF6SDB
PRELIMINARY LOCAL CLIMATOLOGICAL DATA (WS FORM: F-6)

                                          STATION:   SANDBERG CA
                                          MONTH:     APRIL
                                          YEAR:      2014
                                          LATITUDE:   34 45 N
                                          LONGITUDE: 118 44 W

  TEMPERATURE IN F:       :PCPN:    SNOW:  WIND      :SUNSHINE: SKY     :PK WND
================================================================================
1   2   3   4   5  6A  6B    7    8   9   10  11  12  13   14  15   16   17  18
                                     12Z  AVG MX 2MIN
DY MAX MIN AVG DEP HDD CDD  WTR  SNW DPTH SPD SPD DIR MIN PSBL S-S WX    SPD DR
================================================================================

 1  47  34  41  -7  24   0 0.07    M    M 10.5 23 330   M    M   8 128    28 340
 2  47  33  40  -8  25   0 0.00  0.0    0 15.4 37 330   M    M   5 12     44 350
 3  59  36  48   0  17   0 0.00  0.0    0  9.6 26 340   M    M   1        32 340
 4  56  39  48   0  17   0 0.03    M    0 11.4 28 340   M    M   6 1      34 340
 5  48  37  43  -5  22   0 0.01    M    0 20.5 37 330   M    M   4 128    46 340
 6  70  44  57   9   8   0 0.00  0.0    0 13.6 28 340   M    M   0        33 340
 7  78  56  67  18   0   2 0.00  0.0    0 10.4 25  80   M    M   0        37 100
 8  80  60  70  21   0   5 0.00  0.0    0  9.7 20 160   M    M   0        27 210
 9  83  61  72  23   0   7 0.00  0.0    0  7.8 17 320   M    M   0        24 190
10  80  59  70  21   0   5 0.00  0.0    0 12.4 20 180   M    M   0        24 210
11  76  54  65  16   0   0 0.00  0.0    0 12.2 25 180   M    M   0        34 170
12  68  45  57   8   8   0 0.00  0.0    0 11.3 24 320   M    M   0        32 320
13  69  45  57   7   8   0 0.00  0.0    0 14.0 35 330   M    M   0        43 330
14  74  54  64  14   1   0 0.00  0.0    0 16.5 32  90   M    M   0        42  90
15  72  56  64  14   1   0 0.00  0.0    M 15.3 35 330   M    M   0        44 320
16  73  53  63  13   2   0 0.00  0.0    0 16.4 29 340   M    M   0        34 330
17  76  49  63  13   2   0 0.00  0.0    0 11.5 25 340   M    M   0 28     31 340
18  68  48  58   7   7   0 0.00  0.0    0  8.7 20 340   M    M   1 28     23 180
19  70  52  61  10   4   0 0.00  0.0    0 17.4 35 340   M    M   0        46 330
20  76  52  64  13   1   0 0.00  0.0    0 14.5 28 350   M    M   0        36 340
21  77  56  67  16   0   2 0.00  0.0    0 11.3 23 180   M    M   0        30 160
22  58  43  51  -1  14   0 0.00  0.0    0 20.9 39 340   M    M   0        46 340
================================================================================
SM 1505 1066       161  21  0.11     0.0 291.2          M       25
================================================================================
AV 68.4 48.5                              13.2 FASTST   M    M   1    MAX(MPH)
                                 MISC ---->    39   M                 46    M
================================================================================
NOTES:
# LAST OF SEVERAL OCCURRENCES

COLUMN 17 PEAK WIND IN M.P.H.

PRELIMINARY LOCAL CLIMATOLOGICAL DATA (WS FORM: F-6) , PAGE 2

                                          STATION:  SANDBERG CA
                                          MONTH:    APRIL
                                          YEAR:     2014
                                          LATITUDE:   34 45 N
                                          LONGITUDE: 118 44 W

[TEMPERATURE DATA]      [PRECIPITATION DATA]       SYMBOLS USED IN COLUMN 16

AVERAGE MONTHLY: 58.4   TOTAL FOR MONTH:   0.11    1 = FOG OR MIST
DPTR FM NORMAL:   9.0   DPTR FM NORMAL:   -0.40    2 = FOG REDUCING VISIBILITY
HIGHEST:    83 ON  9    GRTST 24HR  0.10 ON 31- 1      TO 1/4 MILE OR LESS
LOWEST:     33 ON  2                               3 = THUNDER
                        SNOW, ICE PELLETS, HAIL    4 = ICE PELLETS
                        TOTAL MONTH:   0.0 INCH    5 = HAIL
                        GRTST 24HR     0.0         6 = FREEZING RAIN OR DRIZZLE
                        GRTST DEPTH:   0           7 = DUSTSTORM OR SANDSTORM:
                                                       VSBY 1/2 MILE OR LESS
                                                   8 = SMOKE OR HAZE
[NO. OF DAYS WITH]      [WEATHER - DAYS WITH]      9 = BLOWING SNOW
                                                   X = TORNADO
MAX 32 OR BELOW:   0    0.01 INCH OR MORE:   3
MAX 90 OR ABOVE:   0    0.10 INCH OR MORE:   0
MIN 32 OR BELOW:   0    0.50 INCH OR MORE:   0
MIN  0 OR BELOW:   0    1.00 INCH OR MORE:   0

[HDD (BASE 65) ]
TOTAL THIS MO.   161    CLEAR  (SCALE 0-3)  18
DPTR FM NORMAL  -184    PTCLDY (SCALE 4-7)   4
TOTAL FM JUL 1  2288    CLOUDY (SCALE 8-10)  0
DPTR FM NORMAL -1386

[CDD (BASE 65) ]
TOTAL THIS MO.    21
DPTR FM NORMAL    21    [PRESSURE DATA]
TOTAL FM JAN 1    31    HIGHEST SLP M ON M
DPTR FM NORMAL    30    LOWEST  SLP 29.74 ON 16

[REMARKS]
