000
CXUS55 KLOX 201655
CF6SDB
PRELIMINARY LOCAL CLIMATOLOGICAL DATA (WS FORM: F-6)

                                          STATION:   SANDBERG CA
                                          MONTH:     OCTOBER
                                          YEAR:      2014
                                          LATITUDE:   34 45 N
                                          LONGITUDE: 118 44 W

  TEMPERATURE IN F:       :PCPN:    SNOW:  WIND      :SUNSHINE: SKY     :PK WND
================================================================================
1   2   3   4   5  6A  6B    7    8   9   10  11  12  13   14  15   16   17  18
                                     12Z  AVG MX 2MIN
DY MAX MIN AVG DEP HDD CDD  WTR  SNW DPTH SPD SPD DIR MIN PSBL S-S WX    SPD DR
================================================================================

 1  81  55  68   4   0   3 0.00  0.0    0 13.7 29 330   M    M   0        38 320
 2  80  62  71   7   0   6 0.00  0.0    0 17.2 26  80   M    M   0        34  80
 3  85  66  76  12   0  11 0.00  0.0    0 13.8 26  80   M    M   0        33  80
 4  89  69  79  16   0  14 0.00  0.0    0  9.1 21  80   M    M   0        27  70
 5  90  72  81  18   0  16 0.00  0.0    0  9.2 20  80   M    M   0        26  70
 6  91  72  82  19   0  17 0.00  0.0    0  9.7 17  90   M    M   0        24  80
 7  88  68  78  16   0  13 0.00  0.0    0  7.8 22 330   M    M   0        26 330
 8  83  68  76  14   0  11 0.00  0.0    0 10.5 25 340   M    M   0        33 330
 9  79  66  73  11   0   8 0.00  0.0    0 19.5 37 320   M    M   0        50 330
10  77  60  69   8   0   4 0.00  0.0    0 16.6 30 340   M    M   0        41 330
11  88  61  75  14   0  10 0.00  0.0    0 11.1 23 330   M    M   0        27 330
12  84  62  73  12   0   8 0.00  0.0    0 14.4 40 330   M    M   0        49 330
13  82  67  75  15   0  10 0.00  0.0    0 14.5 23  80   M    M   0 8      29  70
14  78  54  66   6   0   1 0.00  0.0    0 12.5 26 210   M    M   0        34 220
15  64  50  57  -3   8   0 0.00  0.0    0 13.8 24 330   M    M   9 128    29 340
16  72  49  61   2   4   0 0.00  0.0    0 10.9 21 330   M    M   3        24 330
17  68  49  59   0   6   0 0.00  0.0    0 10.3 20 180   M    M   0 18     24 190
18  74  51  63   4   2   0 0.00  0.0    0 10.7 25 340   M    M   0        32 330
19  81  63  72  14   0   7 0.00  0.0    0  6.6 15 180   M    M   0        20  10
================================================================================
SM 1534 1164        20 139  0.00     0.0 231.9          M       12
================================================================================
AV 80.7 61.3                              12.2 FASTST   M    M   1    MAX(MPH)
                                 MISC ---->  # 40 330               # 50  330
================================================================================
NOTES:
# LAST OF SEVERAL OCCURRENCES

COLUMN 17 PEAK WIND IN M.P.H.

PRELIMINARY LOCAL CLIMATOLOGICAL DATA (WS FORM: F-6) , PAGE 2

                                          STATION:  SANDBERG CA
                                          MONTH:    OCTOBER
                                          YEAR:     2014
                                          LATITUDE:   34 45 N
                                          LONGITUDE: 118 44 W

[TEMPERATURE DATA]      [PRECIPITATION DATA]       SYMBOLS USED IN COLUMN 16

AVERAGE MONTHLY: 71.0   TOTAL FOR MONTH:   0.00    1 = FOG OR MIST
DPTR FM NORMAL:   9.7   DPTR FM NORMAL:   -0.31    2 = FOG REDUCING VISIBILITY
HIGHEST:    91 ON  6    GRTST 24HR  0.00 ON 19-19      TO 1/4 MILE OR LESS
LOWEST:     49 ON 17,16                            3 = THUNDER
                        SNOW, ICE PELLETS, HAIL    4 = ICE PELLETS
                        TOTAL MONTH:   0.0 INCH    5 = HAIL
                        GRTST 24HR     0.0         6 = FREEZING RAIN OR DRIZZLE
                        GRTST DEPTH:   0           7 = DUSTSTORM OR SANDSTORM:
                                                       VSBY 1/2 MILE OR LESS
                                                   8 = SMOKE OR HAZE
[NO. OF DAYS WITH]      [WEATHER - DAYS WITH]      9 = BLOWING SNOW
                                                   X = TORNADO
MAX 32 OR BELOW:   0    0.01 INCH OR MORE:   0
MAX 90 OR ABOVE:   2    0.10 INCH OR MORE:   0
MIN 32 OR BELOW:   0    0.50 INCH OR MORE:   0
MIN  0 OR BELOW:   0    1.00 INCH OR MORE:   0

[HDD (BASE 65) ]
TOTAL THIS MO.    20    CLEAR  (SCALE 0-3)  18
DPTR FM NORMAL   -91    PTCLDY (SCALE 4-7)   0
TOTAL FM JUL 1    41    CLOUDY (SCALE 8-10)  1
DPTR FM NORMAL  -148

[CDD (BASE 65) ]
TOTAL THIS MO.   139
DPTR FM NORMAL    98    [PRESSURE DATA]
TOTAL FM JAN 1  1650    HIGHEST SLP M ON M
DPTR FM NORMAL   663    LOWEST  SLP 29.72 ON  1

[REMARKS]
