000
CXUS55 KLOX 301655
CF6SDB
PRELIMINARY LOCAL CLIMATOLOGICAL DATA (WS FORM: F-6)

                                          STATION:   SANDBERG CA
                                          MONTH:     SEPTEMBER
                                          YEAR:      2014
                                          LATITUDE:   34 45 N
                                          LONGITUDE: 118 44 W

  TEMPERATURE IN F:       :PCPN:    SNOW:  WIND      :SUNSHINE: SKY     :PK WND
================================================================================
1   2   3   4   5  6A  6B    7    8   9   10  11  12  13   14  15   16   17  18
                                     12Z  AVG MX 2MIN
DY MAX MIN AVG DEP HDD CDD  WTR  SNW DPTH SPD SPD DIR MIN PSBL S-S WX    SPD DR
================================================================================

 1  92  69  81   8   0  16 0.00  0.0    0 11.3 25 340   M    M   0        32 350
 2  90  68  79   7   0  14 0.00  0.0    0  7.8 18 180   M    M   0        26 160
 3  89  66  78   6   0  13 0.00  0.0    0  8.2 17 180   M    M   0        23 140
 4  86  65  76   4   0  11 0.00  0.0    0  9.6 17 170   M    M   0        24 140
 5  90  65  78   6   0  13 0.00  0.0    0 12.0 22 180   M    M   0        29 170
 6  91  72  82  10   0  17 0.00  0.0    0 10.4 24 220   M    M   0        31 210
 7  93  71  82  10   0  17 0.00  0.0    0 10.5 23 210   M    M   4        30 210
 8  84  65  75   4   0  10    T  0.0    0  8.7 20 160   M    M   5        31 150
 9  81  62  72   1   0   7 0.00  0.0    0  9.0 25 340   M    M   0        29 340
10  92  66  79   8   0  14 0.00  0.0    0  9.8 23  80   M    M   0        30  80
11  96  71  84  13   0  19 0.00  0.0    0  9.7 26  20   M    M   0        35  20
12  95  71  83  13   0  18 0.00  0.0    0  9.7 23 110   M    M   0        29 110
13  95  74  85  15   0  20 0.00  0.0    0 10.5 23 340   M    M   1        29 180
14  95  74  85  15   0  20 0.00  0.0    0 11.2 22 340   M    M   3        31 360
15  96  74  85  15   0  20 0.00  0.0    0 10.7 23 340   M    M   1        29 340
16  92  73  83  14   0  18 0.00  0.0    0 10.2 25 340   M    M   0        32 350
17  93  72  83  14   0  18 0.00  0.0    0 11.8 24 340   M    M   0        39 280
18  80  62  71   2   0   6 0.00  0.0    0  9.1 20 140   M    M   0        26 130
19  81  56  69   1   0   4 0.00  0.0    0 11.0 20 350   M    M   0        25 340
20  83  59  71   3   0   6 0.00  0.0    0 10.6 20 150   M    M   0        28 150
21  83  58  71   3   0   6 0.00  0.0    0  9.1 20 330   M    M   0        24 360
22  87  64  76   8   0  11 0.00  0.0    0 10.7 18 330   M    M   0        23 350
23  88  66  77  10   0  12 0.00  0.0    0 11.6 21 170   M    M   0        27 160
24  89  68  79  12   0  14 0.00  0.0    M 13.6 22 180   M    M   0        31 160
25  81  55  68   1   0   3 0.00  0.0    0 15.0 25 210   M    M   1 18     34 190
26  77  52  65  -1   0   0 0.00  0.0    0 12.8 25 180   M    M   0        35 170
27  64  48  56 -10   9   0 0.00  0.0    0 14.5 30 340   M    M   1 8      36 340
28  67  47  57  -9   8   0 0.00  0.0    0  9.4 20 320   M    M   3 18     23 290
29  70  51  61  -4   4   0 0.00  0.0    0 10.9 26 340   M    M   0 8      31 330
================================================================================
SM 2500 1864        21 327    T      0.0 309.3          M       19
================================================================================
AV 86.2 64.3                              10.7 FASTST   M    M   1    MAX(MPH)
                                 MISC ---->  # 30 340               # 39  280
================================================================================
NOTES:
# LAST OF SEVERAL OCCURRENCES

COLUMN 17 PEAK WIND IN M.P.H.

PRELIMINARY LOCAL CLIMATOLOGICAL DATA (WS FORM: F-6) , PAGE 2

                                          STATION:  SANDBERG CA
                                          MONTH:    SEPTEMBER
                                          YEAR:     2014
                                          LATITUDE:   34 45 N
                                          LONGITUDE: 118 44 W

[TEMPERATURE DATA]      [PRECIPITATION DATA]       SYMBOLS USED IN COLUMN 16

AVERAGE MONTHLY: 75.2   TOTAL FOR MONTH:      T    1 = FOG OR MIST
DPTR FM NORMAL:   5.9   DPTR FM NORMAL:   -0.16    2 = FOG REDUCING VISIBILITY
HIGHEST:    96 ON 15,11 GRTST 24HR    T  ON  8- 8      TO 1/4 MILE OR LESS
LOWEST:     47 ON 28                               3 = THUNDER
                        SNOW, ICE PELLETS, HAIL    4 = ICE PELLETS
                        TOTAL MONTH:   0.0 INCH    5 = HAIL
                        GRTST 24HR     0.0         6 = FREEZING RAIN OR DRIZZLE
                        GRTST DEPTH:   0           7 = DUSTSTORM OR SANDSTORM:
                                                       VSBY 1/2 MILE OR LESS
                                                   8 = SMOKE OR HAZE
[NO. OF DAYS WITH]      [WEATHER - DAYS WITH]      9 = BLOWING SNOW
                                                   X = TORNADO
MAX 32 OR BELOW:   0    0.01 INCH OR MORE:   0
MAX 90 OR ABOVE:  13    0.10 INCH OR MORE:   0
MIN 32 OR BELOW:   0    0.50 INCH OR MORE:   0
MIN  0 OR BELOW:   0    1.00 INCH OR MORE:   0

[HDD (BASE 65) ]
TOTAL THIS MO.    21    CLEAR  (SCALE 0-3)  26
DPTR FM NORMAL   -37    PTCLDY (SCALE 4-7)   3
TOTAL FM JUL 1    21    CLOUDY (SCALE 8-10)  0
DPTR FM NORMAL   -54

[CDD (BASE 65) ]
TOTAL THIS MO.   327
DPTR FM NORMAL   143    [PRESSURE DATA]
TOTAL FM JAN 1  1507    HIGHEST SLP M ON M
DPTR FM NORMAL   566    LOWEST  SLP 29.64 ON M

[REMARKS]
