000
CXUS55 KLOX 301655
CF6SDB
PRELIMINARY LOCAL CLIMATOLOGICAL DATA (WS FORM: F-6)

                                          STATION:   SANDBERG CA
                                          MONTH:     JULY
                                          YEAR:      2015
                                          LATITUDE:   34 45 N
                                          LONGITUDE: 118 44 W

  TEMPERATURE IN F:       :PCPN:    SNOW:  WIND      :SUNSHINE: SKY     :PK WND
================================================================================
1   2   3   4   5  6A  6B    7    8   9   10  11  12  13   14  15   16   17  18
                                     12Z  AVG MX 2MIN
DY MAX MIN AVG DEP HDD CDD  WTR  SNW DPTH SPD SPD DIR MIN PSBL S-S WX    SPD DR
================================================================================

 1  90  64  77   6   0  12    T  0.0    0  9.6 23  80   M    M   1        30 110
 2  88  66  77   5   0  12    T  0.0    0 10.0 21 180   M    M   3        29 160
 3  91  65  78   6   0  13 0.00  0.0    0 10.8 20 330   M    M   0        27 340
 4  91  65  78   6   0  13 0.00  0.0    0 11.0 23 180   M    M   0        28 190
 5  89  64  77   5   0  12 0.00  0.0    0 10.2 22 180   M    M   0        27 180
 6  90  66  78   5   0  13 0.00  0.0    0 13.8 26 340   M    M   0        31 340
 7  86  61  74   1   0   9 0.00  0.0    0 13.2 28 330   M    M   0        34 340
 8  74  54  64  -9   1   0 0.00  0.0    0 12.1 25 340   M    M   3 12     32 330
 9  66  52  59 -14   6   0 0.00  0.0    0 13.8 24 170   M    M   6 128    30 160
10  74  50  62 -12   3   0 0.00  0.0    0  7.9 16 220   M    M   2 1      21 220
11  79  54  67  -7   0   2 0.00  0.0    0 11.9 24 340   M    M   0        31 330
12  85  57  71  -3   0   6 0.00  0.0    0  9.3 24 330   M    M   0        31 340
13  86  62  74   0   0   9 0.00  0.0    0 12.5 22 320   M    M   0        29 340
14  84  62  73  -1   0   8 0.00  0.0    0 12.1 28 330   M    M   0        33 330
15  82  62  72  -2   0   7 0.00  0.0    0 12.0 23 330   M    M   0        30 180
16  86  61  74   0   0   9 0.00  0.0    0 12.0 22 180   M    M   0        30 160
17  88  64  76   1   0  11 0.00  0.0    0 12.9 23 190   M    M   0        30 200
18  80  56  68  -7   0   3 0.64  0.0    0 14.0 25 180   M    M   3 12     33 170
19  82  61  72  -3   0   7 0.38  0.0    0  8.4 16 160   M    M   8 128    31 130
20  73  61  67  -8   0   2    T  0.0    0  7.0 15 100   M    M   8 12     19 100
21  83  60  72  -3   0   7 0.00  0.0    0  9.6 18 190   M    M   3 128    25 200
22  72  59  66  -9   0   1 0.00  0.0    0 12.8 24 180   M    M   6 128    29 170
23  81  57  69  -6   0   4 0.00  0.0    0  8.8 16 190   M    M   2 12     23 180
24  82  60  71  -4   0   6 0.00  0.0    0 11.4 23 350   M    M   0        29 340
25  82  63  73  -2   0   8 0.00  0.0    0 16.1 25 340   M    M   0        34 350
26  83  61  72  -3   0   7 0.00  0.0    0 12.8 24 340   M    M   0        32 340
27  82  61  72  -3   0   7 0.00  0.0    0 16.9 28 340   M    M   0        32 330
28  91  65  78   3   0  13 0.00  0.0    0 12.3 21  90   M    M   0        28 340
29  96  71  84   9   0  19 0.00  0.0    0  9.8 21 180   M    M   1        28 210
================================================================================
SM 2416 1764        10 220  1.02     0.0 334.9          M       46
================================================================================
AV 83.3 60.8                              11.5 FASTST   M    M   2    MAX(MPH)
                                 MISC ---->  # 28 330               # 34  340
================================================================================
NOTES:
# LAST OF SEVERAL OCCURRENCES

COLUMN 17 PEAK WIND IN M.P.H.

PRELIMINARY LOCAL CLIMATOLOGICAL DATA (WS FORM: F-6) , PAGE 2

                                          STATION:  SANDBERG CA
                                          MONTH:    JULY
                                          YEAR:     2015
                                          LATITUDE:   34 45 N
                                          LONGITUDE: 118 44 W

[TEMPERATURE DATA]      [PRECIPITATION DATA]       SYMBOLS USED IN COLUMN 16

AVERAGE MONTHLY: 72.1   TOTAL FOR MONTH:   1.02    1 = FOG OR MIST
DPTR FM NORMAL:  -1.9   DPTR FM NORMAL:    1.00    2 = FOG REDUCING VISIBILITY
HIGHEST:    96 ON 29    GRTST 24HR  0.64 ON 18-18      TO 1/4 MILE OR LESS
LOWEST:     50 ON 10                               3 = THUNDER
                        SNOW, ICE PELLETS, HAIL    4 = ICE PELLETS
                        TOTAL MONTH:   0.0 INCH    5 = HAIL
                        GRTST 24HR     0.0         6 = FREEZING RAIN OR DRIZZLE
                        GRTST DEPTH:   0           7 = DUSTSTORM OR SANDSTORM:
                                                       VSBY 1/2 MILE OR LESS
                                                   8 = SMOKE OR HAZE
[NO. OF DAYS WITH]      [WEATHER - DAYS WITH]      9 = BLOWING SNOW
                                                   X = TORNADO
MAX 32 OR BELOW:   0    0.01 INCH OR MORE:   2
MAX 90 OR ABOVE:   6    0.10 INCH OR MORE:   2
MIN 32 OR BELOW:   0    0.50 INCH OR MORE:   1
MIN  0 OR BELOW:   0    1.00 INCH OR MORE:   0

[HDD (BASE 65) ]
TOTAL THIS MO.    10    CLEAR  (SCALE 0-3)  25
DPTR FM NORMAL     6    PTCLDY (SCALE 4-7)   3
TOTAL FM JUL 1    10    CLOUDY (SCALE 8-10)  1
DPTR FM NORMAL     6

[CDD (BASE 65) ]
TOTAL THIS MO.   220
DPTR FM NORMAL   -45    [PRESSURE DATA]
TOTAL FM JAN 1   673    HIGHEST SLP M ON M
DPTR FM NORMAL   232    LOWEST  SLP 29.74 ON 17

[REMARKS]
