000
CXUS56 KLOX 251155
CF6SDB
PRELIMINARY LOCAL CLIMATOLOGICAL DATA (WS FORM: F-6)
STATION: SANDBERG CA
MONTH: APRIL
YEAR: 2024
LATITUDE: 34 45 N
LONGITUDE: 118 44 W
TEMPERATURE IN F: :PCPN: SNOW: WIND :SUNSHINE: SKY :PK WND
================================================================================
1 2 3 4 5 6A 6B 7 8 9 10 11 12 13 14 15 16 17 18
12Z AVG MX 2MIN
DY MAX MIN AVG DEP HDD CDD WTR SNW DPTH SPD SPD DIR MIN PSBL S-S WX SPD DR
================================================================================
1 55 36 46 -4 19 0 0.00 M M 11.1 24 330 M M 5 12 36 330
2 66 44 55 5 10 0 0.00 M M 11.4 20 330 M M 0 30 60
3 64 46 55 5 10 0 0.00 M M 10.8 20 170 M M 1 35 190
4 48 30 39 -12 26 0 T M M 17.0 31 210 M M 8 12 47 160
5 44 30 37 -14 28 0 0.17 M M 17.4 45 310 M M 9 12 64 300
6 48 29 39 -12 26 0 T M M 13.9 30 330 M M 2 38 340
7 47 34 41 -10 24 0 0.00 M M 16.1 32 330 M M 1 44 330
8 55 35 45 -6 20 0 0.00 M M 15.9 28 320 M M 0 42 340
9 66 43 55 4 10 0 0.00 M M 12.7 23 320 M M 0 31 60
10 73 53 63 12 2 0 0.00 M M 8.8 17 50 M M 0 28 60
11 75 55 65 14 0 0 0.00 M M 9.2 17 160 M M 0 25 170
12 63 41 52 0 13 0 0.00 M M 16.5 29 170 M M 3 128 45 170
13 42 31 37 -15 28 0 0.42 M M 20.3 33 170 M M 9 12 58 160
14 44 31 38 -14 27 0 0.25 M M 17.8 35 320 M M 9 12 57 300
15 51 37 44 -8 21 0 0.00 M M 19.7 35 310 M M 4 12 53 310
16 71 45 58 6 7 0 0.00 M M 9.0 16 310 M M 0 23 60
17 73 53 63 11 2 0 0.00 M M 12.8 23 310 M M 0 28 310
18 71 52 62 10 3 0 0.00 M M 9.9 17 300 M M 0 22 200
19 66 52 59 6 6 0 0.00 M M 13.5 26 320 M M 1 40 320
20 69 53 61 8 4 0 0.00 M M 16.7 26 330 M M 0 35 340
21 81 55 68 15 0 3 0.00 M M 12.5 28 320 M M 0 39 330
22 72 48 60 7 5 0 0.00 M M 12.1 24 170 M M 0 128 32 150
23 57 44 51 -3 14 0 0.00 M M 11.9 20 200 M M 7 128 29 190
24 59 40 50 -4 15 0 0.00 M M 10.6 18 320 M M 5 128 24 170
================================================================================
SM 1460 1017 320 3 0.84 M 327.6 M 64
================================================================================
AV 60.8 42.4 13.7 FASTST M M 3 MAX(MPH)
MISC ----> 45 310 64 300
================================================================================
NOTES:
# LAST OF SEVERAL OCCURRENCES
COLUMN 17 PEAK WIND IN M.P.H.
PRELIMINARY LOCAL CLIMATOLOGICAL DATA (WS FORM: F-6) , PAGE 2
STATION: SANDBERG CA
MONTH: APRIL
YEAR: 2024
LATITUDE: 34 45 N
LONGITUDE: 118 44 W
[TEMPERATURE DATA] [PRECIPITATION DATA] SYMBOLS USED IN COLUMN 16
AVERAGE MONTHLY: 51.6 TOTAL FOR MONTH: 0.84 1 = FOG OR MIST
DPTR FM NORMAL: -0.1 DPTR FM NORMAL: 0.18 2 = FOG REDUCING VISIBILITY
HIGHEST: 81 ON 21 GRTST 24HR 0.42 ON 13-13 TO 1/4 MILE OR LESS
LOWEST: 29 ON 6 3 = THUNDER
SNOW, ICE PELLETS, HAIL 4 = ICE PELLETS
TOTAL MONTH: M 5 = HAIL
GRTST 24HR M ON M 6 = FREEZING RAIN OR DRIZZLE
GRTST DEPTH: M ON M 7 = DUSTSTORM OR SANDSTORM:
VSBY 1/2 MILE OR LESS
8 = SMOKE OR HAZE
[NO. OF DAYS WITH] [WEATHER - DAYS WITH] 9 = BLOWING SNOW
X = TORNADO
MAX 32 OR BELOW: 0 0.01 INCH OR MORE: 3
MAX 90 OR ABOVE: 0 0.10 INCH OR MORE: 3
MIN 32 OR BELOW: 5 0.50 INCH OR MORE: 0
MIN 0 OR BELOW: 0 1.00 INCH OR MORE: 0
[HDD (BASE 65) ]
TOTAL THIS MO. 320 CLEAR (SCALE 0-3) 15
DPTR FM NORMAL -3 PTCLDY (SCALE 4-7) 6
TOTAL FM JUL 1 3240 CLOUDY (SCALE 8-10) 3
DPTR FM NORMAL 19
[CDD (BASE 65) ]
TOTAL THIS MO. 3
DPTR FM NORMAL 3 [PRESSURE DATA]
TOTAL FM JAN 1 3 HIGHEST SLP M ON M
DPTR FM NORMAL 1 LOWEST SLP 29.70 ON 4
[REMARKS]