000
CXUS53 KLMK 280800
CF6SDF
PRELIMINARY LOCAL CLIMATOLOGICAL DATA (WS FORM: F-6)

                                          STATION:   LOUISVILLE KY
                                          MONTH:     NOVEMBER
                                          YEAR:      2014
                                          LATITUDE:   38 10 N
                                          LONGITUDE:  85 44 W

  TEMPERATURE IN F:       :PCPN:    SNOW:  WIND      :SUNSHINE: SKY     :PK WND
================================================================================
1   2   3   4   5  6A  6B    7    8   9   10  11  12  13   14  15   16   17  18
                                     12Z  AVG MX 2MIN
DY MAX MIN AVG DEP HDD CDD  WTR  SNW DPTH SPD SPD DIR MIN PSBL S-S WX    SPD DR
================================================================================

 1  46  35  41 -13  24   0    T    T    0 13.7 25 350   M    M   7        33 340
 2  53  30  42 -12  23   0 0.00  0.0    0  4.2 10 220   M    M   3        14 130
 3  68  39  54   0  11   0 0.00  0.0    0  9.0 21 220   M    M   5        27 200
 4  66  53  60   7   5   0 0.03  0.0    0 11.6 25 220   M    M  10 1      31 210
 5  58  52  55   2  10   0 0.10  0.0    0  5.5 14 220   M    M  10 18     16 210
 6  56  44  50  -3  15   0 0.01  0.0    0 16.6 30 280   M    M   7 18     36 280
 7  52  39  46  -6  19   0 0.00  0.0    0  7.0 15 330   M    M   7        26  40
 8  58  35  47  -5  18   0 0.00  0.0    0 10.3 18 310   M    M   7        23 310
 9  57  36  47  -5  18   0 0.00  0.0    0  5.0 13 250   M    M   4        15 250
10  66  37  52   1  13   0 0.00  0.0    0 11.0 22 170   M    M   5        26 180
11  65  37  51   0  14   0 0.08  0.0    0 13.8 23 300   M    M   7 1      28 300
12  41  33  37 -13  28   0 0.00  0.0    0  8.9 18 340   M    M  10        21 340
13  33  25  29 -21  36   0    T    T    0 10.7 17 320   M    M   9        23 320
14  36  22  29 -20  36   0    T    T    0  5.0 12 300   M    M   5        14 310
15  41  22  32 -17  33   0 0.00  0.0    0  3.2 13 140   M    M   7        15 150
16  43  34  39 -10  26   0 0.32    T    0  4.9 10 190   M    M  10 148    14 200
17  34  19  27 -21  38   0 0.26  3.3    2 11.5 23 290   M    M   9 148    30 290
18  25  16  21 -27  44   0 0.00  0.0    2 11.5 25 250   M    M   2        33 260
19  49  16  33 -14  32   0 0.00  0.0    1 13.4 26 230   M    M   5        36 230
20  36  22  29 -18  36   0 0.00  0.0    0  9.1 20 260   M    M   3        24 270
21  42  20  31 -15  34   0 0.00  0.0    0  4.0 10 150   M    M   2 18     14 140
22  65  36  51   5  14   0    T  0.0    0 10.0 25 200   M    M   9        34 200
23  61  48  55   9  10   0 0.81  0.0    0 11.3 24 180   M    M   9 1      32 190
24  63  40  52   7  13   0 0.07  0.0    0 17.5 39 230   M    M   7 1      55 220
25  47  33  40  -5  25   0 0.00  0.0    0  8.1 14 250   M    M   5        20 270
26  46  26  36  -8  29   0 0.00  0.0    0  4.4 12  20   M    M   5 18     14  20
27  37  30  34 -10  31   0 0.03  0.4    T 10.2 21 290   M    M  10 18     25 280
================================================================================
SM 1344  879       635   0  1.71     3.7 251.4          M      179
================================================================================
AV 49.8 32.6                               9.3 FASTST   M    M   7    MAX(MPH)
                                 MISC ---->  # 39 230               # 55  220
================================================================================
NOTES:
# LAST OF SEVERAL OCCURRENCES

COLUMN 17 PEAK WIND IN M.P.H.

PRELIMINARY LOCAL CLIMATOLOGICAL DATA (WS FORM: F-6) , PAGE 2

                                          STATION:  LOUISVILLE KY
                                          MONTH:    NOVEMBER
                                          YEAR:     2014
                                          LATITUDE:   38 10 N
                                          LONGITUDE:  85 44 W

[TEMPERATURE DATA]      [PRECIPITATION DATA]       SYMBOLS USED IN COLUMN 16

AVERAGE MONTHLY: 41.2   TOTAL FOR MONTH:   1.71    1 = FOG OR MIST
DPTR FM NORMAL:  -8.2   DPTR FM NORMAL:   -1.49    2 = FOG REDUCING VISIBILITY
HIGHEST:    68 ON  3    GRTST 24HR  0.88 ON 23-24      TO 1/4 MILE OR LESS
LOWEST:     16 ON 19,18                            3 = THUNDER
                        SNOW, ICE PELLETS, HAIL    4 = ICE PELLETS
                        TOTAL MONTH:   3.7 INCHES  5 = HAIL
                        GRTST 24HR   3.3 ON   M    6 = FREEZING RAIN OR DRIZZLE
                        GRTST DEPTH:   2 ON 18,17  7 = DUSTSTORM OR SANDSTORM:
                                                       VSBY 1/2 MILE OR LESS
                                                   8 = SMOKE OR HAZE
[NO. OF DAYS WITH]      [WEATHER - DAYS WITH]      9 = BLOWING SNOW
                                                   X = TORNADO
MAX 32 OR BELOW:   1    0.01 INCH OR MORE:   9
MAX 90 OR ABOVE:   0    0.10 INCH OR MORE:   4
MIN 32 OR BELOW:  11    0.50 INCH OR MORE:   1
MIN  0 OR BELOW:   0    1.00 INCH OR MORE:   0

[HDD (BASE 65) ]
TOTAL THIS MO.   635    CLEAR  (SCALE 0-3)   4
DPTR FM NORMAL   209    PTCLDY (SCALE 4-7)  14
TOTAL FM JUL 1   836    CLOUDY (SCALE 8-10)  9
DPTR FM NORMAL   168

[CDD (BASE 65) ]
TOTAL THIS MO.     0
DPTR FM NORMAL     0    [PRESSURE DATA]
TOTAL FM JAN 1  1625    HIGHEST SLP M ON M
DPTR FM NORMAL    16    LOWEST  SLP 29.33 ON 23

[REMARKS]
