000
CXUS55 KPSR 241005
CF6SDL
PRELIMINARY LOCAL CLIMATOLOGICAL DATA (WS FORM: F-6)

                                          STATION:   SCOTTSDALE AZ
                                          MONTH:     FEBRUARY
                                          YEAR:      2017
                                          LATITUDE:   33 37 N
                                          LONGITUDE: 111 55 W

  TEMPERATURE IN F:       :PCPN:    SNOW:  WIND      :SUNSHINE: SKY     :PK WND
================================================================================
1   2   3   4   5  6A  6B    7    8   9   10  11  12  13   14  15   16   17  18
                                     12Z  AVG MX 2MIN
DY MAX MIN AVG DEP HDD CDD  WTR  SNW DPTH SPD SPD DIR MIN PSBL S-S WX    SPD DR
================================================================================

 1  73  42  58   2   7   0 0.00  0.0    0  1.5  8 150   M    M   0        12 200
 2  71  44  58   2   7   0 0.00  0.0    0  1.9  7 180   M    M   0         9 130
 3  70  45  58   2   7   0 0.00  0.0    0  1.1  6  30   M    M   0         8 270
 4  74  42  58   2   7   0 0.00  0.0    0  1.4  8 230   M    M   0        10 230
 5  75  45  60   4   5   0 0.00  0.0    0  1.0  8 170   M    M   0        11 150
 6  65  54  60   4   5   0 0.00  0.0    0  1.1  6  40   M    M   2         7 180
 7  70  53  62   6   3   0 0.00  0.0    0  3.4  9  40   M    M   6        12 120
 8  76  51  64   8   1   0 0.00  0.0    0  1.9  9 270   M    M   0        12 240
 9  82  54  68  12   0   3 0.00  0.0    0  1.3  8 260   M    M   0        11 260
10  82  55  69  13   0   4 0.00  0.0    0  1.9 12 130   M    M   0        14 130
11  76  58  67  11   0   2 0.00  0.0    0  3.6 13 250   M    M   0        15 250
12  74  60  67  10   0   2    T  0.0    0  5.4 14  60   M    M   3        21 110
13  72  59  66   9   0   1 0.00  0.0    0  4.3 18  50   M    M   5        22  50
14  73  53  63   6   2   0 0.00  0.0    0  3.0 12  80   M    M   2        15  90
15  73  55  64   7   1   0 0.00  0.0    0  7.7 23  70   M    M   0        30 100
16  74  48  61   4   4   0 0.00  0.0    0  2.0  9 220   M    M   0        12 230
17  74  54  64   7   1   0 0.00  0.0    0  5.4 16 200   M    M   1        24 160
18  65  49  57  -1   8   0 0.67    M    0  6.6 18  90   M    M  10 1      24  90
19  57  49  53  -5  12   0 0.41    M    0  3.4 10 130   M    M   9 1      16 140
20  67  49  58   0   7   0 0.00  0.0    0  1.6  9 200   M    M   3 1      11 260
21  75  50  63   5   2   0 0.00  0.0    0  1.4  9 230   M    M   0        12 260
22  75  54  65   7   0   0 0.00  0.0    0  2.4 13 250   M    M   0        17 240
23  62  48  55  -3  10   0 0.00  0.0    0  7.7 16 260   M    M   0        22 240
================================================================================
SM 1655 1171        89  12  1.08     0.0  71.0          M       41
================================================================================
AV 72.0 50.9                               3.1 FASTST   M    M   2    MAX(MPH)
                                 MISC ---->  # 23  70               # 30  100
================================================================================
NOTES:
# LAST OF SEVERAL OCCURRENCES

COLUMN 17 PEAK WIND IN M.P.H.

PRELIMINARY LOCAL CLIMATOLOGICAL DATA (WS FORM: F-6) , PAGE 2

                                          STATION:  SCOTTSDALE AZ
                                          MONTH:    FEBRUARY
                                          YEAR:     2017
                                          LATITUDE:   33 37 N
                                          LONGITUDE: 111 55 W

[TEMPERATURE DATA]      [PRECIPITATION DATA]       SYMBOLS USED IN COLUMN 16

AVERAGE MONTHLY: 61.4   TOTAL FOR MONTH:   1.08    1 = FOG OR MIST
DPTR FM NORMAL:   4.7   DPTR FM NORMAL:    0.08    2 = FOG REDUCING VISIBILITY
HIGHEST:    82 ON 10, 9 GRTST 24HR  0.91 ON 18-19      TO 1/4 MILE OR LESS
LOWEST:     42 ON  4, 1                            3 = THUNDER
                        SNOW, ICE PELLETS, HAIL    4 = ICE PELLETS
                        TOTAL MONTH:   0.0 INCH    5 = HAIL
                        GRTST 24HR     0.0         6 = FREEZING RAIN OR DRIZZLE
                        GRTST DEPTH:   0           7 = DUSTSTORM OR SANDSTORM:
                                                       VSBY 1/2 MILE OR LESS
                                                   8 = SMOKE OR HAZE
[NO. OF DAYS WITH]      [WEATHER - DAYS WITH]      9 = BLOWING SNOW
                                                   X = TORNADO
MAX 32 OR BELOW:   0    0.01 INCH OR MORE:   2
MAX 90 OR ABOVE:   0    0.10 INCH OR MORE:   2
MIN 32 OR BELOW:   0    0.50 INCH OR MORE:   1
MIN  0 OR BELOW:   0    1.00 INCH OR MORE:   0

[HDD (BASE 65) ]
TOTAL THIS MO.    89    CLEAR  (SCALE 0-3)  19
DPTR FM NORMAL  -101    PTCLDY (SCALE 4-7)   2
TOTAL FM JUL 1   767    CLOUDY (SCALE 8-10)  2
DPTR FM NORMAL  -244

[CDD (BASE 65) ]
TOTAL THIS MO.    12
DPTR FM NORMAL    12    [PRESSURE DATA]
TOTAL FM JAN 1    12    HIGHEST SLP M ON M
DPTR FM NORMAL    10    LOWEST  SLP 29.51 ON 18

[REMARKS]
