000
CXUS55 KPSR 261005
CF6SDL
PRELIMINARY LOCAL CLIMATOLOGICAL DATA (WS FORM: F-6)

                                          STATION:   SCOTTSDALE AZ
                                          MONTH:     MAY
                                          YEAR:      2016
                                          LATITUDE:   33 37 N
                                          LONGITUDE: 111 55 W

  TEMPERATURE IN F:       :PCPN:    SNOW:  WIND      :SUNSHINE: SKY     :PK WND
================================================================================
1   2   3   4   5  6A  6B    7    8   9   10  11  12  13   14  15   16   17  18
                                     12Z  AVG MX 2MIN
DY MAX MIN AVG DEP HDD CDD  WTR  SNW DPTH SPD SPD DIR MIN PSBL S-S WX    SPD DR
================================================================================

 1  78  55  67  -7   0   2 0.00  0.0    0  3.5 12 170   M    M   3        17 100
 2  85  60  73  -2   0   8 0.00  0.0    0  4.7 13  30   M    M   0        16  10
 3  94  64  79   4   0  14 0.00  0.0    0  3.9 14  90   M    M   0        18 190
 4 100  66  83   8   0  18 0.00  0.0    0  5.4 18 250   M    M   0        28 190
 5  95  70  83   7   0  18 0.00  0.0    0  6.9 22 260   M    M   0        32 210
 6  77  61  69  -7   0   4 0.00  0.0    0  6.6 21 260   M    M   2        27 280
 7  76  57  67  -9   0   2    T  0.0    0  4.9 14 270   M    M   3        19 290
 8  79  60  70  -7   0   5    T  0.0    0  3.5 13 250   M    M   3        17 260
 9  84  59  72  -5   0   7 0.00  0.0    0  2.7 13 260   M    M   0        19 230
10  89  65  77   0   0  12 0.00  0.0    0  3.2 13 200   M    M   0        17 200
11  93  65  79   1   0  14 0.00  0.0    0  3.7 13 270   M    M   0        16 300
12  99  66  83   5   0  18 0.00  0.0    0  3.4 12 180   M    M   0        15 200
13 101  69  85   7   0  20 0.00  0.0    0  3.3 14 250   M    M   0        17 260
14  99  72  86   8   0  21 0.00  0.0    0  4.8 17 260   M    M   0        23 250
15  92  71  82   3   0  17 0.00  0.0    0  6.7 18 240   M    M   0        25 240
16  89  69  79   0   0  14 0.00  0.0    0  6.1 15 220   M    M   0        19 220
17  88  69  79   0   0  14    T  0.0    0  7.1 22 310   M    M   1        34 300
18  86  70  78  -2   0  13    T  0.0    0  5.6 18  50   M    M   4        22  40
19  91  64  78  -2   0  13 0.00  0.0    0  3.1 13 160   M    M   0        17 140
20  96  71  84   4   0  19 0.00  0.0    0  8.3 22 250   M    M   0        29 240
21  90  70  80   0   0  15 0.00  0.0    0  8.5 20 240   M    M   0        26 240
22  86  65  76  -5   0  11 0.00  0.0    0  6.0 14 260   M    M   0        20 240
23  87  64  76  -5   0  11 0.00  0.0    0  3.4 12 190   M    M   0        17 150
24  88  65  77  -4   0  12 0.00  0.0    0  4.8 17 240   M    M   0        24 240
25  89  61  75  -7   0  10 0.00  0.0    0  5.7 18 230   M    M   0        24 240
================================================================================
SM 2231 1628         0 312    T      0.0 125.8          M       16
================================================================================
AV 89.2 65.1                               5.0 FASTST   M    M   1    MAX(MPH)
                                 MISC ---->  # 22 260               # 34  300
================================================================================
NOTES:
# LAST OF SEVERAL OCCURRENCES

COLUMN 17 PEAK WIND IN M.P.H.

PRELIMINARY LOCAL CLIMATOLOGICAL DATA (WS FORM: F-6) , PAGE 2

                                          STATION:  SCOTTSDALE AZ
                                          MONTH:    MAY
                                          YEAR:     2016
                                          LATITUDE:   33 37 N
                                          LONGITUDE: 111 55 W

[TEMPERATURE DATA]      [PRECIPITATION DATA]       SYMBOLS USED IN COLUMN 16

AVERAGE MONTHLY: 77.2   TOTAL FOR MONTH:      T    1 = FOG OR MIST
DPTR FM NORMAL:  -0.9   DPTR FM NORMAL:   -0.15    2 = FOG REDUCING VISIBILITY
HIGHEST:   101 ON 13    GRTST 24HR  0.07 ON 30- 1      TO 1/4 MILE OR LESS
LOWEST:     55 ON  1                               3 = THUNDER
                        SNOW, ICE PELLETS, HAIL    4 = ICE PELLETS
                        TOTAL MONTH:   0.0 INCH    5 = HAIL
                        GRTST 24HR     0.0         6 = FREEZING RAIN OR DRIZZLE
                        GRTST DEPTH:   0           7 = DUSTSTORM OR SANDSTORM:
                                                       VSBY 1/2 MILE OR LESS
                                                   8 = SMOKE OR HAZE
[NO. OF DAYS WITH]      [WEATHER - DAYS WITH]      9 = BLOWING SNOW
                                                   X = TORNADO
MAX 32 OR BELOW:   0    0.01 INCH OR MORE:   0
MAX 90 OR ABOVE:  11    0.10 INCH OR MORE:   0
MIN 32 OR BELOW:   0    0.50 INCH OR MORE:   0
MIN  0 OR BELOW:   0    1.00 INCH OR MORE:   0

[HDD (BASE 65) ]
TOTAL THIS MO.     0    CLEAR  (SCALE 0-3)  22
DPTR FM NORMAL     0    PTCLDY (SCALE 4-7)   3
TOTAL FM JUL 1  1094    CLOUDY (SCALE 8-10)  0
DPTR FM NORMAL  -101

[CDD (BASE 65) ]
TOTAL THIS MO.   312
DPTR FM NORMAL   -16    [PRESSURE DATA]
TOTAL FM JAN 1   657    HIGHEST SLP M ON M
DPTR FM NORMAL   105    LOWEST  SLP 29.57 ON  5

[REMARKS]
