000
CXUS53 KLSX 281600
CF6SET
PRELIMINARY LOCAL CLIMATOLOGICAL DATA (WS FORM: F-6)

                                          STATION:   ST_CHARLES MO
                                          MONTH:     JULY
                                          YEAR:      2014
                                          LATITUDE:   38 55 N
                                          LONGITUDE:  90 26 W

  TEMPERATURE IN F:       :PCPN:    SNOW:  WIND      :SUNSHINE: SKY     :PK WND
================================================================================
1   2   3   4   5  6A  6B    7    8   9   10  11  12  13   14  15   16   17  18
                                     12Z  AVG MX 2MIN
DY MAX MIN AVG DEP HDD CDD  WTR  SNW DPTH SPD SPD DIR MIN PSBL S-S WX    SPD DR
================================================================================

 1  87  68  78   1   0  13 0.00  0.0    0  6.7 17 230   M    M   2        35 100
 2  76  61  69  -9   0   4 0.00  0.0    0  8.7 21 290   M    M   4        25 300
 3  79  60  70  -8   0   5 0.00  0.0    0  5.7 13  20   M    M   4        16  10
 4  81  57  69  -9   0   4 0.00  0.0    0  3.8 10  40   M    M   3 1      13  50
 5  80  57  69  -9   0   4 0.00  0.0    0  6.4 17 150   M    M   0 8      21 150
 6  90  65  78   0   0  13 0.00  0.0    0  7.2 16 220   M    M   1 3      24 220
 7  88  72  80   2   0  15 0.73  0.0    0  6.5 33 320   M    M   2 138    58 320
 8  85  67  76  -2   0  11 0.36  0.0    0  9.8 36 250   M    M   3 138    46 250
 9  84  62  73  -5   0   8 0.00  0.0    0  6.3 16 330   M    M   0        20 330
10  83  61  72  -6   0   7 0.00  0.0    0  4.8 12 110   M    M   0 1      13 120
11  88  62  75  -3   0  10 0.00  0.0    0  7.1 15 150   M    M   0        18 140
12  94  76  85   7   0  20 0.00  0.0    0  5.4 12 240   M    M   2        15 230
13  88  74  81   3   0  16 0.00  0.0    0  4.9 14 250   M    M   4 3      18 250
14  88  65  77  -1   0  12 1.15  0.0    0  7.1 30 320   M    M   4 1238   37 310
15  75  58  67 -11   0   2 0.00  0.0    0  7.9 15 350   M    M   2        20 300
16  77  53  65 -13   0   0 0.00  0.0    0  3.0 10 300   M    M   3        12 300
17  79  56  68 -10   0   3 0.00  0.0    0  3.3  8 100   M    M   1        11 100
18  80  61  71  -7   0   6 0.00  0.0    0  5.9 14 120   M    M   0        16  90
19  82  58  70  -8   0   5 0.00  0.0    0  2.4  8  80   M    M   1 1      11  80
20  83  60  72  -6   0   7 0.00  0.0    0  4.6 10 100   M    M   0 18     13  90
21  88  63  76  -2   0  11 0.00  0.0    0  5.0 12 150   M    M   0        16 170
22  91  65  78   0   0  13 0.00  0.0    0  5.0 15 210   M    M   0 18     20 200
23  84  64  74  -4   0   9 0.00  0.0    0  9.0 18  30   M    M   4 1      22  50
24  81  58  70  -8   0   5 0.00  0.0    0  5.8 15  30   M    M   0        20  50
25  79  58  69  -9   0   4 0.10  0.0    0  6.8 22 180   M    M   0 13     28 190
26  95  67  81   3   0  16 0.03  0.0    0  5.3 15 230   M    M   3 18     19 220
27  90  70  80   2   0  15 0.00  0.0    0  9.6 22 320   M    M   2 1      29 300
================================================================================
SM 2275 1698         0 238  2.37     0.0 164.0          M       45
================================================================================
AV 84.3 62.9                               6.1 FASTST   M    M   2    MAX(MPH)
                                 MISC ---->  # 36 250               # 58  320
================================================================================
NOTES:
# LAST OF SEVERAL OCCURRENCES

COLUMN 17 PEAK WIND IN M.P.H.

PRELIMINARY LOCAL CLIMATOLOGICAL DATA (WS FORM: F-6) , PAGE 2

                                          STATION:  ST_CHARLES MO
                                          MONTH:    JULY
                                          YEAR:     2014
                                          LATITUDE:   38 55 N
                                          LONGITUDE:  90 26 W

[TEMPERATURE DATA]      [PRECIPITATION DATA]       SYMBOLS USED IN COLUMN 16

AVERAGE MONTHLY: 73.6   TOTAL FOR MONTH:   2.37    1 = FOG OR MIST
DPTR FM NORMAL:  -4.4   DPTR FM NORMAL:   -1.44    2 = FOG REDUCING VISIBILITY
HIGHEST:    95 ON 26    GRTST 24HR  1.15 ON 14-14      TO 1/4 MILE OR LESS
LOWEST:     53 ON 16                               3 = THUNDER
                        SNOW, ICE PELLETS, HAIL    4 = ICE PELLETS
                        TOTAL MONTH:   0.0 INCH    5 = HAIL
                        GRTST 24HR     0.0         6 = FREEZING RAIN OR DRIZZLE
                        GRTST DEPTH:   0           7 = DUSTSTORM OR SANDSTORM:
                                                       VSBY 1/2 MILE OR LESS
                                                   8 = SMOKE OR HAZE
[NO. OF DAYS WITH]      [WEATHER - DAYS WITH]      9 = BLOWING SNOW
                                                   X = TORNADO
MAX 32 OR BELOW:   0    0.01 INCH OR MORE:   5
MAX 90 OR ABOVE:   5    0.10 INCH OR MORE:   4
MIN 32 OR BELOW:   0    0.50 INCH OR MORE:   2
MIN  0 OR BELOW:   0    1.00 INCH OR MORE:   1

[HDD (BASE 65) ]
TOTAL THIS MO.     0    CLEAR  (SCALE 0-3)  22
DPTR FM NORMAL     0    PTCLDY (SCALE 4-7)   5
TOTAL FM JUL 1     0    CLOUDY (SCALE 8-10)  0
DPTR FM NORMAL     0

[CDD (BASE 65) ]
TOTAL THIS MO.   238
DPTR FM NORMAL  -112    [PRESSURE DATA]
TOTAL FM JAN 1   728    HIGHEST SLP M ON M
DPTR FM NORMAL   -30    LOWEST  SLP 29.67 ON  7

[REMARKS]
