000
CXUS55 KSEW 010945
CF6SEW

PRELIMINARY LOCAL CLIMATOLOGICAL DATA (WS FORM: F-6)

                                          STATION:   SEATTLE WA WFO
                                          MONTH:     FEBRUARY
                                          YEAR:      2015
                                          LATITUDE:   47 41 N
                                          LONGITUDE: 122 15 W

  TEMPERATURE IN F:       :PCPN:    SNOW:  WIND      :SUNSHINE: SKY     :PK WND
================================================================================
1   2   3   4   5  6A  6B    7    8   9   10  11  12  13   14  15   16   17  18
                                     12Z  AVG MX 2MIN
DY MAX MIN AVG DEP HDD CDD  WTR  SNW DPTH SPD SPD DIR MIN PSBL S-S WX    SPD DR
================================================================================

 1  49  41  45   2  20   0 0.03  0.0    0   M   M   M   M    M   M         M  M
 2  53  43  48   5  17   0 0.26  0.0    0   M   M   M   M    M   M 1       M  M
 3  49  44  47   4  18   0 0.07  0.0    0   M   M   M   M    M   M 1       M  M
 4  49  42  46   3  19   0 0.30  0.0    0   M   M   M   M    M   M         M  M
 5  56  46  51   8  14   0 0.81  0.0    0   M   M   M   M    M   M         M  M
 6  55  48  52   9  13   0 0.70  0.0    0   M   M   M   M    M   M         M  M
 7  56  47  52   9  13   0 0.78  0.0    0   M   M   M   M    M   M 1       M  M
 8  58  46  52   9  13   0 0.13  0.0    0   M   M   M   M    M   M         M  M
 9  56  47  52   9  13   0 0.23  0.0    0   M   M   M   M    M   M         M  M
10  56  46  51   8  14   0 0.06  0.0    0   M   M   M   M    M   M         M  M
11  53  43  48   5  17   0 0.00  0.0    0   M   M   M   M    M   M         M  M
12  62  47  55  12  10   0 0.02  0.0    0   M   M   M   M    M   M         M  M
13  58  44  51   8  14   0 0.01  0.0    0   M   M   M   M    M   M         M  M
14  58  40  49   6  16   0 0.01  0.0    0   M   M   M   M    M   M         M  M
15  55  38  47   4  18   0 0.00  0.0    0   M   M   M   M    M   M         M  M
16  56  42  49   6  16   0 0.00  0.0    0   M   M   M   M    M   M         M  M
17  62  40  51   8  14   0 0.00  0.0    0   M   M   M   M    M   M         M  M
18  55  36  46   2  19   0 0.00  0.0    0   M   M   M   M    M   M         M  M
19  51  43  47   3  18   0 0.04  0.0    0   M   M   M   M    M   M         M  M
20  52  45  49   5  16   0 0.02  0.0    0   M   M   M   M    M   M 1       M  M
21  55  40  48   4  17   0 0.00  0.0    0   M   M   M   M    M   M 1       M  M
22  53  35  44   0  21   0 0.00  0.0    0   M   M   M   M    M   M 1       M  M
23  58  32  45   1  20   0 0.00  0.0    0   M   M   M   M    M   M         M  M
24  53  33  43  -1  22   0 0.00  0.0    0   M   M   M   M    M   M         M  M
25  50  42  46   2  19   0 0.04  0.0    0   M   M   M   M    M   M         M  M
26  53  45  49   5  16   0 0.19  0.0    0   M   M   M   M    M   M 1       M  M
27  51  46  49   5  16   0 0.70  0.0    0   M   M   M   M    M   M 1       M  M
28  55  38  47   3  18   0 0.00  0.0    0   M   M   M   M    M   M         M  M
================================================================================
SM 1527 1179       461   0  4.40     0.0     M          M        M
================================================================================
AV 54.5 42.1                                 M FASTST   M    M   7    MAX(MPH)
                                 MISC ---->     M   M                  M    M
================================================================================
NOTES:
# LAST OF SEVERAL OCCURRENCES

COLUMN 17 PEAK WIND IN M.P.H.

PRELIMINARY LOCAL CLIMATOLOGICAL DATA (WS FORM: F-6) , PAGE 2

                                          STATION:  SEATTLE WA WFO
                                          MONTH:    FEBRUARY
                                          YEAR:     2015
                                          LATITUDE:   47 41 N
                                          LONGITUDE: 122 15 W

[TEMPERATURE DATA]      [PRECIPITATION DATA]       SYMBOLS USED IN COLUMN 16

AVERAGE MONTHLY: 48.3   TOTAL FOR MONTH:   4.40    1 = FOG OR MIST
DPTR FM NORMAL:   4.9   DPTR FM NORMAL:    1.09    2 = FOG REDUCING VISIBILITY
HIGHEST:    62 ON 17,12 GRTST 24HR  0.81 ON  5- 5      TO 1/4 MILE OR LESS
LOWEST:     32 ON 23                               3 = THUNDER
                        SNOW, ICE PELLETS, HAIL    4 = ICE PELLETS
                        TOTAL MONTH:   0.0 INCH    5 = HAIL
                        GRTST 24HR     0.0         6 = FREEZING RAIN OR DRIZZLE
                        GRTST DEPTH:   0           7 = DUSTSTORM OR SANDSTORM:
                                                       VSBY 1/2 MILE OR LESS
                                                   8 = SMOKE OR HAZE
[NO. OF DAYS WITH]      [WEATHER - DAYS WITH]      9 = BLOWING SNOW
                                                   X = TORNADO
MAX 32 OR BELOW:   0    0.01 INCH OR MORE:  18
MAX 90 OR ABOVE:   0    0.10 INCH OR MORE:   9
MIN 32 OR BELOW:   1    0.50 INCH OR MORE:   4
MIN  0 OR BELOW:   0    1.00 INCH OR MORE:   0

[HDD (BASE 65) ]
TOTAL THIS MO.   461    CLEAR  (SCALE 0-3)   0
DPTR FM NORMAL  -142    PTCLDY (SCALE 4-7)   0
TOTAL FM JUL 1  2481    CLOUDY (SCALE 8-10)  0
DPTR FM NORMAL  -685

[CDD (BASE 65) ]
TOTAL THIS MO.     0
DPTR FM NORMAL     0    [PRESSURE DATA]
TOTAL FM JAN 1     0    HIGHEST SLP M ON M
DPTR FM NORMAL     0    LOWEST  SLP M ON M

[REMARKS]
#FINAL-02-15#
