000
CXUS55 KSEW 300945
CF6SEW

PRELIMINARY LOCAL CLIMATOLOGICAL DATA (WS FORM: F-6)

                                          STATION:   SEATTLE WA WFO
                                          MONTH:     SEPTEMBER
                                          YEAR:      2014
                                          LATITUDE:   47 41 N
                                          LONGITUDE: 122 15 W

  TEMPERATURE IN F:       :PCPN:    SNOW:  WIND      :SUNSHINE: SKY     :PK WND
================================================================================
1   2   3   4   5  6A  6B    7    8   9   10  11  12  13   14  15   16   17  18
                                     12Z  AVG MX 2MIN
DY MAX MIN AVG DEP HDD CDD  WTR  SNW DPTH SPD SPD DIR MIN PSBL S-S WX    SPD DR
================================================================================

 1  75  59  67   2   0   2 0.00  0.0    M   M   M   M   M    M   M         M  M
 2  71  56  64  -1   1   0 0.58  0.0    M   M   M   M   M    M   M 1       M  M
 3  71  53  62  -2   3   0 0.03  0.0    M   M   M   M   M    M   M         M  M
 4  74  53  64   0   1   0 0.00  0.0    0   M   M   M   M    M   M         M  M
 5  79  57  68   4   0   3 0.00  0.0    0   M   M   M   M    M   M         M  M
 6  87  57  72   8   0   7 0.00  0.0    0   M   M   M   M    M   M         M  M
 7  84  54  69   5   0   4 0.00  0.0    0   M   M   M   M    M   M         M  M
 8  70  58  64   1   1   0 0.01  0.0    0   M   M   M   M    M   M         M  M
 9  70  57  64   1   1   0    T  0.0    0   M   M   M   M    M   M         M  M
10  70  54  62  -1   3   0 0.00  0.0    0   M   M   M   M    M   M         M  M
11  76  52  64   1   1   0 0.00  0.0    0   M   M   M   M    M   M         M  M
12  73  51  62  -1   3   0 0.00  0.0    0   M   M   M   M    M   M         M  M
13  81  52  67   5   0   2 0.00  0.0    0   M   M   M   M    M   M         M  M
14  83  53  68   6   0   3 0.00  0.0    0   M   M   M   M    M   M         M  M
15  87  52  70   8   0   5 0.00  0.0    0   M   M   M   M    M   M         M  M
16  74  57  66   4   0   1 0.00  0.0    0   M   M   M   M    M   M         M  M
17  73  60  67   6   0   2 0.04  0.0    0   M   M   M   M    M   M         M  M
18  68  60  64   3   1   0 0.02  0.0    0   M   M   M   M    M   M         M  M
19  76  63  70   9   0   5 0.00  0.0    0   M   M   M   M    M   M         M  M
20  75  58  67   6   0   2 0.00  0.0    0   M   M   M   M    M   M         M  M
21  83  54  69   9   0   4 0.00  0.0    0   M   M   M   M    M   M         M  M
22  72  58  65   5   0   0    T  0.0    0   M   M   M   M    M   M         M  M
23  67  57  62   2   3   0 0.65  0.0    0   M   M   M   M    M   M 1       M  M
24  66  59  63   3   2   0 0.76  0.0    0   M   M   M   M    M   M 1       M  M
25  70  58  64   5   1   0 0.40  0.0    0   M   M   M   M    M   M         M  M
26  70  57  64   5   1   0 0.30  0.0    0   M   M   M   M    M   M         M  M
27  69  55  62   3   3   0 0.00  0.0    0   M   M   M   M    M   M         M  M
28  66  53  60   2   5   0 0.00  0.0    0   M   M   M   M    M   M 1       M  M
29  62  53  58   0   7   0 0.22  0.0    0   M   M   M   M    M   M 1       M  M
================================================================================
SM 2142 1620        37  40  3.01     0.0     M          M        M
================================================================================
AV 73.9 55.9                                 M FASTST   M    M   5    MAX(MPH)
                                 MISC ---->     M   M                  M    M
================================================================================
NOTES:
# LAST OF SEVERAL OCCURRENCES

COLUMN 17 PEAK WIND IN M.P.H.

PRELIMINARY LOCAL CLIMATOLOGICAL DATA (WS FORM: F-6) , PAGE 2

                                          STATION:  SEATTLE WA WFO
                                          MONTH:    SEPTEMBER
                                          YEAR:     2014
                                          LATITUDE:   47 41 N
                                          LONGITUDE: 122 15 W

[TEMPERATURE DATA]      [PRECIPITATION DATA]       SYMBOLS USED IN COLUMN 16

AVERAGE MONTHLY: 64.9   TOTAL FOR MONTH:   3.01    1 = FOG OR MIST
DPTR FM NORMAL:   3.1   DPTR FM NORMAL:    1.55    2 = FOG REDUCING VISIBILITY
HIGHEST:    87 ON 15, 6 GRTST 24HR  0.76 ON 24-24      TO 1/4 MILE OR LESS
LOWEST:     51 ON 12                               3 = THUNDER
                        SNOW, ICE PELLETS, HAIL    4 = ICE PELLETS
                        TOTAL MONTH:   0.0 INCH    5 = HAIL
                        GRTST 24HR     0.0         6 = FREEZING RAIN OR DRIZZLE
                        GRTST DEPTH:   0           7 = DUSTSTORM OR SANDSTORM:
                                                       VSBY 1/2 MILE OR LESS
                                                   8 = SMOKE OR HAZE
[NO. OF DAYS WITH]      [WEATHER - DAYS WITH]      9 = BLOWING SNOW
                                                   X = TORNADO
MAX 32 OR BELOW:   0    0.01 INCH OR MORE:  10
MAX 90 OR ABOVE:   0    0.10 INCH OR MORE:   6
MIN 32 OR BELOW:   0    0.50 INCH OR MORE:   3
MIN  0 OR BELOW:   0    1.00 INCH OR MORE:   0

[HDD (BASE 65) ]
TOTAL THIS MO.    37    CLEAR  (SCALE 0-3)   0
DPTR FM NORMAL   -76    PTCLDY (SCALE 4-7)   0
TOTAL FM JUL 1    56    CLOUDY (SCALE 8-10)  0
DPTR FM NORMAL  -121

[CDD (BASE 65) ]
TOTAL THIS MO.    40
DPTR FM NORMAL    23    [PRESSURE DATA]
TOTAL FM JAN 1   364    HIGHEST SLP M ON M
DPTR FM NORMAL   190    LOWEST  SLP M ON M

[REMARKS]
