000
CXUS55 KSEW 010930
CF6SEW
PRELIMINARY LOCAL CLIMATOLOGICAL DATA (WS FORM: F-6)

                                          STATION:   SEATTLE WA WFO
                                          MONTH:     APRIL
                                          YEAR:      2016
                                          LATITUDE:   47 41 N
                                          LONGITUDE: 122 15 W

  TEMPERATURE IN F:       :PCPN:    SNOW:  WIND      :SUNSHINE: SKY     :PK WND
================================================================================
1   2   3   4   5  6A  6B    7    8   9   10  11  12  13   14  15   16   17  18
                                     12Z  AVG MX 2MIN
DY MAX MIN AVG DEP HDD CDD  WTR  SNW DPTH SPD SPD DIR MIN PSBL S-S WX    SPD DR
================================================================================

 1  71  46  59  10   6   0 0.00  0.0    0   M   M   M   M    M   M         M  M
 2  62  45  54   5  11   0 0.00  0.0    0   M   M   M   M    M   M         M  M
 3  70  43  57   8   8   0 0.17  0.0    0   M   M   M   M    M   M         M  M
 4  58  47  53   4  12   0 0.14  0.0    0   M   M   M   M    M   M 5       M  M
 5  56  46  51   2  14   0 0.00  0.0    0   M   M   M   M    M   M         M  M
 6  69  41  55   6  10   0 0.00  0.0    0   M   M   M   M    M   M         M  M
 7  78  50  64  15   1   0 0.00  0.0    0   M   M   M   M    M   M         M  M
 8  73  48  61  12   4   0 0.00  0.0    0   M   M   M   M    M   M         M  M
 9  66  43  55   5  10   0 0.00  0.0    0   M   M   M   M    M   M         M  M
10  61  47  54   4  11   0 0.00  0.0    0   M   M   M   M    M   M         M  M
11  61  49  55   5  10   0 0.00  0.0    0   M   M   M   M    M   M         M  M
12  59  46  53   3  12   0 0.30  0.0    0   M   M   M   M    M   M 1       M  M
13  58  46  52   2  13   0 0.02  0.0    0   M   M   M   M    M   M         M  M
14  59  44  52   2  13   0 0.10  0.0    0   M   M   M   M    M   M         M  M
15  59  45  52   2  13   0 0.00  0.0    0   M   M   M   M    M   M         M  M
16  67  40  54   4  11   0 0.00  0.0    M   M   M   M   M    M   M         M  M
17  76  48  62  11   3   0 0.00  0.0    0   M   M   M   M    M   M         M  M
18  89  49  69  18   0   4 0.00  0.0    0   M   M   M   M    M   M         M  M
19  81  50  66  15   0   1 0.00  0.0    0   M   M   M   M    M   M         M  M
20  80  52  66  15   0   1 0.00  0.0    0   M   M   M   M    M   M         M  M
21  72  53  63  12   2   0 0.02  0.0    0   M   M   M   M    M   M         M  M
22  61  54  58   7   7   0 0.03  0.0    0   M   M   M   M    M   M         M  M
23  65  52  59   7   6   0 0.01  0.0    0   M   M   M   M    M   M         M  M
24  54  46  50  -2  15   0 0.54  0.0    M   M   M   M   M    M   M         M  M
25  59  43  51  -1  14   0 0.10  0.0    0   M   M   M   M    M   M         M  M
26  61  41  51  -1  14   0 0.00  0.0    0   M   M   M   M    M   M         M  M
27  60  47  54   2  11   0 0.00  0.0    0   M   M   M   M    M   M         M  M
28  64  50  57   5   8   0 0.00  0.0    0   M   M   M   M    M   M         M  M
29  60  47  54   1  11   0 0.14  0.0    0   M   M   M   M    M   M 1       M  M
30  66  43  55   2  10   0 0.00  0.0    0   M   M   M   M    M   M         M  M
================================================================================
SM 1975 1401       260   6  1.57     0.0     M          M        M
================================================================================
AV 65.8 46.7                                 M FASTST   M    M   6    MAX(MPH)
                                 MISC ---->     M   M                  M    M
================================================================================
NOTES:
# LAST OF SEVERAL OCCURRENCES

COLUMN 17 PEAK WIND IN M.P.H.

PRELIMINARY LOCAL CLIMATOLOGICAL DATA (WS FORM: F-6) , PAGE 2

                                          STATION:  SEATTLE WA WFO
                                          MONTH:    APRIL
                                          YEAR:     2016
                                          LATITUDE:   47 41 N
                                          LONGITUDE: 122 15 W

[TEMPERATURE DATA]      [PRECIPITATION DATA]       SYMBOLS USED IN COLUMN 16

AVERAGE MONTHLY: 56.3   TOTAL FOR MONTH:   1.57    1 = FOG OR MIST
DPTR FM NORMAL:   5.8   DPTR FM NORMAL:   -1.20    2 = FOG REDUCING VISIBILITY
HIGHEST:    89 ON 18    GRTST 24HR  0.54 ON 24-24      TO 1/4 MILE OR LESS
LOWEST:     40 ON 16                               3 = THUNDER
                        SNOW, ICE PELLETS, HAIL    4 = ICE PELLETS
                        TOTAL MONTH:   0.0 INCH    5 = HAIL
                        GRTST 24HR     0.0         6 = FREEZING RAIN OR DRIZZLE
                        GRTST DEPTH:   0           7 = DUSTSTORM OR SANDSTORM:
                                                       VSBY 1/2 MILE OR LESS
                                                   8 = SMOKE OR HAZE
[NO. OF DAYS WITH]      [WEATHER - DAYS WITH]      9 = BLOWING SNOW
                                                   X = TORNADO
MAX 32 OR BELOW:   0    0.01 INCH OR MORE:  11
MAX 90 OR ABOVE:   0    0.10 INCH OR MORE:   7
MIN 32 OR BELOW:   0    0.50 INCH OR MORE:   1
MIN  0 OR BELOW:   0    1.00 INCH OR MORE:   0

[HDD (BASE 65) ]
TOTAL THIS MO.   260    CLEAR  (SCALE 0-3)   0
DPTR FM NORMAL  -175    PTCLDY (SCALE 4-7)   0
TOTAL FM JUL 1  3542    CLOUDY (SCALE 8-10)  0
DPTR FM NORMAL  -631

[CDD (BASE 65) ]
TOTAL THIS MO.     6
DPTR FM NORMAL     6    [PRESSURE DATA]
TOTAL FM JAN 1     6    HIGHEST SLP M ON M
DPTR FM NORMAL     6    LOWEST  SLP M ON M

[REMARKS]
#FINAL-04-16#
