000
CXUS55 KSEW 300945
CF6SEW

PRELIMINARY LOCAL CLIMATOLOGICAL DATA (WS FORM: F-6)

                                          STATION:   SEATTLE WA WFO
                                          MONTH:     JANUARY
                                          YEAR:      2015
                                          LATITUDE:   47 41 N
                                          LONGITUDE: 122 15 W

  TEMPERATURE IN F:       :PCPN:    SNOW:  WIND      :SUNSHINE: SKY     :PK WND
================================================================================
1   2   3   4   5  6A  6B    7    8   9   10  11  12  13   14  15   16   17  18
                                     12Z  AVG MX 2MIN
DY MAX MIN AVG DEP HDD CDD  WTR  SNW DPTH SPD SPD DIR MIN PSBL S-S WX    SPD DR
================================================================================

 1  45  28  37  -4  28   0 0.00  0.0    0   M   M   M   M    M   M         M  M
 2  42  32  37  -4  28   0 0.02  0.0    0   M   M   M   M    M   M         M  M
 3  42  36  39  -2  26   0 0.02  0.0    0   M   M   M   M    M   M 1       M  M
 4  52  39  46   5  19   0 0.20  0.0    0   M   M   M   M    M   M 1       M  M
 5  55  52  54  13  11   0 0.26  0.0    0   M   M   M   M    M   M         M  M
 6  53  41  47   6  18   0 0.00  0.0    0   M   M   M   M    M   M         M  M
 7  48  40  44   3  21   0 0.00  0.0    0   M   M   M   M    M   M 12      M  M
 8  45  35  40  -2  25   0 0.00  0.0    0   M   M   M   M    M   M 1       M  M
 9  46  36  41  -1  24   0 0.00  0.0    0   M   M   M   M    M   M 12      M  M
10  46  43  45   3  20   0 0.11  0.0    0   M   M   M   M    M   M 1       M  M
11  48  45  47   5  18   0 0.05  0.0    0   M   M   M   M    M   M 1       M  M
12  52  41  47   5  18   0 0.02  0.0    0   M   M   M   M    M   M 1       M  M
13  51  37  44   2  21   0 0.00  0.0    0   M   M   M   M    M   M 1       M  M
14  45  32  39  -3  26   0 0.00  0.0    0   M   M   M   M    M   M         M  M
15  46  31  39  -3  26   0 0.36  0.0    0   M   M   M   M    M   M 1       M  M
16  54  42  48   6  17   0 0.01  0.0    0   M   M   M   M    M   M         M  M
17  54  40  47   5  18   0 0.81  0.0    0   M   M   M   M    M   M 1       M  M
18  57  46  52  10  13   0 0.51  0.0    0   M   M   M   M    M   M 1       M  M
19  52  40  46   4  19   0 0.00  0.0    0   M   M   M   M    M   M         M  M
20  52  38  45   3  20   0 0.00  0.0    0   M   M   M   M    M   M         M  M
21  46  34  40  -3  25   0    T  0.0    0   M   M   M   M    M   M         M  M
22  48  43  46   3  19   0 0.05  0.0    0   M   M   M   M    M   M 1       M  M
23  55  47  51   8  14   0 0.12  0.0    0   M   M   M   M    M   M 1       M  M
24  59  53  56  13   9   0    T  0.0    0   M   M   M   M    M   M         M  M
25  62  46  54  11  11   0 0.00  0.0    0   M   M   M   M    M   M 1       M  M
26  63  44  54  11  11   0 0.00  0.0    0   M   M   M   M    M   M 12      M  M
27  51  46  49   6  16   0 0.12  0.0    0   M   M   M   M    M   M         M  M
28  54  42  48   5  17   0 0.00  0.0    0   M   M   M   M    M   M         M  M
29  55  40  48   5  17   0 0.00  0.0    0   M   M   M   M    M   M         M  M
================================================================================
SM 1478 1169       555   0  2.66     0.0     M          M        M
================================================================================
AV 51.0 40.3                                 M FASTST   M    M   7    MAX(MPH)
                                 MISC ---->     M   M                  M    M
================================================================================
NOTES:
# LAST OF SEVERAL OCCURRENCES

COLUMN 17 PEAK WIND IN M.P.H.

PRELIMINARY LOCAL CLIMATOLOGICAL DATA (WS FORM: F-6) , PAGE 2

                                          STATION:  SEATTLE WA WFO
                                          MONTH:    JANUARY
                                          YEAR:     2015
                                          LATITUDE:   47 41 N
                                          LONGITUDE: 122 15 W

[TEMPERATURE DATA]      [PRECIPITATION DATA]       SYMBOLS USED IN COLUMN 16

AVERAGE MONTHLY: 45.6   TOTAL FOR MONTH:   2.66    1 = FOG OR MIST
DPTR FM NORMAL:   3.6   DPTR FM NORMAL:   -1.91    2 = FOG REDUCING VISIBILITY
HIGHEST:    63 ON 26    GRTST 24HR  0.81 ON 17-17      TO 1/4 MILE OR LESS
LOWEST:     28 ON  1                               3 = THUNDER
                        SNOW, ICE PELLETS, HAIL    4 = ICE PELLETS
                        TOTAL MONTH:   0.0 INCH    5 = HAIL
                        GRTST 24HR     0.0         6 = FREEZING RAIN OR DRIZZLE
                        GRTST DEPTH:   0           7 = DUSTSTORM OR SANDSTORM:
                                                       VSBY 1/2 MILE OR LESS
                                                   8 = SMOKE OR HAZE
[NO. OF DAYS WITH]      [WEATHER - DAYS WITH]      9 = BLOWING SNOW
                                                   X = TORNADO
MAX 32 OR BELOW:   0    0.01 INCH OR MORE:  14
MAX 90 OR ABOVE:   0    0.10 INCH OR MORE:   8
MIN 32 OR BELOW:   4    0.50 INCH OR MORE:   2
MIN  0 OR BELOW:   0    1.00 INCH OR MORE:   0

[HDD (BASE 65) ]
TOTAL THIS MO.   555    CLEAR  (SCALE 0-3)   0
DPTR FM NORMAL  -110    PTCLDY (SCALE 4-7)   0
TOTAL FM JUL 1  1975    CLOUDY (SCALE 8-10)  0
DPTR FM NORMAL  -543

[CDD (BASE 65) ]
TOTAL THIS MO.     0
DPTR FM NORMAL     0    [PRESSURE DATA]
TOTAL FM JAN 1     0    HIGHEST SLP M ON M
DPTR FM NORMAL     0    LOWEST  SLP M ON M

[REMARKS]
