000
CXUS52 KMLB 271233
CF6SFB
PRELIMINARY LOCAL CLIMATOLOGICAL DATA (WS FORM: F-6)

                                          STATION:   SANFORD
                                          MONTH:     FEBRUARY
                                          YEAR:      2015
                                          LATITUDE:   28 46 N
                                          LONGITUDE:  81 15 W

  TEMPERATURE IN F:       :PCPN:    SNOW:  WIND      :SUNSHINE: SKY     :PK WND
================================================================================
1   2   3   4   5  6A  6B    7    8   9   10  11  12  13   14  15   16   17  18
                                     12Z  AVG MX 2MIN
DY MAX MIN AVG DEP HDD CDD  WTR  SNW DPTH SPD SPD DIR MIN PSBL S-S WX    SPD DR
================================================================================

 1  76  47  62   1   3   0 0.00  0.0    0  6.3 17 150   M    M   2 1      22 150
 2  77  51  64   3   1   0 0.01  0.0    0 13.3 22 280   M    M   5        33 240
 3  68  44  56  -5   9   0 0.00  0.0    0 10.4 20 360   M    M   0        25 360
 4  74  53  64   3   1   0 0.09  0.0    0  5.8 15 130   M    M   5 1      17 140
 5  66  52  59  -3   6   0 0.65  0.0    0  8.9 22 340   M    M   7 1      29 350
 6  67  51  59  -3   6   0 0.00  0.0    0 11.8 20  10   M    M   0        26  10
 7  73  48  61  -1   4   0 0.00  0.0    0  6.4 14  80   M    M   1        17 130
 8  75  49  62   0   3   0 0.00  0.0    0  3.6 13 190   M    M   0        17 200
 9  70  53  62   0   3   0 0.92  0.0    0  3.5 18 120   M    M   7 1      22 120
10  63  50  57  -5   8   0 0.00  0.0    0 10.9 20 340   M    M   5 1      25 340
11  67  45  56  -6   9   0 0.00  0.0    0  7.4 14  10   M    M   0 1      25 130
12  72  44  58  -4   7   0 0.00  0.0    0  8.6 22 280   M    M   0 8      27 280
13  61  44  53  -9  12   0 0.00  0.0    0  9.4 16  20   M    M   0        22  20
14  64  37  51 -11  14   0 0.00  0.0    0  9.2 18 270   M    M   0        25 270
15  72  47  60  -3   5   0 0.00  0.0    0  9.1 18 320   M    M   0        24 340
16  76  46  61  -2   4   0 0.00  0.0    0  7.1 18 180   M    M   2        25 180
17  80  55  68   5   0   3 0.72  0.0    0 11.5 29 230   M    M   5 1      35 240
18  61  45  53 -10  12   0 0.49    M    0 11.1 22 280   M    M   4 1      29 290
19  52  38  45 -18  20   0 0.00  0.0    0 13.5 26 320   M    M   0        33 350
20  56  33  45 -18  20   0 0.00  0.0    0  8.0 16 340   M    M   0        19 330
21  71  39  55  -8  10   0 0.00  0.0    0  5.7 16 150   M    M   4        19 130
22  82  51  67   4   0   2 0.00  0.0    0  4.0 14 110   M    M   3 12     16 110
23  82  59  71   7   0   6 0.00  0.0    0  8.1 21 240   M    M   4 1      24 240
24  73  59  66   2   0   1 0.09  0.0    0  7.4 20 270   M    M   9 1      24 270
25  72  57  65   1   0   0 0.00  0.0    0  7.4 21 200   M    M   8 18     31 190
26  75  56  66   2   0   1 0.06  0.0    0 12.2 31 300   M    M   9 1      37 290
================================================================================
SM 1825 1253       157  13  3.03     0.0 220.6          M       80
================================================================================
AV 70.2 48.2                               8.5 FASTST   M    M   3    MAX(MPH)
                                 MISC ---->  # 31 300               # 37  290
================================================================================
NOTES:
# LAST OF SEVERAL OCCURRENCES

COLUMN 17 PEAK WIND IN M.P.H.

PRELIMINARY LOCAL CLIMATOLOGICAL DATA (WS FORM: F-6) , PAGE 2

                                          STATION:  SANFORD
                                          MONTH:    FEBRUARY
                                          YEAR:     2015
                                          LATITUDE:   28 46 N
                                          LONGITUDE:  81 15 W

[TEMPERATURE DATA]      [PRECIPITATION DATA]       SYMBOLS USED IN COLUMN 16

AVERAGE MONTHLY: 59.2   TOTAL FOR MONTH:   3.03    1 = FOG OR MIST
DPTR FM NORMAL:  -3.3   DPTR FM NORMAL:    0.74    2 = FOG REDUCING VISIBILITY
HIGHEST:    82 ON 23,22 GRTST 24HR  1.21 ON 17-18      TO 1/4 MILE OR LESS
LOWEST:     33 ON 20                               3 = THUNDER
                        SNOW, ICE PELLETS, HAIL    4 = ICE PELLETS
                        TOTAL MONTH:   0.0 INCH    5 = HAIL
                        GRTST 24HR     0.0         6 = FREEZING RAIN OR DRIZZLE
                        GRTST DEPTH:   0           7 = DUSTSTORM OR SANDSTORM:
                                                       VSBY 1/2 MILE OR LESS
                                                   8 = SMOKE OR HAZE
[NO. OF DAYS WITH]      [WEATHER - DAYS WITH]      9 = BLOWING SNOW
                                                   X = TORNADO
MAX 32 OR BELOW:   0    0.01 INCH OR MORE:   8
MAX 90 OR ABOVE:   0    0.10 INCH OR MORE:   4
MIN 32 OR BELOW:   0    0.50 INCH OR MORE:   3
MIN  0 OR BELOW:   0    1.00 INCH OR MORE:   0

[HDD (BASE 65) ]
TOTAL THIS MO.   157    CLEAR  (SCALE 0-3)  14
DPTR FM NORMAL    41    PTCLDY (SCALE 4-7)  10
TOTAL FM JUL 1   544    CLOUDY (SCALE 8-10)  2
DPTR FM NORMAL    25

[CDD (BASE 65) ]
TOTAL THIS MO.    13
DPTR FM NORMAL   -34    [PRESSURE DATA]
TOTAL FM JAN 1    55    HIGHEST SLP M ON M
DPTR FM NORMAL   -34    LOWEST  SLP 29.63 ON 26

[REMARKS]
