000
CXUS52 KMLB 281134
CF6SFB
PRELIMINARY LOCAL CLIMATOLOGICAL DATA (WS FORM: F-6)

                                          STATION:   SANFORD
                                          MONTH:     JULY
                                          YEAR:      2014
                                          LATITUDE:   28 46 N
                                          LONGITUDE:  81 15 W

  TEMPERATURE IN F:       :PCPN:    SNOW:  WIND      :SUNSHINE: SKY     :PK WND
================================================================================
1   2   3   4   5  6A  6B    7    8   9   10  11  12  13   14  15   16   17  18
                                     12Z  AVG MX 2MIN
DY MAX MIN AVG DEP HDD CDD  WTR  SNW DPTH SPD SPD DIR MIN PSBL S-S WX    SPD DR
================================================================================

 1  91  77  84   1   0  19 0.02  0.0    0  9.9 22  60   M    M   2 3      28  60
 2  91  75  83   0   0  18 0.02  0.0    0  9.5 22 360   M    M   4 13     32 340
 3  94  76  85   2   0  20 0.11  0.0    0 10.1 26 220   M    M   1 13     36 230
 4  91  75  83   0   0  18 0.03  0.0    0  7.0 24 180   M    M   3 138    32 190
 5  93  73  83   0   0  18 1.41  0.0    0  6.2 23 140   M    M   3 13     29 140
 6  89  72  81  -2   0  16 0.16  0.0    0  5.2 20 250   M    M   2 13     25 250
 7  89  71  80  -3   0  15    T  0.0    0  4.6 18 120   M    M   1 3      23 120
 8  92  74  83   0   0  18 1.75  0.0    0  5.1 23 110   M    M   3 138    30 270
 9  93  73  83   0   0  18 0.09  0.0    0  4.6 18 290   M    M   1 13     21 290
10  92  73  83   0   0  18 0.06  0.0    0  4.7 21 330   M    M   1 138    29 340
11  90  73  82  -1   0  17 0.38  0.0    0  5.9 18 130   M    M   2 13     22 150
12  93  74  84   1   0  19 0.28  0.0    0  4.2 16  70   M    M   2 13     19  70
13  93  74  84   1   0  19 1.10  0.0    0  4.0 30  30   M    M   2 13     36  30
14  93  74  84   1   0  19 0.02  0.0    0  5.6 21 360   M    M   2 3      28  10
15  91  73  82  -2   0  17 0.63  0.0    0  6.0 24 240   M    M   1 13     28 250
16  87  74  81  -3   0  16 0.26  0.0    0  8.1 33 300   M    M   3 13     38 300
17  92  76  84   0   0  19 0.00  0.0    0  5.4 16 310   M    M   3 3      19 300
18  93  74  84   0   0  19 0.00  0.0    0  4.6 15  80   M    M   2        18  60
19  93  76  85   1   0  20 0.00  0.0    0  4.2 13 100   M    M   2        16 100
20  94  76  85   1   0  20 0.51  0.0    0  6.4 25 110   M    M   2 138    38 130
21  93  73  83  -1   0  18 2.47  0.0    0  5.0 25  70   M    M   3 13     33  70
22  92  73  83  -1   0  18 0.04  0.0    0  4.1 25 140   M    M   2 13     31 140
23  92  74  83  -1   0  18 0.01  0.0    0  4.3 15 120   M    M   3 1      17 130
24  93  77  85   1   0  20 0.39  0.0    0  4.1 24 220   M    M   4 13     33 210
25  94  74  84   0   0  19 0.40  0.0    0  5.8 33 200   M    M   2 3      44 200
26  94  76  85   1   0  20 0.00  0.0    M  6.2 22 270   M    M   3 3      27 260
27  94  77  86   2   0  21 0.56  0.0    0  7.7 37 250   M    M   1 3      43 240
================================================================================
SM 2486 2007         0 497 10.70     0.0 158.5          M       60
================================================================================
AV 92.1 74.3                               5.9 FASTST   M    M   2    MAX(MPH)
                                 MISC ---->  # 37 250               # 44  200
================================================================================
NOTES:
# LAST OF SEVERAL OCCURRENCES

COLUMN 17 PEAK WIND IN M.P.H.

PRELIMINARY LOCAL CLIMATOLOGICAL DATA (WS FORM: F-6) , PAGE 2

                                          STATION:  SANFORD
                                          MONTH:    JULY
                                          YEAR:     2014
                                          LATITUDE:   28 46 N
                                          LONGITUDE:  81 15 W

[TEMPERATURE DATA]      [PRECIPITATION DATA]       SYMBOLS USED IN COLUMN 16

AVERAGE MONTHLY: 83.2   TOTAL FOR MONTH:  10.70    1 = FOG OR MIST
DPTR FM NORMAL:  -0.3   DPTR FM NORMAL:    4.14    2 = FOG REDUCING VISIBILITY
HIGHEST:    94 ON 27,26 GRTST 24HR  2.50 ON 21-22      TO 1/4 MILE OR LESS
LOWEST:     71 ON  7                               3 = THUNDER
                        SNOW, ICE PELLETS, HAIL    4 = ICE PELLETS
                        TOTAL MONTH:   0.0 INCH    5 = HAIL
                        GRTST 24HR     0.0         6 = FREEZING RAIN OR DRIZZLE
                        GRTST DEPTH:   0           7 = DUSTSTORM OR SANDSTORM:
                                                       VSBY 1/2 MILE OR LESS
                                                   8 = SMOKE OR HAZE
[NO. OF DAYS WITH]      [WEATHER - DAYS WITH]      9 = BLOWING SNOW
                                                   X = TORNADO
MAX 32 OR BELOW:   0    0.01 INCH OR MORE:  22
MAX 90 OR ABOVE:  24    0.10 INCH OR MORE:  14
MIN 32 OR BELOW:   0    0.50 INCH OR MORE:   7
MIN  0 OR BELOW:   0    1.00 INCH OR MORE:   4

[HDD (BASE 65) ]
TOTAL THIS MO.     0    CLEAR  (SCALE 0-3)  25
DPTR FM NORMAL     0    PTCLDY (SCALE 4-7)   2
TOTAL FM JUL 1     0    CLOUDY (SCALE 8-10)  0
DPTR FM NORMAL     0

[CDD (BASE 65) ]
TOTAL THIS MO.   497
DPTR FM NORMAL    -1    [PRESSURE DATA]
TOTAL FM JAN 1  1835    HIGHEST SLP M ON M
DPTR FM NORMAL    50    LOWEST  SLP 29.86 ON  2

[REMARKS]
