000
CXUS52 KMLB 301053
CF6SFB
PRELIMINARY LOCAL CLIMATOLOGICAL DATA (WS FORM: F-6)

                                          STATION:   SANFORD
                                          MONTH:     JUNE
                                          YEAR:      2015
                                          LATITUDE:   28 46 N
                                          LONGITUDE:  81 15 W

  TEMPERATURE IN F:       :PCPN:    SNOW:  WIND      :SUNSHINE: SKY     :PK WND
================================================================================
1   2   3   4   5  6A  6B    7    8   9   10  11  12  13   14  15   16   17  18
                                     12Z  AVG MX 2MIN
DY MAX MIN AVG DEP HDD CDD  WTR  SNW DPTH SPD SPD DIR MIN PSBL S-S WX    SPD DR
================================================================================

 1  93  69  81   1   0  16 1.47  0.0    0  6.3 38 360   M    M   3 13     47  10
 2  86  69  78  -2   0  13 0.31  0.0    0  4.6 18 140   M    M   1 13     24 120
 3  85  69  77  -3   0  12 0.49  0.0    0  5.8 17  60   M    M   6 18     22  80
 4  90  68  79  -1   0  14 0.00  0.0    0  6.1 16  60   M    M   0 1      23  50
 5  90  70  80  -1   0  15 0.15  0.0    0  4.3 23 340   M    M   1 3      32 340
 6  89  70  80  -1   0  15    T  0.0    0  3.9 16  80   M    M   2        20  80
 7  90  71  81   0   0  16 0.00  0.0    0  6.5 18  80   M    M   1        23  80
 8  88  70  79  -2   0  14 0.01  0.0    0  6.2 20  80   M    M   3 3      23 100
 9  93  72  83   2   0  18 0.01  0.0    0  7.2 25 110   M    M   2 3      31 110
10  89  70  80  -1   0  15 0.40  0.0    0  6.6 25 280   M    M   2 13     33 280
11  88  71  80  -1   0  15    T  0.0    0  7.0 15 150   M    M   0        18 210
12  92  72  82   1   0  17 0.01  0.0    0  5.1 17 190   M    M   1 3      23 210
13  92  75  84   3   0  19 0.00  0.0    0  7.1 15 100   M    M   1        20 130
14  94  73  84   2   0  19 0.00  0.0    0  7.0 16  90   M    M   0        19  90
15  94  74  84   2   0  19 0.00  0.0    0  6.9 17 110   M    M   0        21 110
16  96  75  86   4   0  21 0.00  0.0    0  6.7 16 130   M    M   1        20 100
17  96  77  87   5   0  22 0.00  0.0    0  7.2 17 130   M    M   1        22 130
18  98  76  87   5   0  22 0.00  0.0    0  5.7 23 320   M    M   1 3      30 310
19  97  72  85   3   0  20 1.11  0.0    0  4.8 23  80   M    M   2 13     31 300
20  94  74  84   2   0  19 0.07  0.0    0  5.3 21  80   M    M   3 138    26  70
21  96  75  86   4   0  21 0.00  0.0    0  6.4 16 130   M    M   1 3      19 120
22  96  80  88   6   0  23 0.00  0.0    0  6.8 16 120   M    M   2 3      21 120
23  95  75  85   3   0  20 0.08  0.0    0  6.5 31 130   M    M   2 13     38 120
24  94  73  84   2   0  19 0.46  0.0    0  5.8 33 230   M    M   2 138    41 220
25  94  74  84   2   0  19 0.41  0.0    0  5.2 20  10   M    M   3 13     25 160
26  91  73  82   0   0  17    T  0.0    0  6.0 17  30   M    M   2 3      24 190
27  96  77  87   5   0  22 0.00  0.0    0  8.7 17 240   M    M   2        22 250
28  94  77  86   4   0  21    T  0.0    0 10.2 24 300   M    M   1 3      31 300
29  91  76  84   2   0  19 0.05  0.0    0  8.3 30 290   M    M   1 13     37 280
================================================================================
SM 2681 2117         0 522  5.03     0.0 184.2          M       47
================================================================================
AV 92.4 73.0                               6.4 FASTST   M    M   2    MAX(MPH)
                                 MISC ---->  # 38 360               # 47   10
================================================================================
NOTES:
# LAST OF SEVERAL OCCURRENCES

COLUMN 17 PEAK WIND IN M.P.H.

PRELIMINARY LOCAL CLIMATOLOGICAL DATA (WS FORM: F-6) , PAGE 2

                                          STATION:  SANFORD
                                          MONTH:    JUNE
                                          YEAR:     2015
                                          LATITUDE:   28 46 N
                                          LONGITUDE:  81 15 W

[TEMPERATURE DATA]      [PRECIPITATION DATA]       SYMBOLS USED IN COLUMN 16

AVERAGE MONTHLY: 82.7   TOTAL FOR MONTH:   5.03    1 = FOG OR MIST
DPTR FM NORMAL:   1.3   DPTR FM NORMAL:   -1.89    2 = FOG REDUCING VISIBILITY
HIGHEST:    98 ON 18    GRTST 24HR  1.47 ON  1- 1      TO 1/4 MILE OR LESS
LOWEST:     68 ON  4                               3 = THUNDER
                        SNOW, ICE PELLETS, HAIL    4 = ICE PELLETS
                        TOTAL MONTH:   0.0 INCH    5 = HAIL
                        GRTST 24HR     0.0         6 = FREEZING RAIN OR DRIZZLE
                        GRTST DEPTH:   0           7 = DUSTSTORM OR SANDSTORM:
                                                       VSBY 1/2 MILE OR LESS
                                                   8 = SMOKE OR HAZE
[NO. OF DAYS WITH]      [WEATHER - DAYS WITH]      9 = BLOWING SNOW
                                                   X = TORNADO
MAX 32 OR BELOW:   0    0.01 INCH OR MORE:  14
MAX 90 OR ABOVE:  23    0.10 INCH OR MORE:   8
MIN 32 OR BELOW:   0    0.50 INCH OR MORE:   2
MIN  0 OR BELOW:   0    1.00 INCH OR MORE:   2

[HDD (BASE 65) ]
TOTAL THIS MO.     0    CLEAR  (SCALE 0-3)  27
DPTR FM NORMAL     0    PTCLDY (SCALE 4-7)   2
TOTAL FM JUL 1   580    CLOUDY (SCALE 8-10)  0
DPTR FM NORMAL   -18

[CDD (BASE 65) ]
TOTAL THIS MO.   522
DPTR FM NORMAL    46    [PRESSURE DATA]
TOTAL FM JAN 1  1606    HIGHEST SLP M ON M
DPTR FM NORMAL   338    LOWEST  SLP 29.91 ON M

[REMARKS]
