000
CXUS56 KMTR 261000
CF6SFO
PRELIMINARY LOCAL CLIMATOLOGICAL DATA (WS FORM: F-6)

                                          STATION:   SAN FRANCISCO AIRPORT
                                          MONTH:     JANUARY
                                          YEAR:      2015
                                          LATITUDE:   37 37 N
                                          LONGITUDE: 122 23 W

  TEMPERATURE IN F:       :PCPN:    SNOW:  WIND      :SUNSHINE: SKY     :PK WND
================================================================================
1   2   3   4   5  6A  6B    7    8   9   10  11  12  13   14  15   16   17  18
                                     12Z  AVG MX 2MIN
DY MAX MIN AVG DEP HDD CDD  WTR  SNW DPTH SPD SPD DIR MIN PSBL S-S WX    SPD DR
================================================================================

 1  55  40  48  -2  17   0 0.00  0.0    0  8.6 20  50   M    M   0        23  50
 2  52  38  45  -5  20   0 0.00  0.0    0  1.6  7 290   M    M   2 8      23  40
 3  54  38  46  -4  19   0 0.00  0.0    0  1.5  7  10   M    M   2 18     15  70
 4  55  41  48  -2  17   0 0.00  0.0    0  1.9 14 130   M    M   5 18     24 200
 5  59  43  51   1  14   0 0.00  0.0    0  2.4  7 180   M    M   4 18     10  30
 6  60  44  52   2  13   0 0.00  0.0    0  2.0  8 130   M    M   2 18     12 300
 7  60  45  53   3  12   0 0.00  0.0    0  2.1  7 140   M    M   2 18     10 110
 8  60  49  55   5  10   0 0.00  0.0    0  0.8  7  60   M    M   7 18      8  80
 9  63  51  57   7   8   0 0.00  0.0    0  3.6 13 290   M    M   7 18     16 290
10  61  49  55   5  10   0 0.00  0.0    0  5.1 15 290   M    M   6 1      17 300
11  56  47  52   2  13   0 0.00  0.0    0  4.0 20 280   M    M   6 12     28  90
12  62  47  55   5  10   0 0.00  0.0    0  4.2 18 280   M    M   5 12     22 270
13  64  46  55   5  10   0 0.00  0.0    0  1.2  8 260   M    M   2 12      9 270
14  58  43  51   1  14   0 0.00  0.0    0  1.6  9  50   M    M   4 18      9  60
15  59  45  52   2  13   0 0.00  0.0    0  2.2 13 310   M    M   7 18     15 310
16  58  48  53   3  12   0 0.00  0.0    0  2.8  9  30   M    M   7 18     10  30
17  58  51  55   5  10   0 0.00  0.0    0  4.0 10 340   M    M   7 18     12 350
18  61  53  57   7   8   0 0.00  0.0    0  2.7 10 290   M    M   9 12     12 280
19  60  52  56   6   9   0 0.00  0.0    0  4.4 15 280   M    M   7 12     20 280
20  61  49  55   5  10   0 0.00  0.0    0  3.6 10 280   M    M   4 12      M  M
21  64  46  55   5  10   0 0.00  0.0    0  2.7  8 100   M    M   2 1      20 280
22  57  47  52   1  13   0 0.00  0.0    0  4.4 18  60   M    M   3        21  60
23  67  45  56   5   9   0 0.00  0.0    0  2.1 12 290   M    M   1 18     22  60
24  64  49  57   6   8   0 0.00  0.0    0  2.7 12  20   M    M   1        13  20
25  63  49  56   5   9   0 0.00  0.0    0  2.7 12  20   M    M   1 1      25 310
================================================================================
SM 1491 1155       298   0  0.00     0.0  74.9          M      103
================================================================================
AV 59.6 46.2                               3.0 FASTST   M    M   4    MAX(MPH)
                                 MISC ---->  # 20  50               # 28   90
================================================================================
NOTES:
# LAST OF SEVERAL OCCURRENCES

COLUMN 17 PEAK WIND IN M.P.H.

PRELIMINARY LOCAL CLIMATOLOGICAL DATA (WS FORM: F-6) , PAGE 2

                                          STATION:  SAN FRANCISCO AIRPORT
                                          MONTH:    JANUARY
                                          YEAR:     2015
                                          LATITUDE:   37 37 N
                                          LONGITUDE: 122 23 W

[TEMPERATURE DATA]      [PRECIPITATION DATA]       SYMBOLS USED IN COLUMN 16

AVERAGE MONTHLY: 52.9   TOTAL FOR MONTH:   0.00    1 = FOG OR MIST
DPTR FM NORMAL:   2.8   DPTR FM NORMAL:   -3.39    2 = FOG REDUCING VISIBILITY
HIGHEST:    67 ON 23    GRTST 24HR  0.00 ON 25-25      TO 1/4 MILE OR LESS
LOWEST:     38 ON  3, 2                            3 = THUNDER
                        SNOW, ICE PELLETS, HAIL    4 = ICE PELLETS
                        TOTAL MONTH:   0.0 INCH    5 = HAIL
                        GRTST 24HR     0.0         6 = FREEZING RAIN OR DRIZZLE
                        GRTST DEPTH:   0           7 = DUSTSTORM OR SANDSTORM:
                                                       VSBY 1/2 MILE OR LESS
                                                   8 = SMOKE OR HAZE
[NO. OF DAYS WITH]      [WEATHER - DAYS WITH]      9 = BLOWING SNOW
                                                   X = TORNADO
MAX 32 OR BELOW:   0    0.01 INCH OR MORE:   0
MAX 90 OR ABOVE:   0    0.10 INCH OR MORE:   0
MIN 32 OR BELOW:   0    0.50 INCH OR MORE:   0
MIN  0 OR BELOW:   0    1.00 INCH OR MORE:   0

[HDD (BASE 65) ]
TOTAL THIS MO.   298    CLEAR  (SCALE 0-3)  10
DPTR FM NORMAL   -73    PTCLDY (SCALE 4-7)  14
TOTAL FM JUL 1   733    CLOUDY (SCALE 8-10)  1
DPTR FM NORMAL  -648

[CDD (BASE 65) ]
TOTAL THIS MO.     0
DPTR FM NORMAL     0    [PRESSURE DATA]
TOTAL FM JAN 1     0    HIGHEST SLP M ON M
DPTR FM NORMAL     0    LOWEST  SLP 29.95 ON 10

[REMARKS]
