000
CXUS53 KSGF 300800
CF6SGF
PRELIMINARY LOCAL CLIMATOLOGICAL DATA (WS FORM: F-6)

                                          STATION:   SPRINGFIELD MO
                                          MONTH:     MAY
                                          YEAR:      2017
                                          LATITUDE:   37 13 N
                                          LONGITUDE:  93 23 W

  TEMPERATURE IN F:       :PCPN:    SNOW:  WIND      :SUNSHINE: SKY     :PK WND
================================================================================
1   2   3   4   5  6A  6B    7    8   9   10  11  12  13   14  15   16   17  18
                                     12Z  AVG MX 2MIN
DY MAX MIN AVG DEP HDD CDD  WTR  SNW DPTH SPD SPD DIR MIN PSBL S-S WX    SPD DR
================================================================================

 1  61  42  52  -8  13   0    T  0.0    0 15.7 28 270   M    M   7 1      38 260
 2  72  47  60  -1   5   0    T  0.0    0  8.2 17  60   M    M   1 3      21  70
 3  58  46  52  -9  13   0 1.87  0.0    0 15.1 26  80   M    M   9 13     35 100
 4  65  44  55  -6  10   0 0.07  0.0    0 17.5 33 340   M    M   4 1      40 330
 5  71  44  58  -4   7   0 0.00  0.0    0 10.7 26 350   M    M   1        32  10
 6  79  50  65   3   0   0 0.00  0.0    0 10.4 24 280   M    M   0        30 280
 7  80  53  67   5   0   2 0.00  0.0    0  7.8 16 150   M    M   0        21 150
 8  82  58  70   7   0   5 0.00  0.0    0  8.2 17 180   M    M   0        22 180
 9  81  55  68   5   0   3 0.00  0.0    0  7.6 15 240   M    M   1        20 240
10  83  61  72   9   0   7 0.01  0.0    0  8.1 17 190   M    M   5 3      22 190
11  75  60  68   5   0   3 0.95  0.0    0  6.5 21  80   M    M   8 13     25  80
12  73  55  64   0   1   0 0.20  0.0    0 12.3 24  40   M    M   6 1      31  30
13  78  51  65   1   0   0 0.00  0.0    0  4.3 12 160   M    M   0 1      14  30
14  79  53  66   2   0   1 0.00  0.0    0  9.7 20 200   M    M   0        25 200
15  84  59  72   7   0   7 0.00  0.0    0  9.6 15 180   M    M   0        20 180
16  83  62  73   8   0   8 0.00  0.0    0 16.6 26 190   M    M   0        32 180
17  82  65  74   9   0   9 0.03  0.0    0 17.3 38 180   M    M   3 1      48 200
18  87  66  77  12   0  12 0.00  0.0    0 11.8 18 140   M    M   2        24 150
19  79  62  71   5   0   6 1.80  0.0    0 10.8 30 250   M    M   7 13     41 270
20  71  53  62  -4   3   0 0.69  0.0    0 10.1 23 140   M    M   8 13     29 130
21  70  50  60  -6   5   0 0.00  0.0    0  7.2 21 320   M    M   0        25 310
22  74  51  63  -3   2   0 0.00  0.0    0  8.3 17 160   M    M   1        21 190
23  68  55  62  -5   3   0 0.04  0.0    0  7.9 22 340   M    M   7        28 340
24  61  50  56 -11   9   0 0.08  0.0    0  7.5 16 280   M    M   8 1      21 310
25  77  45  61  -6   4   0 0.00  0.0    0 10.2 21 150   M    M   0        26 160
26  83  67  75   7   0  10 0.00  0.0    0 10.3 21 170   M    M   5        26 140
27  85  62  74   6   0   9 1.56  0.0    0  8.1 36 270   M    M   4 135    56 250
28  78  61  70   2   0   5 0.00  0.0    0  7.8 18 320   M    M   4        25 330
29  83  59  71   2   0   6 0.00  0.0    0  7.7 23 270   M    M   0        29 270
================================================================================
SM 2202 1586        75  93  7.30     0.0 293.3          M       91
================================================================================
AV 75.9 54.7                              10.1 FASTST   M    M   3    MAX(MPH)
                                 MISC ---->  # 38 180               # 56  250
================================================================================
NOTES:
# LAST OF SEVERAL OCCURRENCES

COLUMN 17 PEAK WIND IN M.P.H.

PRELIMINARY LOCAL CLIMATOLOGICAL DATA (WS FORM: F-6) , PAGE 2

                                          STATION:  SPRINGFIELD MO
                                          MONTH:    MAY
                                          YEAR:     2017
                                          LATITUDE:   37 13 N
                                          LONGITUDE:  93 23 W

[TEMPERATURE DATA]      [PRECIPITATION DATA]       SYMBOLS USED IN COLUMN 16

AVERAGE MONTHLY: 65.3   TOTAL FOR MONTH:   7.30    1 = FOG OR MIST
DPTR FM NORMAL:   0.8   DPTR FM NORMAL:    2.50    2 = FOG REDUCING VISIBILITY
HIGHEST:    87 ON 18    GRTST 24HR  1.87 ON  3- 3      TO 1/4 MILE OR LESS
LOWEST:     42 ON  1                               3 = THUNDER
                        SNOW, ICE PELLETS, HAIL    4 = ICE PELLETS
                        TOTAL MONTH:   0.0 INCH    5 = HAIL
                        GRTST 24HR     0.0         6 = FREEZING RAIN OR DRIZZLE
                        GRTST DEPTH:   0           7 = DUSTSTORM OR SANDSTORM:
                                                       VSBY 1/2 MILE OR LESS
                                                   8 = SMOKE OR HAZE
[NO. OF DAYS WITH]      [WEATHER - DAYS WITH]      9 = BLOWING SNOW
                                                   X = TORNADO
MAX 32 OR BELOW:   0    0.01 INCH OR MORE:  11
MAX 90 OR ABOVE:   0    0.10 INCH OR MORE:   6
MIN 32 OR BELOW:   0    0.50 INCH OR MORE:   5
MIN  0 OR BELOW:   0    1.00 INCH OR MORE:   3

[HDD (BASE 65) ]
TOTAL THIS MO.    75    CLEAR  (SCALE 0-3)  16
DPTR FM NORMAL   -17    PTCLDY (SCALE 4-7)  12
TOTAL FM JUL 1  3355    CLOUDY (SCALE 8-10)  1
DPTR FM NORMAL -1211

[CDD (BASE 65) ]
TOTAL THIS MO.    93
DPTR FM NORMAL    14    [PRESSURE DATA]
TOTAL FM JAN 1   143    HIGHEST SLP M ON M
DPTR FM NORMAL    39    LOWEST  SLP 29.53 ON 17

[REMARKS]
