000
CXUS54 KHGX 201415
CF6SGR
PRELIMINARY LOCAL CLIMATOLOGICAL DATA (WS FORM: F-6)

                                          STATION:   SUGAR LAND/HULL FLD
                                          MONTH:     JULY
                                          YEAR:      2017
                                          LATITUDE:   29 37 N
                                          LONGITUDE:  95 39 W

  TEMPERATURE IN F:       :PCPN:    SNOW:  WIND      :SUNSHINE: SKY     :PK WND
================================================================================
1   2   3   4   5  6A  6B    7    8   9   10  11  12  13   14  15   16   17  18
                                     12Z  AVG MX 2MIN
DY MAX MIN AVG DEP HDD CDD  WTR  SNW DPTH SPD SPD DIR MIN PSBL S-S WX    SPD DR
================================================================================

 1  94  80  87   4   0  22 0.00  0.0    0  9.0 20 160   M    M   6        24 150
 2  94  78  86   3   0  21 0.00  0.0    0  9.0 18 160   M    M   2        24 170
 3  94  78  86   3   0  21 0.00  0.0    0  8.7 18 170   M    M   1        24 170
 4  95  79  87   4   0  22 0.00  0.0    0  8.8 17 160   M    M   1        23 160
 5  95  75  85   2   0  20    T  0.0    0  7.2 20 160   M    M   2        24 150
 6  96  77  87   4   0  22    T  0.0    0  6.4 17 130   M    M   1        24 140
 7  95  75  85   2   0  20 0.00  0.0    0  4.3 16 170   M    M   1 3      20 190
 8  97  75  86   2   0  21 0.00  0.0    0  5.1 15 210   M    M   1 13     20 230
 9  96  73  85   1   0  20 0.17  0.0    0  6.9 25  30   M    M   3 13     34  40
10  91  74  83  -1   0  18    T  0.0    0  5.5 18 220   M    M   2 3      24 210
11  96  77  87   3   0  22    T  0.0    0  6.6 20 150   M    M   0 3      28 210
12  93  75  84   0   0  19 0.44  0.0    0  6.2 22 160   M    M   1 3      30 170
13  95  75  85   1   0  20 0.00  0.0    0  5.5 17 170   M    M   1        21 170
14  97  75  86   2   0  21 0.00  0.0    0  4.1 18 170   M    M   2        21 150
15  96  74  85   1   0  20 0.88  0.0    0  3.3 31  50   M    M   2 13     37  50
16  94  73  84   0   0  19 0.00  0.0    0  4.9 14 170   M    M   2 1      16 160
17  89  75  82  -2   0  17 0.76  0.0    0  4.4 21  60   M    M   2 13     24  60
18  90  75  83  -1   0  18    T  0.0    0  4.4 13 170   M    M   1 13     16 140
19  95  75  85   1   0  20 0.00  0.0    0  3.5 15  30   M    M   2 3      19  30
================================================================================
SM 1792 1438         0 383  2.25     0.0 113.8          M       33
================================================================================
AV 94.3 75.7                               6.0 FASTST   M    M   2    MAX(MPH)
                                 MISC ---->  # 31  50               # 37   50
================================================================================
NOTES:
# LAST OF SEVERAL OCCURRENCES

COLUMN 17 PEAK WIND IN M.P.H.

PRELIMINARY LOCAL CLIMATOLOGICAL DATA (WS FORM: F-6) , PAGE 2

                                          STATION:  SUGAR LAND/HULL FLD
                                          MONTH:    JULY
                                          YEAR:     2017
                                          LATITUDE:   29 37 N
                                          LONGITUDE:  95 39 W

[TEMPERATURE DATA]      [PRECIPITATION DATA]       SYMBOLS USED IN COLUMN 16

AVERAGE MONTHLY: 85.0   TOTAL FOR MONTH:   2.25    1 = FOG OR MIST
DPTR FM NORMAL:   1.4   DPTR FM NORMAL:   -0.50    2 = FOG REDUCING VISIBILITY
HIGHEST:    97 ON 14, 8 GRTST 24HR  0.88 ON 15-15      TO 1/4 MILE OR LESS
LOWEST:     73 ON 16, 9                            3 = THUNDER
                        SNOW, ICE PELLETS, HAIL    4 = ICE PELLETS
                        TOTAL MONTH:   0.0 INCH    5 = HAIL
                        GRTST 24HR     0.0         6 = FREEZING RAIN OR DRIZZLE
                        GRTST DEPTH:   0           7 = DUSTSTORM OR SANDSTORM:
                                                       VSBY 1/2 MILE OR LESS
                                                   8 = SMOKE OR HAZE
[NO. OF DAYS WITH]      [WEATHER - DAYS WITH]      9 = BLOWING SNOW
                                                   X = TORNADO
MAX 32 OR BELOW:   0    0.01 INCH OR MORE:   4
MAX 90 OR ABOVE:  18    0.10 INCH OR MORE:   4
MIN 32 OR BELOW:   0    0.50 INCH OR MORE:   2
MIN  0 OR BELOW:   0    1.00 INCH OR MORE:   0

[HDD (BASE 65) ]
TOTAL THIS MO.     0    CLEAR  (SCALE 0-3)  18
DPTR FM NORMAL     0    PTCLDY (SCALE 4-7)   1
TOTAL FM JUL 1     0    CLOUDY (SCALE 8-10)  0
DPTR FM NORMAL     0

[CDD (BASE 65) ]
TOTAL THIS MO.   383
DPTR FM NORMAL    30    [PRESSURE DATA]
TOTAL FM JAN 1  1883    HIGHEST SLP M ON M
DPTR FM NORMAL   438    LOWEST  SLP 29.86 ON 16

[REMARKS]
