000
CXUS54 KHGX 301415
CF6SGR
PRELIMINARY LOCAL CLIMATOLOGICAL DATA (WS FORM: F-6)

                                          STATION:   SUGARLAND/HULL FLD
                                          MONTH:     JANUARY
                                          YEAR:      2015
                                          LATITUDE:   29 37 N
                                          LONGITUDE:  95 39 W

  TEMPERATURE IN F:       :PCPN:    SNOW:  WIND      :SUNSHINE: SKY     :PK WND
================================================================================
1   2   3   4   5  6A  6B    7    8   9   10  11  12  13   14  15   16   17  18
                                     12Z  AVG MX 2MIN
DY MAX MIN AVG DEP HDD CDD  WTR  SNW DPTH SPD SPD DIR MIN PSBL S-S WX    SPD DR
================================================================================

 1  47  42  45  -7  20   0 0.06    M    0 10.4 17  50   M    M  10 1      22  40
 2  53  47  50  -2  15   0 0.42  0.0    0  5.9 14  20   M    M  10 13     15  20
 3  53  38  46  -6  19   0 0.45  0.0    0  4.3 17 290   M    M   6 13     21 290
 4  55  37  46  -6  19   0 0.00  0.0    0 10.9 22 350   M    M   0 1      28 360
 5  53  32  43  -9  22   0 0.00  0.0    0  5.8 16  10   M    M   0        20 360
 6  64  33  49  -3  16   0 0.00  0.0    0  0.8  7 140   M    M   0        12 220
 7  60  40  50  -2  15   0 0.00  0.0    0 11.5 29  30   M    M   6 1      35  40
 8  46  28  37 -15  28   0    T  0.0    0  6.5 21  30   M    M   1        24  30
 9  43  37  40 -12  25   0 0.10  0.0    0 10.8 18  20   M    M  10 18     23  50
10  42  37  40 -12  25   0 0.11    M    0 10.6 18  40   M    M  10        22  40
11  47  40  44  -8  21   0 0.87    M    0  6.2 20 260   M    M  10 13     29  30
12  49  42  46  -6  19   0 0.00  0.0    0  9.9 20  10   M    M  10 1      23 360
13  46  43  45  -7  20   0    T  0.0    0 10.2 17  20   M    M  10 1      22  10
14  45  42  44  -8  21   0    T  0.0    0  8.8 14  20   M    M  10        18  20
15  54  36  45  -7  20   0 0.01  0.0    0  7.5 16  10   M    M   5 1      21 360
16  60  30  45  -7  20   0 0.00  0.0    0  1.2  8 180   M    M   0 1       9 150
17  68  38  53   1  12   0 0.00  0.0    0  5.4 18 230   M    M   2 18     23 230
18  69  40  55   3  10   0 0.00  0.0    0  5.0 13 360   M    M   0        17  10
19  73  36  55   3  10   0 0.00  0.0    0  6.0 16 210   M    M   0 12     23 180
20  76  48  62  10   3   0 0.00  0.0    0  3.6 12 150   M    M   5 12     14 150
21  64  55  60   8   5   0 0.01  0.0    0  7.2 16 100   M    M   9 128    25  90
22  63  45  54   2  11   0 1.16    M    0 15.7 29  20   M    M  10 1      39  30
23  45  37  41 -11  24   0 0.03    M    0 11.3 22  10   M    M   8 1      28 330
24  62  33  48  -5  17   0 0.00  0.0    0  6.5 15 250   M    M   0 1      21 230
25  70  39  55   2  10   0 0.00  0.0    0  7.9 18 310   M    M   0        25 310
26  69  38  54   1  11   0 0.00  0.0    0  5.9 12 300   M    M   0        15 280
27  78  46  62   9   3   0 0.00  0.0    0  4.9 13 290   M    M   0 8      18 290
28  79  46  63  10   2   0 0.00  0.0    0  4.8 16 180   M    M   0 1      19 190
29  76  52  64  11   1   0 0.00  0.0    0  4.2 14  20   M    M   5 12     18  10
================================================================================
SM 1709 1157       444   0  3.22     0.0 209.7          M      137
================================================================================
AV 58.9 39.9                               7.2 FASTST   M    M   5    MAX(MPH)
                                 MISC ---->  # 29  30               # 39   30
================================================================================
NOTES:
# LAST OF SEVERAL OCCURRENCES

COLUMN 17 PEAK WIND IN M.P.H.

PRELIMINARY LOCAL CLIMATOLOGICAL DATA (WS FORM: F-6) , PAGE 2

                                          STATION:  SUGARLAND/HULL FLD
                                          MONTH:    JANUARY
                                          YEAR:     2015
                                          LATITUDE:   29 37 N
                                          LONGITUDE:  95 39 W

[TEMPERATURE DATA]      [PRECIPITATION DATA]       SYMBOLS USED IN COLUMN 16

AVERAGE MONTHLY: 49.4   TOTAL FOR MONTH:   3.22    1 = FOG OR MIST
DPTR FM NORMAL:  -2.8   DPTR FM NORMAL:   -0.11    2 = FOG REDUCING VISIBILITY
HIGHEST:    79 ON 28    GRTST 24HR  1.19 ON 22-23      TO 1/4 MILE OR LESS
LOWEST:     28 ON  8                               3 = THUNDER
                        SNOW, ICE PELLETS, HAIL    4 = ICE PELLETS
                        TOTAL MONTH:   0.0 INCH    5 = HAIL
                        GRTST 24HR     0.0         6 = FREEZING RAIN OR DRIZZLE
                        GRTST DEPTH:   0           7 = DUSTSTORM OR SANDSTORM:
                                                       VSBY 1/2 MILE OR LESS
                                                   8 = SMOKE OR HAZE
[NO. OF DAYS WITH]      [WEATHER - DAYS WITH]      9 = BLOWING SNOW
                                                   X = TORNADO
MAX 32 OR BELOW:   0    0.01 INCH OR MORE:  10
MAX 90 OR ABOVE:   0    0.10 INCH OR MORE:   6
MIN 32 OR BELOW:   3    0.50 INCH OR MORE:   2
MIN  0 OR BELOW:   0    1.00 INCH OR MORE:   1

[HDD (BASE 65) ]
TOTAL THIS MO.   444    CLEAR  (SCALE 0-3)  13
DPTR FM NORMAL    63    PTCLDY (SCALE 4-7)   6
TOTAL FM JUL 1   898    CLOUDY (SCALE 8-10) 10
DPTR FM NORMAL   -30

[CDD (BASE 65) ]
TOTAL THIS MO.     0
DPTR FM NORMAL    -9    [PRESSURE DATA]
TOTAL FM JAN 1     0    HIGHEST SLP M ON M
DPTR FM NORMAL    -9    LOWEST  SLP 29.88 ON  3

[REMARKS]
