000
CXUS54 KHGX 301415
CF6SGR
PRELIMINARY LOCAL CLIMATOLOGICAL DATA (WS FORM: F-6)

                                          STATION:   SUGAR LAND/HULL FLD
                                          MONTH:     JUNE
                                          YEAR:      2016
                                          LATITUDE:   29 37 N
                                          LONGITUDE:  95 39 W

  TEMPERATURE IN F:       :PCPN:    SNOW:  WIND      :SUNSHINE: SKY     :PK WND
================================================================================
1   2   3   4   5  6A  6B    7    8   9   10  11  12  13   14  15   16   17  18
                                     12Z  AVG MX 2MIN
DY MAX MIN AVG DEP HDD CDD  WTR  SNW DPTH SPD SPD DIR MIN PSBL S-S WX    SPD DR
================================================================================

 1  87  74  81   1   0  16 0.06  0.0    0  7.0 28 170   M    M   5 138    33 160
 2  82  70  76  -4   0  11 1.50  0.0    0  6.9 23 230   M    M   6 13     30 230
 3  82  70  76  -4   0  11 0.23  0.0    0  4.6 16 280   M    M   4 13     20 270
 4  82  69  76  -4   0  11 0.48  0.0    0  7.5 16  20   M    M   7 13     20  70
 5  84  70  77  -3   0  12 0.33  0.0    0  8.2 20  20   M    M   7 138    27  20
 6  89  72  81   1   0  16    T  0.0    0  4.9 13 360   M    M   6        17  10
 7  89  71  80  -1   0  15 0.00  0.0    0  4.9 13 160   M    M   4        16  60
 8  90  71  81   0   0  16 0.00  0.0    0  4.9 13 130   M    M   1 1      19  80
 9  89  71  80  -1   0  15    T  0.0    0  5.2 16 130   M    M   1 3      22  90
10  90  71  81   0   0  16    T  0.0    0  6.6 16 160   M    M   3        23 120
11  92  75  84   3   0  19    T  0.0    0  8.3 18 150   M    M   2        26 170
12  87  72  80  -1   0  15 1.43  0.0    0  4.9 22 290   M    M   5 13     26 190
13  92  77  85   4   0  20 0.00  0.0    0  8.4 17 180   M    M   3        22 200
14  91  77  84   2   0  19 0.00  0.0    0  9.3 18 180   M    M   1        28 200
15  94  78  86   4   0  21 0.00  0.0    0  9.8 20 180   M    M   3        25 180
16  94  77  86   4   0  21 0.00  0.0    0  7.5 15 160   M    M   2        19 150
17  94  75  85   3   0  20 0.00  0.0    0  6.9 15 160   M    M   2 1      18 150
18  95  75  85   3   0  20    T  0.0    0  4.7 26 150   M    M   3 13     38 140
19  91  75  83   1   0  18 0.00  0.0    0  5.8 16 140   M    M   3 3      21 160
20  94  74  84   2   0  19 0.29  0.0    0  3.1 22 330   M    M   2 13     26 330
21  90  74  82   0   0  17 0.31  0.0    0  2.8 16 150   M    M   3 13     19 150
22  89  74  82   0   0  17    T  0.0    0  7.7 22 150   M    M   3        27 160
23  91  71  81  -2   0  16 0.00  0.0    0  6.9 18 170   M    M   2        24 160
24  91  72  82  -1   0  17 0.04  0.0    0  6.5 24 170   M    M   2 13     28 170
25  92  77  85   2   0  20 0.01  0.0    0  8.4 20 180   M    M   2 3      23 230
26  92  74  83   0   0  18 0.00  0.0    0  4.6 15 140   M    M   2 3      19 140
27  95  74  85   2   0  20 0.00  0.0    0  2.3 16  40   M    M   1 3      20 120
28  94  74  84   1   0  19 0.16  0.0    0  4.4 35  10   M    M   1 13     43  10
29  93  72  83   0   0  18 0.01  0.0    0  3.8 20 100   M    M   3 13     27  90
================================================================================
SM 2615 2126         0 493  4.85     0.0 176.8          M       89
================================================================================
AV 90.2 73.3                               6.1 FASTST   M    M   3    MAX(MPH)
                                 MISC ---->  # 35  10               # 43   10
================================================================================
NOTES:
# LAST OF SEVERAL OCCURRENCES

COLUMN 17 PEAK WIND IN M.P.H.

PRELIMINARY LOCAL CLIMATOLOGICAL DATA (WS FORM: F-6) , PAGE 2

                                          STATION:  SUGAR LAND/HULL FLD
                                          MONTH:    JUNE
                                          YEAR:     2016
                                          LATITUDE:   29 37 N
                                          LONGITUDE:  95 39 W

[TEMPERATURE DATA]      [PRECIPITATION DATA]       SYMBOLS USED IN COLUMN 16

AVERAGE MONTHLY: 81.7   TOTAL FOR MONTH:   4.85    1 = FOG OR MIST
DPTR FM NORMAL:   0.2   DPTR FM NORMAL:    0.02    2 = FOG REDUCING VISIBILITY
HIGHEST:    95 ON 27,18 GRTST 24HR  1.50 ON  2- 2      TO 1/4 MILE OR LESS
LOWEST:     69 ON  4                               3 = THUNDER
                        SNOW, ICE PELLETS, HAIL    4 = ICE PELLETS
                        TOTAL MONTH:   0.0 INCH    5 = HAIL
                        GRTST 24HR     0.0         6 = FREEZING RAIN OR DRIZZLE
                        GRTST DEPTH:   0           7 = DUSTSTORM OR SANDSTORM:
                                                       VSBY 1/2 MILE OR LESS
                                                   8 = SMOKE OR HAZE
[NO. OF DAYS WITH]      [WEATHER - DAYS WITH]      9 = BLOWING SNOW
                                                   X = TORNADO
MAX 32 OR BELOW:   0    0.01 INCH OR MORE:  12
MAX 90 OR ABOVE:  19    0.10 INCH OR MORE:   8
MIN 32 OR BELOW:   0    0.50 INCH OR MORE:   2
MIN  0 OR BELOW:   0    1.00 INCH OR MORE:   2

[HDD (BASE 65) ]
TOTAL THIS MO.     0    CLEAR  (SCALE 0-3)  20
DPTR FM NORMAL     0    PTCLDY (SCALE 4-7)   9
TOTAL FM JUL 1   940    CLOUDY (SCALE 8-10)  0
DPTR FM NORMAL  -480

[CDD (BASE 65) ]
TOTAL THIS MO.   493
DPTR FM NORMAL    12    [PRESSURE DATA]
TOTAL FM JAN 1  1131    HIGHEST SLP M ON M
DPTR FM NORMAL    56    LOWEST  SLP 29.78 ON  6

[REMARKS]
