000
CXUS54 KLZK 191330
CF6SGT
PRELIMINARY LOCAL CLIMATOLOGICAL DATA (WS FORM: F-6)

                                          STATION:   Stuttgart Airport
                                          MONTH:     AUGUST
                                          YEAR:      2014
                                          LATITUDE:   34 35 N
                                          LONGITUDE:  91 34 W

  TEMPERATURE IN F:       :PCPN:    SNOW:  WIND      :SUNSHINE: SKY     :PK WND
================================================================================
1   2   3   4   5  6A  6B    7    8   9   10  11  12  13   14  15   16   17  18
                                     12Z  AVG MX 2MIN
DY MAX MIN AVG DEP HDD CDD  WTR  SNW DPTH SPD SPD DIR MIN PSBL S-S WX    SPD DR
================================================================================

 1  81  68  75  -7   0  10 0.02  0.0    0  6.6 14  50   M    M   9         M  M
 2  88  70  79  -2   0  14 0.00  0.0    0  7.1 10  20   M    M   5         M  M
 3  88  70  79  -2   0  14 0.00  0.0    0  7.6 12  40   M    M   0         M  M
 4  88  66  77  -4   0  12 0.00  0.0    0  6.2  9 350   M    M   0         M  M
 5  93  66  80  -1   0  15 0.00  0.0    0  3.0  7 270   M    M   0         M  M
 6  93  72  83   2   0  18 0.00  0.0    0  5.5  9 260   M    M   0         M  M
 7  91  75  83   2   0  18 0.14  0.0    0  7.8 13 230   M    M   1 3       M  M
 8  86  73  80  -1   0  15 1.17  0.0    0  8.5 15 200   M    M   3 3      17 250
 9  88  72  80  -1   0  15 0.61  0.0    0  7.8 17 250   M    M   3 3      23 250
10  91  72  82   1   0  17 0.00  0.0    0  5.8 12 270   M    M   1         M  M
11  90  75  83   2   0  18 0.02  0.0    0  7.2 14 310   M    M   2 3       M  M
12  84  70  77  -4   0  12 0.00  0.0    0  7.4 13 350   M    M   2         M  M
13  84  64  74  -7   0   9 0.00  0.0    0  4.7 12  80   M    M   1         M  M
14  86  64  75  -6   0  10 0.00  0.0    0  3.1  7 150   M    M   0         M  M
15  88  66  77  -4   0  12 0.00  0.0    0  3.3  6 150   M    M   2         M  M
16  93  70  82   1   0  17 0.00  0.0    0  7.9 12 170   M    M   2         M  M
17  95  77  86   5   0  21 0.00  0.0    0  8.6 14 240   M    M   2 3       M  M
18  88  72  80  -1   0  15 1.24  0.0    0  9.4 15 170   M    M   6 3      18 240
================================================================================
SM 1595 1262         0 262  3.20     0.0 117.5          M       39
================================================================================
AV 88.6 70.1                               6.5 FASTST   M    M   2    MAX(MPH)
                                 MISC ---->    17   M               # 23  250
================================================================================
NOTES:
# LAST OF SEVERAL OCCURRENCES

COLUMN 17 PEAK WIND IN M.P.H.

PRELIMINARY LOCAL CLIMATOLOGICAL DATA (WS FORM: F-6) , PAGE 2

                                          STATION:  Stuttgart Airport
                                          MONTH:    AUGUST
                                          YEAR:     2014
                                          LATITUDE:   34 35 N
                                          LONGITUDE:  91 34 W

[TEMPERATURE DATA]      [PRECIPITATION DATA]       SYMBOLS USED IN COLUMN 16

AVERAGE MONTHLY: 79.4   TOTAL FOR MONTH:   3.20    1 = FOG OR MIST
DPTR FM NORMAL:  -1.7   DPTR FM NORMAL:    1.87    2 = FOG REDUCING VISIBILITY
HIGHEST:    95 ON 17    GRTST 24HR  1.24 ON 18-18      TO 1/4 MILE OR LESS
LOWEST:     64 ON 14,13                            3 = THUNDER
                        SNOW, ICE PELLETS, HAIL    4 = ICE PELLETS
                        TOTAL MONTH:   0.0 INCH    5 = HAIL
                        GRTST 24HR     0.0         6 = FREEZING RAIN OR DRIZZLE
                        GRTST DEPTH:   0           7 = DUSTSTORM OR SANDSTORM:
                                                       VSBY 1/2 MILE OR LESS
                                                   8 = SMOKE OR HAZE
[NO. OF DAYS WITH]      [WEATHER - DAYS WITH]      9 = BLOWING SNOW
                                                   X = TORNADO
MAX 32 OR BELOW:   0    0.01 INCH OR MORE:   6
MAX 90 OR ABOVE:   7    0.10 INCH OR MORE:   4
MIN 32 OR BELOW:   0    0.50 INCH OR MORE:   3
MIN  0 OR BELOW:   0    1.00 INCH OR MORE:   2

[HDD (BASE 65) ]
TOTAL THIS MO.     0    CLEAR  (SCALE 0-3)  15
DPTR FM NORMAL     0    PTCLDY (SCALE 4-7)   2
TOTAL FM JUL 1     0    CLOUDY (SCALE 8-10)  1
DPTR FM NORMAL     0

[CDD (BASE 65) ]
TOTAL THIS MO.   262
DPTR FM NORMAL   -26    [PRESSURE DATA]
TOTAL FM JAN 1  1206    HIGHEST SLP M ON M
DPTR FM NORMAL  -280    LOWEST  SLP M ON M

[REMARKS]
