000
CXUS54 KLZK 281330
CF6SGT
PRELIMINARY LOCAL CLIMATOLOGICAL DATA (WS FORM: F-6)

                                          STATION:   Stuttgart Airport
                                          MONTH:     JULY
                                          YEAR:      2014
                                          LATITUDE:   34 35 N
                                          LONGITUDE:  91 34 W

  TEMPERATURE IN F:       :PCPN:    SNOW:  WIND      :SUNSHINE: SKY     :PK WND
================================================================================
1   2   3   4   5  6A  6B    7    8   9   10  11  12  13   14  15   16   17  18
                                     12Z  AVG MX 2MIN
DY MAX MIN AVG DEP HDD CDD  WTR  SNW DPTH SPD SPD DIR MIN PSBL S-S WX    SPD DR
================================================================================

 1  91  72  82   1   0  17 0.00  0.0    0 11.1 17 240   M    M   0        22 230
 2  72  72  72  -9   0   7 0.01  0.0    M  6.9  8  60   M    M   5 3       M  M
 3   M   M   M   M   M   M    M    M    M   M   M   M   M    M   M         M  M
 4   M   M   M   M   M   M    M    M    M   M   M   M   M    M   M         M  M
 5   M   M   M   M   M   M    M    M    M   M   M   M   M    M   M         M  M
 6   M   M   M   M   M   M    M    M    M   M   M   M   M    M   M         M  M
 7  81  79  80  -2   0  15 0.00  0.0    M  9.2  9 220   M    M   0         M  M
 8   M   M   M   M   M   M    M    M    M   M   M   M   M    M   M         M  M
 9   M   M   M   M   M   M    M    M    M   M   M   M   M    M   M         M  M
10   M   M   M   M   M   M    M    M    M   M   M   M   M    M   M         M  M
11   M   M   M   M   M   M    M    M    M   M   M   M   M    M   M         M  M
12   M   M   M   M   M   M    M    M    M   M   M   M   M    M   M         M  M
13   M   M   M   M   M   M    M    M    M   M   M   M   M    M   M         M  M
14   M   M   M   M   M   M    M    M    M   M   M   M   M    M   M         M  M
15  81  68  75  -7   0  10 0.00  0.0    M  8.8 14  20   M    M   1        18  20
16  81  63  72 -10   0   7 0.00  0.0    0  5.0  9  70   M    M   1         M  M
17  73  63  68 -14   0   3 0.18  0.0    0  5.4  8  70   M    M   9         M  M
18  66  63  65 -17   0   0 0.41  0.0    0 11.8 16  50   M    M  10        18  40
19  77  66  72 -10   0   7 0.00  0.0    0  5.5  9 360   M    M   8         M  M
20  82  64  73  -9   0   8 0.00  0.0    0  2.3  7 350   M    M   4         M  M
21  84  66  75  -7   0  10 0.00  0.0    0  2.4  6 310   M    M   1         M  M
22  90  66  78  -4   0  13 0.00  0.0    0  3.2  6 130   M    M   2         M  M
23  91  70  81  -1   0  16 0.21  0.0    0  4.5 10 180   M    M   1 3       M  M
24  82  68  75  -7   0  10 0.00  0.0    0  7.3 10  30   M    M   3         M  M
25  88  63  76  -6   0  11 0.00  0.0    0  3.8  7 160   M    M   0         M  M
26  93  73  83   1   0  18 0.00  0.0    0  8.9 16 230   M    M   0        17 240
27  97  75  86   4   0  21 0.00  0.0    0  9.2 14 230   M    M   0         M  M
================================================================================
SM 1329 1091         0 173  0.81     0.0 105.3          M       45
================================================================================
AV 83.1 68.2                               6.6 FASTST   M    M   3    MAX(MPH)
                                 MISC ---->    17   M                 22    M
================================================================================
NOTES:
# LAST OF SEVERAL OCCURRENCES

COLUMN 17 PEAK WIND IN M.P.H.

PRELIMINARY LOCAL CLIMATOLOGICAL DATA (WS FORM: F-6) , PAGE 2

                                          STATION:  Stuttgart Airport
                                          MONTH:    JULY
                                          YEAR:     2014
                                          LATITUDE:   34 35 N
                                          LONGITUDE:  91 34 W

[TEMPERATURE DATA]      [PRECIPITATION DATA]       SYMBOLS USED IN COLUMN 16

AVERAGE MONTHLY: 75.6   TOTAL FOR MONTH:   0.81    1 = FOG OR MIST
DPTR FM NORMAL:  -6.3   DPTR FM NORMAL:   -2.41    2 = FOG REDUCING VISIBILITY
HIGHEST:    97 ON 27    GRTST 24HR  0.41 ON 18-18      TO 1/4 MILE OR LESS
LOWEST:     63 ON 25,18                            3 = THUNDER
                        SNOW, ICE PELLETS, HAIL    4 = ICE PELLETS
                        TOTAL MONTH:   0.0 INCH    5 = HAIL
                        GRTST 24HR     0.0         6 = FREEZING RAIN OR DRIZZLE
                        GRTST DEPTH:   0           7 = DUSTSTORM OR SANDSTORM:
                                                       VSBY 1/2 MILE OR LESS
                                                   8 = SMOKE OR HAZE
[NO. OF DAYS WITH]      [WEATHER - DAYS WITH]      9 = BLOWING SNOW
                                                   X = TORNADO
MAX 32 OR BELOW:   0    0.01 INCH OR MORE:   4
MAX 90 OR ABOVE:   5    0.10 INCH OR MORE:   3
MIN 32 OR BELOW:   0    0.50 INCH OR MORE:   0
MIN  0 OR BELOW:   0    1.00 INCH OR MORE:   0

[HDD (BASE 65) ]
TOTAL THIS MO.     0    CLEAR  (SCALE 0-3)  11
DPTR FM NORMAL     0    PTCLDY (SCALE 4-7)   2
TOTAL FM JUL 1     0    CLOUDY (SCALE 8-10)  3
DPTR FM NORMAL     0

[CDD (BASE 65) ]
TOTAL THIS MO.   173
DPTR FM NORMAL  -282    [PRESSURE DATA]
TOTAL FM JAN 1   905    HIGHEST SLP M ON M
DPTR FM NORMAL  -227    LOWEST  SLP M ON M

[REMARKS]
