000
CXUS54 KLZK 301130
CF6SGT
PRELIMINARY LOCAL CLIMATOLOGICAL DATA (WS FORM: F-6)

                                          STATION:   Stuttgart Airport
                                          MONTH:     APRIL
                                          YEAR:      2017
                                          LATITUDE:   34 35 N
                                          LONGITUDE:  91 34 W

  TEMPERATURE IN F:       :PCPN:    SNOW:  WIND      :SUNSHINE: SKY     :PK WND
================================================================================
1   2   3   4   5  6A  6B    7    8   9   10  11  12  13   14  15   16   17  18
                                     12Z  AVG MX 2MIN
DY MAX MIN AVG DEP HDD CDD  WTR  SNW DPTH SPD SPD DIR MIN PSBL S-S WX    SPD DR
================================================================================

 1  73  52  63   6   2   0 0.00    M    M 11.9 16  60   M    M   7        17  50
 2  73  54  64   6   1   0 0.92    M    M 11.7 21 100   M    M   5 3      27 100
 3  75  59  67   9   0   2 0.01    M    M 15.9 28 230   M    M   5        38 230
 4  82  55  69  11   0   4 0.00    M    M  9.2 16 150   M    M   0        22 180
 5  70  52  61   3   4   0 0.00    M    M 17.1 30 250   M    M   5        43 250
 6  66  45  56  -3   9   0 0.00    M    M 13.3 20 290   M    M   1        27 290
 7  66  43  55  -4  10   0 0.00    M    M  6.8 12 310   M    M   0         M  M
 8  81  48  65   6   0   0 0.00    M    M 11.3 16 190   M    M   0        22 160
 9  82  61  72  12   0   7 0.00    M    M 17.5 25 190   M    M   0        29 190
10  79  63  71  11   0   6 0.28    M    M 14.7 24 130   M    M   6 13     29 130
11  70  59  65   5   0   0 0.00    M    M  5.8 12 270   M    M   6         M  M
12  75  54  65   4   0   0 0.00    M    M  5.8 12  90   M    M   2         M  M
13  82  57  70   9   0   5 0.00    M    M  3.6  8 180   M    M   2         M  M
14  84  64  74  13   0   9 0.00    M    M  6.7 14 160   M    M   4        22 160
15  82  63  73  11   0   8 0.00    M    M 10.8 17 180   M    M   3        18 150
16  81  64  73  11   0   8 0.00    M    M  9.8 13 170   M    M   3        16 210
17  75  64  70   8   0   5 0.01  0.0    0  7.9 15 290   M    M   6         M  M
18  79  64  72  10   0   7 0.91  0.0    0  5.0 12 190   M    M   5         M  M
19  84  64  74  11   0   9 0.00  0.0    0  7.6 16 190   M    M   1        22 160
20  84  66  75  12   0  10 0.00  0.0    0  9.7 15 200   M    M   3         M  M
21  72  61  67   4   0   2 1.50  0.0    0 10.0 23 360   M    M   7 3      28 360
22  61  52  57  -7   8   0 0.52  0.0    0 13.8 20 360   M    M   9 3      23  10
23  70  48  59  -5   6   0 0.00  0.0    0 12.4 17 330   M    M   2        23 340
24  75  48  62  -2   3   0 0.00  0.0    0  6.4 10 350   M    M   0         M  M
25  82  55  69   4   0   4 0.00  0.0    0 14.1 24 160   M    M   1        30 160
26  79  54  67   2   0   2 1.64  0.0    0 15.3 25 150   M    M  10 3      32 150
27  68  48  58  -7   7   0 0.00  0.0    0  7.7 18 280   M    M   2        23 280
28  86  57  72   6   0   7 0.00  0.0    0 11.9 20 160   M    M   6        25 160
29  88  68  78  12   0  13 0.09  0.0    0 20.8 27 160   M    M   8 3      36 160
================================================================================
SM 2224 1642        50 108  5.88     0.0 314.5          M      109
================================================================================
AV 76.7 56.6                              10.8 FASTST   M    M   4    MAX(MPH)
                                 MISC ---->  # 30 250               # 43  250
================================================================================
NOTES:
# LAST OF SEVERAL OCCURRENCES

COLUMN 17 PEAK WIND IN M.P.H.

PRELIMINARY LOCAL CLIMATOLOGICAL DATA (WS FORM: F-6) , PAGE 2

                                          STATION:  Stuttgart Airport
                                          MONTH:    APRIL
                                          YEAR:     2017
                                          LATITUDE:   34 35 N
                                          LONGITUDE:  91 34 W

[TEMPERATURE DATA]      [PRECIPITATION DATA]       SYMBOLS USED IN COLUMN 16

AVERAGE MONTHLY: 66.7   TOTAL FOR MONTH:   5.88    1 = FOG OR MIST
DPTR FM NORMAL:   5.1   DPTR FM NORMAL:    1.07    2 = FOG REDUCING VISIBILITY
HIGHEST:    88 ON 29    GRTST 24HR  1.64 ON 26-26      TO 1/4 MILE OR LESS
LOWEST:     43 ON  7                               3 = THUNDER
                        SNOW, ICE PELLETS, HAIL    4 = ICE PELLETS
                        TOTAL MONTH:   0.0 INCH    5 = HAIL
                        GRTST 24HR     0.0         6 = FREEZING RAIN OR DRIZZLE
                        GRTST DEPTH:   0           7 = DUSTSTORM OR SANDSTORM:
                                                       VSBY 1/2 MILE OR LESS
                                                   8 = SMOKE OR HAZE
[NO. OF DAYS WITH]      [WEATHER - DAYS WITH]      9 = BLOWING SNOW
                                                   X = TORNADO
MAX 32 OR BELOW:   0    0.01 INCH OR MORE:   9
MAX 90 OR ABOVE:   0    0.10 INCH OR MORE:   6
MIN 32 OR BELOW:   0    0.50 INCH OR MORE:   5
MIN  0 OR BELOW:   0    1.00 INCH OR MORE:   2

[HDD (BASE 65) ]
TOTAL THIS MO.    50    CLEAR  (SCALE 0-3)  14
DPTR FM NORMAL  -105    PTCLDY (SCALE 4-7)  12
TOTAL FM JUL 1  1947    CLOUDY (SCALE 8-10)  3
DPTR FM NORMAL -1214

[CDD (BASE 65) ]
TOTAL THIS MO.   108
DPTR FM NORMAL    55    [PRESSURE DATA]
TOTAL FM JAN 1   163    HIGHEST SLP M ON M
DPTR FM NORMAL   103    LOWEST  SLP M ON M

[REMARKS]
