000
CXUS55 KBYZ 291055
CF6SHR
PRELIMINARY LOCAL CLIMATOLOGICAL DATA (WS FORM: F-6)

                                          STATION:   SHERIDAN WY
                                          MONTH:     MAY
                                          YEAR:      2016
                                          LATITUDE:   44 46 N
                                          LONGITUDE: 106 58 W

  TEMPERATURE IN F:       :PCPN:    SNOW:  WIND      :SUNSHINE: SKY     :PK WND
================================================================================
1   2   3   4   5  6A  6B    7    8   9   10  11  12  13   14  15   16   17  18
                                     12Z  AVG MX 2MIN
DY MAX MIN AVG DEP HDD CDD  WTR  SNW DPTH SPD SPD DIR MIN PSBL S-S WX    SPD DR
================================================================================

 1  61  33  47  -1  18   0 0.00    M    M  2.9 12 130   M    M   3        19  90
 2  67  31  49   1  16   0 0.00    M    M  6.5 23 330   M    M   0        26 320
 3  74  35  55   6  10   0 0.00    M    M  2.8 12  50   M    M   0        14  60
 4  82  37  60  11   5   0 0.00    M    M  3.6 12 120   M    M   0        16 120
 5  85  41  63  14   2   0 0.00    M    M  2.7 10 210   M    M   0        12 210
 6  65  45  55   5  10   0 0.00    M    M 11.5 33 310   M    M   5 8      42 310
 7  61  43  52   2  13   0 0.00    M    M  3.6 12  90   M    M  10        15  90
 8  67  38  53   3  12   0 0.00    M    M  8.8 22 150   M    M   1 1      29 140
 9  62  36  49  -1  16   0 0.10    M    M 14.1 30 300   M    M   4 1      37 320
10  48  37  43  -8  22   0 0.14    M    M 25.0 44 320   M    M   7        53 310
11  55  32  44  -7  21   0 0.00    M    M 20.3 35 310   M    M   7        44 310
12  72  28  50  -1  15   0    T    M    M  7.0 36 300   M    M   1        43 300
13  46  33  40 -12  25   0 0.16    M    M  7.5 23 300   M    M  10 1      27 300
14  54  36  45  -7  20   0 0.00    M    M  3.7 10 110   M    M   8        13 120
15  60  34  47  -5  18   0    T    M    M  9.9 23 130   M    M   6        29 120
16  63  39  51  -1  14   0 0.20    M    M  4.1 13  90   M    M   5 1      17  60
17  64  35  50  -3  15   0 0.00    M    M 17.1 33 150   M    M   0        43 130
18  75  32  54   1  11   0 0.00    M    M  3.1  9 220   M    M   1        12 220
19  78  41  60   7   5   0 0.00    M    M  6.5 26 300   M    M   0        34 300
20  77  49  63   9   2   0 0.02    M    M  3.1 14 140   M    M   1 3      19 140
21  84  49  67  13   0   2 0.00    M    M 12.5 43 200   M    M   1 3      57 160
22  71  40  56   2   9   0    T    M    M 12.4 30 230   M    M   2        36 220
23  70  35  53  -1  12   0 0.00    M    M  6.0 17 360   M    M   3        24 300
24  71  32  52  -3  13   0 0.19    M    M  7.7 30 310   M    M   3 13     39 310
25  64  41  53  -2  12   0 0.11    M    M  5.8 24 280   M    M   6 13     31 290
26  68  44  56   1   9   0 0.05    M    M  8.9 26 320   M    M   6        32 300
27  69  38  54  -2  11   0 0.00    M    M  5.1 28 310   M    M   4        33 310
28  68  45  57   1   8   0    T    M    M  5.5 17 330   M    M   6        21 330
================================================================================
SM 1881 1059       344   2  0.97    M    227.7          M      100
================================================================================
AV 67.2 37.8                               8.1 FASTST   M    M   4    MAX(MPH)
                                 MISC ---->  # 44 320               # 57  160
================================================================================
NOTES:
# LAST OF SEVERAL OCCURRENCES

COLUMN 17 PEAK WIND IN M.P.H.

PRELIMINARY LOCAL CLIMATOLOGICAL DATA (WS FORM: F-6) , PAGE 2

                                          STATION:  SHERIDAN WY
                                          MONTH:    MAY
                                          YEAR:     2016
                                          LATITUDE:   44 46 N
                                          LONGITUDE: 106 58 W

[TEMPERATURE DATA]      [PRECIPITATION DATA]       SYMBOLS USED IN COLUMN 16

AVERAGE MONTHLY: 52.5   TOTAL FOR MONTH:   0.97    1 = FOG OR MIST
DPTR FM NORMAL:   0.5   DPTR FM NORMAL:   -1.15    2 = FOG REDUCING VISIBILITY
HIGHEST:    85 ON  5    GRTST 24HR  0.30 ON 24-25      TO 1/4 MILE OR LESS
LOWEST:     28 ON 12                               3 = THUNDER
                        SNOW, ICE PELLETS, HAIL    4 = ICE PELLETS
                        TOTAL MONTH:    M          5 = HAIL
                        GRTST 24HR    M  ON   M    6 = FREEZING RAIN OR DRIZZLE
                        GRTST DEPTH:  M  ON   M    7 = DUSTSTORM OR SANDSTORM:
                                                       VSBY 1/2 MILE OR LESS
                                                   8 = SMOKE OR HAZE
[NO. OF DAYS WITH]      [WEATHER - DAYS WITH]      9 = BLOWING SNOW
                                                   X = TORNADO
MAX 32 OR BELOW:   0    0.01 INCH OR MORE:   8
MAX 90 OR ABOVE:   0    0.10 INCH OR MORE:   6
MIN 32 OR BELOW:   5    0.50 INCH OR MORE:   0
MIN  0 OR BELOW:   0    1.00 INCH OR MORE:   0

[HDD (BASE 65) ]
TOTAL THIS MO.   344    CLEAR  (SCALE 0-3)  15
DPTR FM NORMAL   -22    PTCLDY (SCALE 4-7)  10
TOTAL FM JUL 1  6407    CLOUDY (SCALE 8-10)  3
DPTR FM NORMAL -1060

[CDD (BASE 65) ]
TOTAL THIS MO.     2
DPTR FM NORMAL     2    [PRESSURE DATA]
TOTAL FM JAN 1     2    HIGHEST SLP M ON M
DPTR FM NORMAL     2    LOWEST  SLP 29.45 ON 21

[REMARKS]
