000
CXUS54 KSHV 311300
CF6SHV
PRELIMINARY LOCAL CLIMATOLOGICAL DATA (WS FORM: F-6)

                                          STATION:   SHREVEPORT
                                          MONTH:     JANUARY
                                          YEAR:      2015
                                          LATITUDE:   32 28 N
                                          LONGITUDE:  93 49 W

  TEMPERATURE IN F:       :PCPN:    SNOW:  WIND      :SUNSHINE: SKY     :PK WND
================================================================================
1   2   3   4   5  6A  6B    7    8   9   10  11  12  13   14  15   16   17  18
                                     12Z  AVG MX 2MIN
DY MAX MIN AVG DEP HDD CDD  WTR  SNW DPTH SPD SPD DIR MIN PSBL S-S WX    SPD DR
================================================================================

 1  40  35  38  -8  27   0 1.56  0.0    0  6.4 10  30   M    M  10 13     14  20
 2  50  40  45  -1  20   0 0.33  0.0    0  6.4 12  30   M    M   9 13     15  60
 3  57  37  47   1  18   0 2.44  0.0    0  6.2 40 280   M    M   7 123    49 280
 4  45  32  39  -7  26   0 0.00  0.0    0 11.7 24 330   M    M   5 12     33 330
 5  46  27  37  -9  28   0 0.00  0.0    0  6.1 14  30   M    M   6        16  20
 6  61  26  44  -2  21   0 0.00  0.0    0  2.3 10 190   M    M   3        14 200
 7  49  26  38  -8  27   0 0.00  0.0    0 12.5 24 360   M    M   2        34 350
 8  39  18  29 -17  36   0 0.00  0.0    0  7.2 18  40   M    M   2        24  40
 9  41  28  35 -11  30   0 0.00  0.0    0  5.2 13  50   M    M  10        17  50
10  40  32  36 -10  29   0 0.04  0.0    0  6.9 14  90   M    M  10 4      20  50
11  43  34  39  -7  26   0 1.12  0.0    0  5.1 13  30   M    M  10 1      16  40
12  46  42  44  -2  21   0    T  0.0    0  9.1 18  20   M    M  10 1      23  10
13  43  31  37  -9  28   0 0.00  0.0    0  9.5 17  40   M    M   8        22  40
14  42  28  35 -11  30   0 0.00  0.0    0  6.3 13  60   M    M   9        15 360
15  55  32  44  -2  21   0 0.00  0.0    0  5.1 13 310   M    M   6        16 320
16  61  29  45  -2  20   0 0.00  0.0    0  2.9 10 210   M    M   6        14 190
17  66  31  49   2  16   0 0.00  0.0    0  8.4 18 200   M    M   2        25 210
18  69  35  52   5  13   0 0.00  0.0    0  5.0 10 210   M    M   1        14 220
19  70  39  55   8  10   0 0.00  0.0    0  7.0 17 240   M    M   4        24 230
20  68  39  54   7  11   0 0.00  0.0    0  3.5 16  60   M    M   4 128    20  60
21  65  42  54   7  11   0 0.05    M    0  8.2 16  80   M    M   6        20  80
22  51  40  46  -1  19   0 1.88  0.0    0 13.8 25  60   M    M   9 1      34  60
23  46  35  41  -6  24   0 0.03  0.0    0  9.6 18  10   M    M   8 1      25  20
24  59  28  44  -3  21   0 0.00  0.0    0  6.3 16 250   M    M   3        18 220
25  67  35  51   4  14   0 0.00  0.0    0 12.3 31 310   M    M   1        40 300
26  65  37  51   4  14   0 0.00  0.0    0  6.1 15 260   M    M   0        18 260
27  76  38  57  10   8   0 0.00  0.0    0  1.9  8  10   M    M   1        11  40
28  76  40  58  10   7   0 0.00  0.0    0  8.6 20 190   M    M   2        25 190
29  77  49  63  15   2   0 0.00  0.0    0 11.8 21 360   M    M   6 1      28 350
30  59  40  50   2  15   0 0.00  0.0    0  8.1 17  30   M    M   8        21  30
================================================================================
SM 1672 1025       593   0  7.45     0.0 219.5          M      168
================================================================================
AV 55.7 34.2                               7.3 FASTST   M    M   6    MAX(MPH)
                                 MISC ---->  # 40 280               # 49  280
================================================================================
NOTES:
# LAST OF SEVERAL OCCURRENCES

COLUMN 17 PEAK WIND IN M.P.H.

PRELIMINARY LOCAL CLIMATOLOGICAL DATA (WS FORM: F-6) , PAGE 2

                                          STATION:  SHREVEPORT
                                          MONTH:    JANUARY
                                          YEAR:     2015
                                          LATITUDE:   32 28 N
                                          LONGITUDE:  93 49 W

[TEMPERATURE DATA]      [PRECIPITATION DATA]       SYMBOLS USED IN COLUMN 16

AVERAGE MONTHLY: 45.0   TOTAL FOR MONTH:   7.45    1 = FOG OR MIST
DPTR FM NORMAL:  -1.6   DPTR FM NORMAL:    3.40    2 = FOG REDUCING VISIBILITY
HIGHEST:    77 ON 29    GRTST 24HR  2.59 ON  2- 3      TO 1/4 MILE OR LESS
LOWEST:     18 ON  8                               3 = THUNDER
                        SNOW, ICE PELLETS, HAIL    4 = ICE PELLETS
                        TOTAL MONTH:   0.0 INCH    5 = HAIL
                        GRTST 24HR     0.0         6 = FREEZING RAIN OR DRIZZLE
                        GRTST DEPTH:   0           7 = DUSTSTORM OR SANDSTORM:
                                                       VSBY 1/2 MILE OR LESS
                                                   8 = SMOKE OR HAZE
[NO. OF DAYS WITH]      [WEATHER - DAYS WITH]      9 = BLOWING SNOW
                                                   X = TORNADO
MAX 32 OR BELOW:   0    0.01 INCH OR MORE:   8
MAX 90 OR ABOVE:   0    0.10 INCH OR MORE:   5
MIN 32 OR BELOW:  13    0.50 INCH OR MORE:   4
MIN  0 OR BELOW:   0    1.00 INCH OR MORE:   4

[HDD (BASE 65) ]
TOTAL THIS MO.   593    CLEAR  (SCALE 0-3)  10
DPTR FM NORMAL    37    PTCLDY (SCALE 4-7)  10
TOTAL FM JUL 1  1438    CLOUDY (SCALE 8-10) 10
DPTR FM NORMAL   -20

[CDD (BASE 65) ]
TOTAL THIS MO.     0
DPTR FM NORMAL     0    [PRESSURE DATA]
TOTAL FM JAN 1     0    HIGHEST SLP M ON M
DPTR FM NORMAL     0    LOWEST  SLP 29.76 ON  3

[REMARKS]
