000
CXUS56 KMFR 301000
CF6SIY
PRELIMINARY LOCAL CLIMATOLOGICAL DATA (WS FORM: F-6)

                                          STATION:   MONTAGUE CA
                                          MONTH:     SEPTEMBER
                                          YEAR:      2014
                                          LATITUDE:   41 46 N
                                          LONGITUDE: 122 28 W

  TEMPERATURE IN F:       :PCPN:    SNOW:  WIND      :SUNSHINE: SKY     :PK WND
================================================================================
1   2   3   4   5  6A  6B    7    8   9   10  11  12  13   14  15   16   17  18
                                     12Z  AVG MX 2MIN
DY MAX MIN AVG DEP HDD CDD  WTR  SNW DPTH SPD SPD DIR MIN PSBL S-S WX    SPD DR
================================================================================

 1  91  46  69   3   0   4 0.00    M    M  4.3 15 340   M    M   0        20 330
 2  93  47  70   4   0   5 0.00    M    M  8.1 24  10   M    M   1 8      29  10
 3  84  50  67   1   0   2 0.00    M    M 11.8 22 330   M    M   0        27 320
 4  88  48  68   2   0   3 0.00    M    M  8.3 18 360   M    M   0        24 350
 5  92  54  73   8   0   8 0.00    M    M  8.1 20 360   M    M   0        25  10
 6  92  44  68   3   0   3 0.00    M    M  4.3 24 170   M    M   0        28 160
 7  92  48  70   5   0   5 0.00    M    M  4.8 17 330   M    M   0 8      23 330
 8  91  44  68   4   0   3 0.00    M    M  7.3 25  10   M    M   0 8      29  10
 9  86  45  66   2   0   1 0.00    M    M  6.1 26  10   M    M   0        31  30
10  92  43  68   4   0   3 0.00    M    M  4.5 16  20   M    M   0        17  20
11  90  49  70   6   0   5 0.00    M    M  4.2 13  30   M    M   0        16 360
12  94  50  72   9   0   7 0.00    M    M  3.1 16 290   M    M   1 8      20 300
13  92  47  70   7   0   5 0.00    M    M  4.0 17 320   M    M   1 8      22 320
14  93  48  71   8   0   6 0.00    M    M  3.3 12 340   M    M   0 8      14 340
15  93  50  72  10   0   7 0.00    M    M 10.7 32 150   M    M   0 8      41 160
16  89  52  71   9   0   6 0.00    M    M  8.0 22 160   M    M   0        26 160
17  86  58  72  10   0   7    T    M    M 14.6 36 160   M    M   2        45 150
18  80  57  69   7   0   4 0.00    M    M  7.5 16 340   M    M   3        22 170
19  89  49  69   8   0   4 0.00    M    M  4.8 17 360   M    M   0        20 330
20  95  49  72  11   0   7 0.00    M    M  2.5 12  40   M    M   0        13  40
21  89  56  73  12   0   8 0.00    M    M  3.6 10 210   M    M   0 8      13 220
22  86  53  70  10   0   5 0.00    M    M  8.2 25 170   M    M   0        31 160
23  83  54  69   9   0   4 0.00    M    M 15.1 32 170   M    M   0 8      40 170
24  69  53  61   1   4   0 1.00    M    M 14.9 30 170   M    M   8 1      37 170
25  66  50  58  -1   7   0 0.37    M    M  5.4 25 210   M    M   6 13     29 220
26  68  45  57  -2   8   0 0.00    M    M  5.0 17  10   M    M   3 12     21  10
27  71  42  57  -2   8   0 0.00    M    M  7.1 22 320   M    M   3        34 110
28  69  51  60   2   5   0 0.01    M    M  4.3 13  50   M    M   6        14  10
29  76  44  60   2   5   0 0.00    M    M  5.2 15  10   M    M   1 1      18  10
================================================================================
SM 2479 1426        37 112  1.38    M    199.1          M       35
================================================================================
AV 85.5 49.2                               6.9 FASTST   M    M   1    MAX(MPH)
                                 MISC ---->  # 36 160               # 45  150
================================================================================
NOTES:
# LAST OF SEVERAL OCCURRENCES

COLUMN 17 PEAK WIND IN M.P.H.

PRELIMINARY LOCAL CLIMATOLOGICAL DATA (WS FORM: F-6) , PAGE 2

                                          STATION:  MONTAGUE CA
                                          MONTH:    SEPTEMBER
                                          YEAR:     2014
                                          LATITUDE:   41 46 N
                                          LONGITUDE: 122 28 W

[TEMPERATURE DATA]      [PRECIPITATION DATA]       SYMBOLS USED IN COLUMN 16

AVERAGE MONTHLY: 67.3   TOTAL FOR MONTH:   1.38    1 = FOG OR MIST
DPTR FM NORMAL:   5.0   DPTR FM NORMAL:    0.77    2 = FOG REDUCING VISIBILITY
HIGHEST:    95 ON 20    GRTST 24HR  1.00 ON 24-24      TO 1/4 MILE OR LESS
LOWEST:     42 ON 27                               3 = THUNDER
                        SNOW, ICE PELLETS, HAIL    4 = ICE PELLETS
                        TOTAL MONTH:    M          5 = HAIL
                        GRTST 24HR    M  ON   M    6 = FREEZING RAIN OR DRIZZLE
                        GRTST DEPTH:  M  ON   M    7 = DUSTSTORM OR SANDSTORM:
                                                       VSBY 1/2 MILE OR LESS
                                                   8 = SMOKE OR HAZE
[NO. OF DAYS WITH]      [WEATHER - DAYS WITH]      9 = BLOWING SNOW
                                                   X = TORNADO
MAX 32 OR BELOW:   0    0.01 INCH OR MORE:   3
MAX 90 OR ABOVE:  13    0.10 INCH OR MORE:   2
MIN 32 OR BELOW:   0    0.50 INCH OR MORE:   1
MIN  0 OR BELOW:   0    1.00 INCH OR MORE:   1

[HDD (BASE 65) ]
TOTAL THIS MO.    37    CLEAR  (SCALE 0-3)  25
DPTR FM NORMAL   -80    PTCLDY (SCALE 4-7)   4
TOTAL FM JUL 1    37    CLOUDY (SCALE 8-10)  0
DPTR FM NORMAL   -97

[CDD (BASE 65) ]
TOTAL THIS MO.   112
DPTR FM NORMAL    70    [PRESSURE DATA]
TOTAL FM JAN 1   913    HIGHEST SLP M ON M
DPTR FM NORMAL   370    LOWEST  SLP 29.66 ON 17

[REMARKS]
