000
CXUS56 KMFR 300037
CF6SIY
PRELIMINARY LOCAL CLIMATOLOGICAL DATA (WS FORM: F-6)

                                          STATION:   MONTAGUE CA
                                          MONTH:     SEPTEMBER
                                          YEAR:      2016
                                          LATITUDE:   41 46 N
                                          LONGITUDE: 122 28 W

  TEMPERATURE IN F:       :PCPN:    SNOW:  WIND      :SUNSHINE: SKY     :PK WND
================================================================================
1   2   3   4   5  6A  6B    7    8   9   10  11  12  13   14  15   16   17  18
                                     12Z  AVG MX 2MIN
DY MAX MIN AVG DEP HDD CDD  WTR  SNW DPTH SPD SPD DIR MIN PSBL S-S WX    SPD DR
================================================================================

 1  80  48  64  -2   1   0 0.00    M    M  8.4 21  10   M    M   4 8      24  10
 2  76  52  64  -2   1   0 0.00    M    M  9.5 20 360   M    M   2 8      23  10
 3  78  44  61  -5   4   0 0.00    M    M  9.3 20  10   M    M   1        24  10
 4  73  40  57  -9   8   0    T    M    M  8.3 18 350   M    M   2        23 360
 5  78  38  58  -7   7   0 0.00    M    M  5.0 15 350   M    M   3 8      18 350
 6  80  38  59  -6   6   0 0.00    M    M  6.5 22 360   M    M   1        27  20
 7  85  43  64  -1   1   0 0.00    M    M  5.9 15 360   M    M   0        18 360
 8  90  42  66   2   0   1 0.00    M    M  6.2 18  10   M    M   0        22  10
 9  91  43  67   3   0   2 0.00    M    M  3.9 14 340   M    M   0        20  70
10  96  44  70   6   0   5 0.00    M    M  4.0 18 360   M    M   0 8      21 360
11  89  45  67   3   0   2 0.00    M    M  8.4 24  30   M    M   0        28  30
12  77  44  61  -2   4   0 0.00    M    M 10.0 21  10   M    M   0        27  10
13  79  44  62  -1   3   0 0.00    M    M  5.5 15 360   M    M   0        19  20
14  79  38  59  -4   6   0 0.00    M    M  5.3 18 230   M    M   0        33  30
15  84  39  62   0   3   0 0.00    M    M  2.9 13 350   M    M   0        14 350
16  88  39  64   2   1   0 0.00    M    M  2.4 14  30   M    M   0        16  10
17  90  45  68   6   0   3 0.00    M    M  4.8 20 310   M    M   0        23 280
18  90  49  70   8   0   5 0.00    M    M  6.6 21 290   M    M   0        27 280
19  87  49  68   7   0   3 0.00    M    M  7.9 20 360   M    M   0        24 350
20  81  45  63   2   2   0 0.00    M    M  7.2 20 360   M    M   1        26 330
21  70  46  58  -3   7   0 0.07    M    M  7.6 21 330   M    M   3        31 320
22  61  43  52  -8  13   0 0.11    M    M  5.7 18 320   M    M   7 1      23  20
23  61  34  48 -12  17   0    T    M    M  3.6 13 350   M    M   6        15 350
24  80  40  60   0   5   0 0.00    M    M  4.6 14 360   M    M   2        15 360
25  87  36  62   3   3   0 0.00    M    M  2.8  9 190   M    M   0        11 180
26  94  43  69  10   0   4 0.00    M    M  3.0 13  10   M    M   0        13  10
27  93  46  70  11   0   5 0.00    M    M  4.1 15 360   M    M   0        19  10
28  91  46  69  11   0   4 0.00    M    M  4.4 16 350   M    M   0        20 350
================================================================================
SM 2308 1203        92  34  0.18    M    163.8          M       32
================================================================================
AV 82.4 43.0                               5.9 FASTST   M    M   1    MAX(MPH)
                                 MISC ---->  # 24  30               # 33   30
================================================================================
NOTES:
# LAST OF SEVERAL OCCURRENCES

COLUMN 17 PEAK WIND IN M.P.H.

PRELIMINARY LOCAL CLIMATOLOGICAL DATA (WS FORM: F-6) , PAGE 2

                                          STATION:  MONTAGUE CA
                                          MONTH:    SEPTEMBER
                                          YEAR:     2016
                                          LATITUDE:   41 46 N
                                          LONGITUDE: 122 28 W

[TEMPERATURE DATA]      [PRECIPITATION DATA]       SYMBOLS USED IN COLUMN 16

AVERAGE MONTHLY: 62.7   TOTAL FOR MONTH:   0.18    1 = FOG OR MIST
DPTR FM NORMAL:   0.2   DPTR FM NORMAL:   -0.40    2 = FOG REDUCING VISIBILITY
HIGHEST:    96 ON 10    GRTST 24HR  0.18 ON 21-22      TO 1/4 MILE OR LESS
LOWEST:     34 ON 23                               3 = THUNDER
                        SNOW, ICE PELLETS, HAIL    4 = ICE PELLETS
                        TOTAL MONTH:    M          5 = HAIL
                        GRTST 24HR    M  ON   M    6 = FREEZING RAIN OR DRIZZLE
                        GRTST DEPTH:  M  ON   M    7 = DUSTSTORM OR SANDSTORM:
                                                       VSBY 1/2 MILE OR LESS
                                                   8 = SMOKE OR HAZE
[NO. OF DAYS WITH]      [WEATHER - DAYS WITH]      9 = BLOWING SNOW
                                                   X = TORNADO
MAX 32 OR BELOW:   0    0.01 INCH OR MORE:   2
MAX 90 OR ABOVE:   8    0.10 INCH OR MORE:   1
MIN 32 OR BELOW:   0    0.50 INCH OR MORE:   0
MIN  0 OR BELOW:   0    1.00 INCH OR MORE:   0

[HDD (BASE 65) ]
TOTAL THIS MO.    92    CLEAR  (SCALE 0-3)  24
DPTR FM NORMAL   -18    PTCLDY (SCALE 4-7)   4
TOTAL FM JUL 1   105    CLOUDY (SCALE 8-10)  0
DPTR FM NORMAL   -22

[CDD (BASE 65) ]
TOTAL THIS MO.    34
DPTR FM NORMAL    -8    [PRESSURE DATA]
TOTAL FM JAN 1   688    HIGHEST SLP M ON M
DPTR FM NORMAL   145    LOWEST  SLP 29.83 ON  3

[REMARKS]
