000
CXUS56 KMFR 251000
CF6SIY
PRELIMINARY LOCAL CLIMATOLOGICAL DATA (WS FORM: F-6)

                                          STATION:   MONTAGUE CA
                                          MONTH:     AUGUST
                                          YEAR:      2016
                                          LATITUDE:   41 46 N
                                          LONGITUDE: 122 28 W

  TEMPERATURE IN F:       :PCPN:    SNOW:  WIND      :SUNSHINE: SKY     :PK WND
================================================================================
1   2   3   4   5  6A  6B    7    8   9   10  11  12  13   14  15   16   17  18
                                     12Z  AVG MX 2MIN
DY MAX MIN AVG DEP HDD CDD  WTR  SNW DPTH SPD SPD DIR MIN PSBL S-S WX    SPD DR
================================================================================

 1  98  55  77   3   0  12 0.00    M    M  7.0 20 350   M    M   0        24 350
 2  92  52  72  -2   0   7 0.00    M    M 10.0 24 360   M    M   0        29 350
 3  94  45  70  -4   0   5 0.00    M    M  7.6 17 360   M    M   0        21 360
 4  96  52  74   1   0   9 0.00    M    M  5.5 15 360   M    M   M         M  M
 5  96  52  74   1   0   9 0.02    M    M  5.6 29  90   M    M   0 3      33  90
 6  91  50  71  -2   0   6 0.00    M    M  5.8 21 320   M    M   0        27 320
 7  87  50  69  -4   0   4 0.00    M    M  7.4 22  30   M    M   0        27  20
 8  85  47  66  -7   0   1 0.00    M    M  8.4 23  40   M    M   0        28  40
 9  82  54  68  -4   0   3 0.00    M    M  9.8 18  10   M    M   0        26 340
10  89  51  70  -2   0   5 0.00    M    M  5.2 17  10   M    M   0 8      22 330
11  97  51  74   2   0   9 0.00    M    M  3.6 15 350   M    M   0        19 360
12 101  55  78   6   0  13    T    M    M  4.4 16 360   M    M   0        20 340
13 101  54  78   6   0  13 0.00    M    M  4.3 20 290   M    M   0        22 280
14  97  55  76   5   0  11 0.00    M    M  5.8 18 340   M    M   0        22 340
15  98  58  78   7   0  13 0.00    M    M  7.1 22 360   M    M   0        27 330
16 101  57  79   8   0  14 0.00    M    M  6.9 21 340   M    M   0        26 330
17  98  62  80   9   0  15 0.00    M    M 10.0 20 340   M    M   0        23 340
18 104  57  81  11   0  16 0.00    M    M  5.0 17 360   M    M   0        21 360
19 106  59  83  13   0  18 0.00    M    M  4.6 16 350   M    M   0        20 350
20 103  56  80  10   0  15 0.00    M    M  5.7 22 300   M    M   0        27 310
21  99  52  76   6   0  11 0.00    M    M  6.2 18  10   M    M   0        21  10
22  96  53  75   6   0  10 0.00    M    M  7.1 20 310   M    M   0        26 310
23  92  47  70   1   0   5 0.00    M    M  6.1 17 350   M    M   0 8      21  10
24  93  46  70   1   0   5 0.00    M    M  4.2 18 360   M    M   0        22 350
================================================================================
SM 2296 1270         0 229  0.02    M    153.3          M        0
================================================================================
AV 95.7 52.9                               6.4 FASTST   M    M   0    MAX(MPH)
                                 MISC ---->  # 29  90               # 33   90
================================================================================
NOTES:
# LAST OF SEVERAL OCCURRENCES

COLUMN 17 PEAK WIND IN M.P.H.

PRELIMINARY LOCAL CLIMATOLOGICAL DATA (WS FORM: F-6) , PAGE 2

                                          STATION:  MONTAGUE CA
                                          MONTH:    AUGUST
                                          YEAR:     2016
                                          LATITUDE:   41 46 N
                                          LONGITUDE: 122 28 W

[TEMPERATURE DATA]      [PRECIPITATION DATA]       SYMBOLS USED IN COLUMN 16

AVERAGE MONTHLY: 74.3   TOTAL FOR MONTH:   0.02    1 = FOG OR MIST
DPTR FM NORMAL:   2.7   DPTR FM NORMAL:   -0.29    2 = FOG REDUCING VISIBILITY
HIGHEST:   106 ON 19    GRTST 24HR  0.02 ON  5- 5      TO 1/4 MILE OR LESS
LOWEST:     45 ON  3                               3 = THUNDER
                        SNOW, ICE PELLETS, HAIL    4 = ICE PELLETS
                        TOTAL MONTH:    M          5 = HAIL
                        GRTST 24HR    M  ON   M    6 = FREEZING RAIN OR DRIZZLE
                        GRTST DEPTH:  M  ON   M    7 = DUSTSTORM OR SANDSTORM:
                                                       VSBY 1/2 MILE OR LESS
                                                   8 = SMOKE OR HAZE
[NO. OF DAYS WITH]      [WEATHER - DAYS WITH]      9 = BLOWING SNOW
                                                   X = TORNADO
MAX 32 OR BELOW:   0    0.01 INCH OR MORE:   1
MAX 90 OR ABOVE:  20    0.10 INCH OR MORE:   0
MIN 32 OR BELOW:   0    0.50 INCH OR MORE:   0
MIN  0 OR BELOW:   0    1.00 INCH OR MORE:   0

[HDD (BASE 65) ]
TOTAL THIS MO.     0    CLEAR  (SCALE 0-3)  23
DPTR FM NORMAL    -2    PTCLDY (SCALE 4-7)   0
TOTAL FM JUL 1    12    CLOUDY (SCALE 8-10)  0
DPTR FM NORMAL     6

[CDD (BASE 65) ]
TOTAL THIS MO.   229
DPTR FM NORMAL    66    [PRESSURE DATA]
TOTAL FM JAN 1   611    HIGHEST SLP M ON M
DPTR FM NORMAL   135    LOWEST  SLP 29.76 ON  6

[REMARKS]
