000
CXUS54 KSJT 301210
CF6SJT
PRELIMINARY LOCAL CLIMATOLOGICAL DATA (WS FORM: F-6)

                                          STATION:   SAN ANGELO
                                          MONTH:     JULY
                                          YEAR:      2016
                                          LATITUDE:   31 21 N
                                          LONGITUDE: 100 30 W

  TEMPERATURE IN F:       :PCPN:    SNOW:  WIND      :SUNSHINE: SKY     :PK WND
================================================================================
1   2   3   4   5  6A  6B    7    8   9   10  11  12  13   14  15   16   17  18
                                     12Z  AVG MX 2MIN
DY MAX MIN AVG DEP HDD CDD  WTR  SNW DPTH SPD SPD DIR MIN PSBL S-S WX    SPD DR
================================================================================

 1  94  72  83   1   0  18 0.00  0.0    0  6.8 13 120   M    M   1        18 120
 2  96  75  86   4   0  21 0.00  0.0    0  9.8 20 210   M    M   1        24 200
 3  98  77  88   6   0  23 0.00  0.0    0 13.0 22 190   M    M   0        29 180
 4 102  79  91   9   0  26 0.00  0.0    0 11.7 18 190   M    M   0        25 180
 5 101  78  90   7   0  25 0.00  0.0    0 10.8 21 170   M    M   0        27 160
 6 100  78  89   6   0  24 0.00  0.0    0 12.4 26 190   M    M   0        33 190
 7 100  76  88   5   0  23 0.00  0.0    0 11.1 22 190   M    M   0        29 170
 8 100  74  87   4   0  22 0.00  0.0    0  8.7 17 180   M    M   0        23 200
 9  96  77  87   4   0  22 0.00  0.0    0  7.0 15 180   M    M   1        21 290
10  99  76  88   5   0  23 0.00  0.0    0  9.7 17 180   M    M   1        22 180
11 101  76  89   6   0  24 0.00  0.0    0 12.8 21 180   M    M   0        28 180
12 101  77  89   6   0  24 0.00  0.0    0 13.7 24 180   M    M   0        34 180
13 103  76  90   7   0  25 0.00  0.0    0 13.3 22 190   M    M   0        31 180
14 103  77  90   7   0  25 0.00  0.0    0 11.2 20 170   M    M   0        26 170
15 101  76  89   6   0  24 0.00  0.0    0  8.4 15 140   M    M   0        21 150
16 101  72  87   4   0  22 0.00  0.0    0  9.5 18  30   M    M   0        23  30
17 101  76  89   6   0  24 0.00  0.0    0 11.6 21 150   M    M   0        28 150
18 100  74  87   4   0  22 0.00  0.0    0  8.4 14 110   M    M   1        19 210
19  99  73  86   3   0  21 0.00  0.0    0  8.2 16 110   M    M   1        21 130
20 100  73  87   4   0  22 0.00  0.0    0  8.5 16 140   M    M   1        24 190
21 101  75  88   4   0  23 0.00  0.0    0  8.9 16 120   M    M   0        22 120
22 101  75  88   4   0  23 0.00  0.0    0  8.2 16 210   M    M   1        21 120
23 102  74  88   4   0  23 0.00  0.0    0  8.3 16 130   M    M   1        22 150
24 102  76  89   5   0  24 0.00  0.0    0  7.4 17  80   M    M   1        25  50
25 101  72  87   3   0  22 0.00  0.0    0  7.3 23 100   M    M   0        31 110
26  99  70  85   1   0  20 0.00  0.0    0  6.5 17  90   M    M   0        22 190
27  99  70  85   1   0  20 0.00  0.0    0  6.5 24 170   M    M   1        33 170
28  97  70  84   0   0  19    T  0.0    0  6.8 20  90   M    M   2 38     26  90
29  98  71  85   1   0  20    T  0.0    0  6.7 16 190   M    M   1        24 200
================================================================================
SM 2896 2165         0 654    T      0.0 273.2          M       14
================================================================================
AV 99.9 74.7                               9.4 FASTST   M    M   0    MAX(MPH)
                                 MISC ---->  # 26 190               # 34  180
================================================================================
NOTES:
# LAST OF SEVERAL OCCURRENCES

COLUMN 17 PEAK WIND IN M.P.H.

PRELIMINARY LOCAL CLIMATOLOGICAL DATA (WS FORM: F-6) , PAGE 2

                                          STATION:  SAN ANGELO
                                          MONTH:    JULY
                                          YEAR:     2016
                                          LATITUDE:   31 21 N
                                          LONGITUDE: 100 30 W

[TEMPERATURE DATA]      [PRECIPITATION DATA]       SYMBOLS USED IN COLUMN 16

AVERAGE MONTHLY: 87.3   TOTAL FOR MONTH:      T    1 = FOG OR MIST
DPTR FM NORMAL:   4.1   DPTR FM NORMAL:   -1.13    2 = FOG REDUCING VISIBILITY
HIGHEST:   103 ON 14,13 GRTST 24HR    T  ON 29-29      TO 1/4 MILE OR LESS
LOWEST:     70 ON 28,27                            3 = THUNDER
                        SNOW, ICE PELLETS, HAIL    4 = ICE PELLETS
                        TOTAL MONTH:   0.0 INCH    5 = HAIL
                        GRTST 24HR     0.0         6 = FREEZING RAIN OR DRIZZLE
                        GRTST DEPTH:   0           7 = DUSTSTORM OR SANDSTORM:
                                                       VSBY 1/2 MILE OR LESS
                                                   8 = SMOKE OR HAZE
[NO. OF DAYS WITH]      [WEATHER - DAYS WITH]      9 = BLOWING SNOW
                                                   X = TORNADO
MAX 32 OR BELOW:   0    0.01 INCH OR MORE:   0
MAX 90 OR ABOVE:  29    0.10 INCH OR MORE:   0
MIN 32 OR BELOW:   0    0.50 INCH OR MORE:   0
MIN  0 OR BELOW:   0    1.00 INCH OR MORE:   0

[HDD (BASE 65) ]
TOTAL THIS MO.     0    CLEAR  (SCALE 0-3)  29
DPTR FM NORMAL     0    PTCLDY (SCALE 4-7)   0
TOTAL FM JUL 1     0    CLOUDY (SCALE 8-10)  0
DPTR FM NORMAL     0

[CDD (BASE 65) ]
TOTAL THIS MO.   654
DPTR FM NORMAL   128    [PRESSURE DATA]
TOTAL FM JAN 1  1511    HIGHEST SLP M ON M
DPTR FM NORMAL    61    LOWEST  SLP 29.68 ON  3

[REMARKS]
