000
CXUS56 KSLC 301243
CF6SLC
PRELIMINARY LOCAL CLIMATOLOGICAL DATA (WS FORM: F-6)

                                          STATION:   SALT LAKE CITY UT
                                          MONTH:     APRIL
                                          YEAR:      2016
                                          LATITUDE:   40 46 N
                                          LONGITUDE: 111 58 W

  TEMPERATURE IN F:       :PCPN:    SNOW:  WIND      :SUNSHINE: SKY     :PK WND
================================================================================
1   2   3   4   5  6A  6B    7    8   9   10  11  12  13   14  15   16   17  18
                                     12Z  AVG MX 2MIN
DY MAX MIN AVG DEP HDD CDD  WTR  SNW DPTH SPD SPD DIR MIN PSBL S-S WX    SPD DR
================================================================================

 1  57  34  46  -1  19   0 0.00  0.0    0  6.3 16 280   M    M   0 1      20 290
 2  64  37  51   4  14   0 0.00  0.0    0  7.6 13 350   M    M   0        20 340
 3  71  43  57   9   8   0 0.00  0.0    0  8.1 14 140   M    M   1        18 150
 4  70  48  59  11   6   0    T  0.0    0 11.8 23 330   M    M   3 38     29 310
 5  56  42  49   1  16   0 0.00  0.0    0  7.7 24 320   M    M   1        29 320
 6  63  38  51   3  14   0 0.00  0.0    0  6.9 13 360   M    M   0        16 300
 7  69  42  56   8   9   0 0.00  0.0    0  6.2 15 280   M    M   0        19 280
 8  78  45  62  13   3   0 0.00  0.0    0  6.4 20 170   M    M   1        26 170
 9  70  57  64  15   1   0 0.00  0.0    0 15.2 24 170   M    M   7        32 190
10  68  54  61  12   4   0    T  0.0    0 10.3 23 170   M    M   5        29 170
11  70  50  60  11   5   0 0.00  0.0    0  8.4 18 160   M    M   3        23 280
12  74  50  62  13   3   0 0.01  0.0    0  7.5 14 360   M    M   4        17 310
13  61  50  56   6   9   0 0.16  0.0    0  8.2 26 310   M    M   9 1      32 320
14  59  37  48  -2  17   0 0.65  0.0    0 10.3 30  10   M    M   7 1      34 360
15  53  34  44  -6  21   0 0.07    T    0 12.9 29 350   M    M   5 1      34 350
16  59  35  47  -3  18   0 0.00  0.0    0 14.5 29 310   M    M   3        37 320
17  61  37  49  -2  16   0 0.00  0.0    0  9.9 25  30   M    M   3        33  30
18  61  46  54   3  11   0 0.00  0.0    0  8.5 20 280   M    M   5        24 290
19  67  47  57   6   8   0 0.00  0.0    0  5.8 14 310   M    M   4        20 320
20  76  48  62  10   3   0 0.00  0.0    0  7.0 14 310   M    M   2        18 340
21  83  54  69  17   0   4 0.00  0.0    0 11.0 20 160   M    M   1        26 170
22  81  60  71  19   0   6 0.00  0.0    0 16.5 35 170   M    M   4        46 160
23  72  45  59   7   6   0 0.22  0.0    0 16.3 36 210   M    M   7 1      49 210
24  61  45  53   0  12   0 0.02  0.0    0  9.0 18 290   M    M   6        22 290
25  61  47  54   1  11   0    T  0.0    0 11.4 25 160   M    M   7 3      34 160
26  59  46  53   0  12   0 0.09  0.0    0  8.5 26 310   M    M   9 3      32 310
27  59  45  52  -2  13   0 0.14  0.0    0  7.6 22 230   M    M   9 1      25 220
28  58  47  53  -1  12   0 0.03  0.0    0  7.2 16 120   M    M   8        20 120
29  59  41  50  -4  15   0    T  0.0    0  5.0 14 280   M    M   7        19 310
================================================================================
SM 1900 1304       286  10  1.39    T    272.0          M      121
================================================================================
AV 65.5 45.0                               9.4 FASTST   M    M   4    MAX(MPH)
                                 MISC ---->  # 36 210               # 49  210
================================================================================
NOTES:
# LAST OF SEVERAL OCCURRENCES

COLUMN 17 PEAK WIND IN M.P.H.

PRELIMINARY LOCAL CLIMATOLOGICAL DATA (WS FORM: F-6) , PAGE 2

                                          STATION:  SALT LAKE CITY UT
                                          MONTH:    APRIL
                                          YEAR:     2016
                                          LATITUDE:   40 46 N
                                          LONGITUDE: 111 58 W

[TEMPERATURE DATA]      [PRECIPITATION DATA]       SYMBOLS USED IN COLUMN 16

AVERAGE MONTHLY: 55.2   TOTAL FOR MONTH:   1.39    1 = FOG OR MIST
DPTR FM NORMAL:   4.9   DPTR FM NORMAL:   -0.53    2 = FOG REDUCING VISIBILITY
HIGHEST:    83 ON 21    GRTST 24HR  0.77 ON 13-14      TO 1/4 MILE OR LESS
LOWEST:     34 ON 15, 1                            3 = THUNDER
                        SNOW, ICE PELLETS, HAIL    4 = ICE PELLETS
                        TOTAL MONTH:    T          5 = HAIL
                        GRTST 24HR    T  ON 15-15  6 = FREEZING RAIN OR DRIZZLE
                        GRTST DEPTH:   0           7 = DUSTSTORM OR SANDSTORM:
                                                       VSBY 1/2 MILE OR LESS
                                                   8 = SMOKE OR HAZE
[NO. OF DAYS WITH]      [WEATHER - DAYS WITH]      9 = BLOWING SNOW
                                                   X = TORNADO
MAX 32 OR BELOW:   0    0.01 INCH OR MORE:   9
MAX 90 OR ABOVE:   0    0.10 INCH OR MORE:   4
MIN 32 OR BELOW:   0    0.50 INCH OR MORE:   1
MIN  0 OR BELOW:   0    1.00 INCH OR MORE:   0

[HDD (BASE 65) ]
TOTAL THIS MO.   286    CLEAR  (SCALE 0-3)  11
DPTR FM NORMAL  -141    PTCLDY (SCALE 4-7)  15
TOTAL FM JUL 1  4677    CLOUDY (SCALE 8-10)  3
DPTR FM NORMAL  -668

[CDD (BASE 65) ]
TOTAL THIS MO.    10
DPTR FM NORMAL    10    [PRESSURE DATA]
TOTAL FM JAN 1    10    HIGHEST SLP M ON M
DPTR FM NORMAL    10    LOWEST  SLP 29.41 ON 23

[REMARKS]
