000
CXUS56 KSLC 221245
CF6SLC
PRELIMINARY LOCAL CLIMATOLOGICAL DATA (WS FORM: F-6)

                                          STATION:   SALT LAKE CITY UT
                                          MONTH:     FEBRUARY
                                          YEAR:      2018
                                          LATITUDE:   40 46 N
                                          LONGITUDE: 111 58 W

  TEMPERATURE IN F:       :PCPN:    SNOW:  WIND      :SUNSHINE: SKY     :PK WND
================================================================================
1   2   3   4   5  6A  6B    7    8   9   10  11  12  13   14  15   16   17  18
                                     12Z  AVG MX 2MIN
DY MAX MIN AVG DEP HDD CDD  WTR  SNW DPTH SPD SPD DIR MIN PSBL S-S WX    SPD DR
================================================================================

 1  52  37  45  14  20   0 0.00  0.0    0  3.3  8 310   M    M   9        10 310
 2  59  42  51  20  14   0 0.00  0.0    0  4.0 12 130   M    M   8        14 130
 3  59  43  51  20  14   0 0.00  0.0    0  4.6 14 100   M    M   6        17 340
 4  56  41  49  18  16   0    T  0.0    0  4.5 12 120   M    M   8        13 130
 5  57  44  51  20  14   0    T  0.0    0  7.8 26 300   M    M   7        33 310
 6  50  35  43  11  22   0    T    T    0  4.8 15 310   M    M   5        21 300
 7  56  34  45  13  20   0 0.00  0.0    0  6.8 15 150   M    M   4        19 140
 8  60  39  50  18  15   0 0.00  0.0    0  9.6 16 160   M    M   1        20 160
 9  62  46  54  22  11   0 0.00  0.0    0  8.0 20 340   M    M   1        25 340
10  49  31  40   8  25   0    T  0.0    0 12.3 28 330   M    M   4        34 330
11  47  27  37   4  28   0 0.00  0.0    0 12.3 24 180   M    M   1        31 170
12  49  32  41   8  24   0 0.00  0.0    0  8.1 21 180   M    M   7        27 180
13  46  28  37   4  28   0 0.00  0.0    0  4.2 10 290   M    M   1        12 290
14  56  32  44  10  21   0    T  0.0    0  8.8 24 320   M    M   8 8      31 300
15  43  29  36   2  29   0 0.01  0.2    0  9.5 24 350   M    M   6        30 300
16  46  26  36   2  29   0 0.00  0.0    0  8.2 18 170   M    M   2        22 170
17  59  31  45  10  20   0 0.00  0.0    0 14.6 29 170   M    M   0        35 170
18  56  33  45  10  20   0 0.26  1.0    0 18.4 32 160   M    M   8 18     43 170
19  33  22  28  -7  37   0 0.51  6.5    3 12.9 26 330   M    M   9 189    31 340
20  28  16  22 -14  43   0 0.05  0.9    7  5.9 18 340   M    M   7 128    20 340
21  32  15  24 -12  41   0 0.00  0.0    0  6.1 12 130   M    M   1        15 140
================================================================================
SM 1055  683       491   0  0.83     8.6 174.7          M      103
================================================================================
AV 50.2 32.5                               8.3 FASTST   M    M   5    MAX(MPH)
                                 MISC ---->  # 32 160               # 43  170
================================================================================
NOTES:
# LAST OF SEVERAL OCCURRENCES

COLUMN 17 PEAK WIND IN M.P.H.

PRELIMINARY LOCAL CLIMATOLOGICAL DATA (WS FORM: F-6) , PAGE 2

                                          STATION:  SALT LAKE CITY UT
                                          MONTH:    FEBRUARY
                                          YEAR:     2018
                                          LATITUDE:   40 46 N
                                          LONGITUDE: 111 58 W

[TEMPERATURE DATA]      [PRECIPITATION DATA]       SYMBOLS USED IN COLUMN 16

AVERAGE MONTHLY: 41.4   TOTAL FOR MONTH:   0.83    1 = FOG OR MIST
DPTR FM NORMAL:   8.4   DPTR FM NORMAL:   -0.08    2 = FOG REDUCING VISIBILITY
HIGHEST:    62 ON  9    GRTST 24HR  0.51 ON 19-19      TO 1/4 MILE OR LESS
LOWEST:     15 ON 21                               3 = THUNDER
                        SNOW, ICE PELLETS, HAIL    4 = ICE PELLETS
                        TOTAL MONTH:   8.6 INCHES  5 = HAIL
                        GRTST 24HR   6.5 ON 19-19  6 = FREEZING RAIN OR DRIZZLE
                        GRTST DEPTH:   7 ON 20     7 = DUSTSTORM OR SANDSTORM:
                                                       VSBY 1/2 MILE OR LESS
                                                   8 = SMOKE OR HAZE
[NO. OF DAYS WITH]      [WEATHER - DAYS WITH]      9 = BLOWING SNOW
                                                   X = TORNADO
MAX 32 OR BELOW:   2    0.01 INCH OR MORE:   4
MAX 90 OR ABOVE:   0    0.10 INCH OR MORE:   2
MIN 32 OR BELOW:  11    0.50 INCH OR MORE:   1
MIN  0 OR BELOW:   0    1.00 INCH OR MORE:   0

[HDD (BASE 65) ]
TOTAL THIS MO.   491    CLEAR  (SCALE 0-3)   7
DPTR FM NORMAL  -180    PTCLDY (SCALE 4-7)  11
TOTAL FM JUL 1  3295    CLOUDY (SCALE 8-10)  3
DPTR FM NORMAL  -770

[CDD (BASE 65) ]
TOTAL THIS MO.     0
DPTR FM NORMAL     0    [PRESSURE DATA]
TOTAL FM JAN 1     0    HIGHEST SLP M ON M
DPTR FM NORMAL     0    LOWEST  SLP 29.41 ON 19

[REMARKS]
