000
CXUS56 KPQR 251330
CF6SLE
PRELIMINARY LOCAL CLIMATOLOGICAL DATA (WS FORM: F-6)

                                          STATION:   SALEM OR
                                          MONTH:     JANUARY
                                          YEAR:      2015
                                          LATITUDE:   44 55 N
                                          LONGITUDE: 123  0 W

  TEMPERATURE IN F:       :PCPN:    SNOW:  WIND      :SUNSHINE: SKY     :PK WND
================================================================================
1   2   3   4   5  6A  6B    7    8   9   10  11  12  13   14  15   16   17  18
                                     12Z  AVG MX 2MIN
DY MAX MIN AVG DEP HDD CDD  WTR  SNW DPTH SPD SPD DIR MIN PSBL S-S WX    SPD DR
================================================================================

 1  41  25  33  -7  32   0 0.00  0.0    0  3.6 10 350   M    M   0        13  20
 2  43  23  33  -7  32   0 0.00  0.0    0  2.9 10 160   M    M   4        13 160
 3  42  37  40   0  25   0 0.00  0.0    0  1.9  9 180   M    M  10 18     12 190
 4  53  40  47   7  18   0 0.06    M    0 14.2 24 170   M    M  10 1      32 170
 5  56  42  49   9  16   0 0.08    M    0  8.4 23 180   M    M   5 18     29 160
 6  46  38  42   2  23   0 0.00  0.0    0  1.6  6 310   M    M   6 12      7 290
 7  44  40  42   2  23   0 0.00  0.0    0  2.2  7 320   M    M  10 12      8 340
 8  46  37  42   2  23   0 0.00  0.0    0  2.3  8 170   M    M   8 12     11 160
 9  49  33  41   0  24   0 0.00  0.0    0  2.6 10 140   M    M   6 12     11 140
10  45  33  39  -2  26   0    T    M    0  1.6  9 140   M    M  10 18     11 150
11  48  43  46   5  19   0 0.07    M    0  0.5  6  70   M    M  10 12      7  70
12  48  42  45   4  20   0 0.21    M    0  2.6  7  40   M    M  10 12      7  40
13  52  31  42   1  23   0 0.00  0.0    0  4.3 14 350   M    M   3 12     16 350
14  49  30  40  -1  25   0 0.00  0.0    0  2.3  9 150   M    M   0        11 150
15  52  28  40  -1  25   0 0.61    M    0  3.9 20 190   M    M   7 1      25 190
16  55  39  47   6  18   0 0.07    M    0  3.3 16 190   M    M   5 1      21 200
17  60  40  50   9  15   0 1.76    M    0  9.8 29 180   M    M   9 1      36 170
18  59  47  53  11  12   0 0.28    M    0 12.6 25 220   M    M   9 13     34 240
19  56  42  49   7  16   0 0.03    M    0  4.8 17 190   M    M   7 1      21 180
20  49  33  41  -1  24   0 0.00  0.0    0  5.8  9 360   M    M   7 12      M  M
21  48  29  39  -3  26   0 0.00  0.0    0  3.5  8 140   M    M   4 12      9 150
22  51  39  45   3  20   0    T    M    0  2.2  9 140   M    M   7        10 140
23  54  43  49   7  16   0 0.04    M    0  3.7 16 150   M    M  10        19 140
24  64  43  54  12  11   0 0.00  0.0    0  2.8  9 130   M    M   1 12     11 160
================================================================================
SM 1210  877       512   0  3.21     0.0 103.4          M      158
================================================================================
AV 50.4 36.5                               4.3 FASTST   M    M   7    MAX(MPH)
                                 MISC ---->  # 29 180               # 36  170
================================================================================
NOTES:
# LAST OF SEVERAL OCCURRENCES

COLUMN 17 PEAK WIND IN M.P.H.

PRELIMINARY LOCAL CLIMATOLOGICAL DATA (WS FORM: F-6) , PAGE 2

                                          STATION:  SALEM OR
                                          MONTH:    JANUARY
                                          YEAR:     2015
                                          LATITUDE:   44 55 N
                                          LONGITUDE: 123  0 W

[TEMPERATURE DATA]      [PRECIPITATION DATA]       SYMBOLS USED IN COLUMN 16

AVERAGE MONTHLY: 43.5   TOTAL FOR MONTH:   3.21    1 = FOG OR MIST
DPTR FM NORMAL:   2.5   DPTR FM NORMAL:   -1.52    2 = FOG REDUCING VISIBILITY
HIGHEST:    64 ON 24    GRTST 24HR  1.78 ON 17-18      TO 1/4 MILE OR LESS
LOWEST:     23 ON  2                               3 = THUNDER
                        SNOW, ICE PELLETS, HAIL    4 = ICE PELLETS
                        TOTAL MONTH:   0.0 INCH    5 = HAIL
                        GRTST 24HR     0.0         6 = FREEZING RAIN OR DRIZZLE
                        GRTST DEPTH:   0           7 = DUSTSTORM OR SANDSTORM:
                                                       VSBY 1/2 MILE OR LESS
                                                   8 = SMOKE OR HAZE
[NO. OF DAYS WITH]      [WEATHER - DAYS WITH]      9 = BLOWING SNOW
                                                   X = TORNADO
MAX 32 OR BELOW:   0    0.01 INCH OR MORE:  10
MAX 90 OR ABOVE:   0    0.10 INCH OR MORE:   4
MIN 32 OR BELOW:   6    0.50 INCH OR MORE:   2
MIN  0 OR BELOW:   0    1.00 INCH OR MORE:   1

[HDD (BASE 65) ]
TOTAL THIS MO.   512    CLEAR  (SCALE 0-3)   4
DPTR FM NORMAL   -65    PTCLDY (SCALE 4-7)  11
TOTAL FM JUL 1  1892    CLOUDY (SCALE 8-10)  9
DPTR FM NORMAL  -574

[CDD (BASE 65) ]
TOTAL THIS MO.     0
DPTR FM NORMAL     0    [PRESSURE DATA]
TOTAL FM JAN 1     0    HIGHEST SLP M ON M
DPTR FM NORMAL     0    LOWEST  SLP 29.73 ON 17

[REMARKS]
