952
CXUS56 KPQR 241200
CF6SLE
PRELIMINARY LOCAL CLIMATOLOGICAL DATA (WS FORM: F-6)

                                          STATION:   SALEM OR
                                          MONTH:     JUNE
                                          YEAR:      2017
                                          LATITUDE:   44 55 N
                                          LONGITUDE: 123  0 W

  TEMPERATURE IN F:       :PCPN:    SNOW:  WIND      :SUNSHINE: SKY     :PK WND
================================================================================
1   2   3   4   5  6A  6B    7    8   9   10  11  12  13   14  15   16   17  18
                                     12Z  AVG MX 2MIN
DY MAX MIN AVG DEP HDD CDD  WTR  SNW DPTH SPD SPD DIR MIN PSBL S-S WX    SPD DR
================================================================================

 1  70  55  63   4   2   0    T  0.0    0  7.8 16 260   M    M   8        21 250
 2  77  53  65   6   0   0 0.00  0.0    0  5.2 13 330   M    M   3        16 320
 3  66  53  60   1   5   0 0.02  0.0    0  5.7 13 340   M    M   9 1      17 290
 4  70  47  59  -1   6   0 0.00  0.0    0  5.8 13 310   M    M   7        17 320
 5  79  44  62   2   3   0 0.00  0.0    0  6.6 14  20   M    M   0 8      19 350
 6  83  49  66   6   0   1 0.00  0.0    0  4.9 14 300   M    M   0        19 280
 7  76  50  63   3   2   0 0.01  0.0    0  3.9 12 260   M    M   3        14 270
 8  65  50  58  -2   7   0 0.34  0.0    0  8.0 21 250   M    M  10 1      27 250
 9  61  50  56  -4   9   0 0.09  0.0    0  8.7 18 260   M    M   8        27 270
10  62  50  56  -4   9   0 0.13  0.0    0  5.8 20 260   M    M   9 1      25 180
11  68  50  59  -2   6   0    T  0.0    0  7.4 18 300   M    M   9        22 300
12  61  52  57  -4   8   0    T    M    0  5.8 17 310   M    M  10        22 300
13  64  51  58  -3   7   0    T    M    M  4.6 12 320   M    M   9        16 210
14  69  48  59  -2   6   0 0.00    M    M  2.7 10 220   M    M   7        13 210
15  64  55  60  -1   5   0 0.13  0.0    0 11.8 18 190   M    M  10 1      37 190
16  65  57  61  -1   4   0 0.02    M    0  6.1 12 260   M    M  10        18 190
17  75  58  67   5   0   2 0.00  0.0    0  3.4 10 270   M    M   9         M  M
18  83  58  71   9   0   6 0.00  0.0    0  5.4 13  20   M    M   6         M  M
19  88  59  74  12   0   9 0.00  0.0    0  8.0 17 300   M    M   2        23 300
20  80  56  68   6   0   3 0.00  0.0    0  6.8 16 290   M    M   3        21 300
21  78  48  63   1   2   0 0.00  0.0    0 10.8 18 360   M    M   1        24 360
22  86  51  69   6   0   4 0.00  0.0    0 11.5 23  20   M    M   0        28  20
23  93  55  74  11   0   9 0.00  0.0    0  9.7 21  20   M    M   0        26  10
================================================================================
SM 1683 1199        81  34  0.74     0.0 156.4          M      133
================================================================================
AV 73.2 52.1                               6.8 FASTST   M    M   6    MAX(MPH)
                                 MISC ---->  # 23  20               # 37  190
================================================================================
NOTES:
# LAST OF SEVERAL OCCURRENCES

COLUMN 17 PEAK WIND IN M.P.H.

PRELIMINARY LOCAL CLIMATOLOGICAL DATA (WS FORM: F-6) , PAGE 2

                                          STATION:  SALEM OR
                                          MONTH:    JUNE
                                          YEAR:     2017
                                          LATITUDE:   44 55 N
                                          LONGITUDE: 123  0 W

[TEMPERATURE DATA]      [PRECIPITATION DATA]       SYMBOLS USED IN COLUMN 16

AVERAGE MONTHLY: 62.7   TOTAL FOR MONTH:   0.74    1 = FOG OR MIST
DPTR FM NORMAL:   1.8   DPTR FM NORMAL:   -0.60    2 = FOG REDUCING VISIBILITY
HIGHEST:    93 ON 23    GRTST 24HR  0.34 ON  8- 8      TO 1/4 MILE OR LESS
LOWEST:     44 ON  5                               3 = THUNDER
                        SNOW, ICE PELLETS, HAIL    4 = ICE PELLETS
                        TOTAL MONTH:   0.0 INCH    5 = HAIL
                        GRTST 24HR     0.0         6 = FREEZING RAIN OR DRIZZLE
                        GRTST DEPTH:   0           7 = DUSTSTORM OR SANDSTORM:
                                                       VSBY 1/2 MILE OR LESS
                                                   8 = SMOKE OR HAZE
[NO. OF DAYS WITH]      [WEATHER - DAYS WITH]      9 = BLOWING SNOW
                                                   X = TORNADO
MAX 32 OR BELOW:   0    0.01 INCH OR MORE:   7
MAX 90 OR ABOVE:   1    0.10 INCH OR MORE:   3
MIN 32 OR BELOW:   0    0.50 INCH OR MORE:   0
MIN  0 OR BELOW:   0    1.00 INCH OR MORE:   0

[HDD (BASE 65) ]
TOTAL THIS MO.    81    CLEAR  (SCALE 0-3)   7
DPTR FM NORMAL   -29    PTCLDY (SCALE 4-7)   7
TOTAL FM JUL 1  4417    CLOUDY (SCALE 8-10)  9
DPTR FM NORMAL  -216

[CDD (BASE 65) ]
TOTAL THIS MO.    34
DPTR FM NORMAL    17    [PRESSURE DATA]
TOTAL FM JAN 1    61    HIGHEST SLP M ON M
DPTR FM NORMAL    35    LOWEST  SLP 29.65 ON  8

[REMARKS]
