000
CXUS55 KPQR 231230
CF6SLE
PRELIMINARY LOCAL CLIMATOLOGICAL DATA (WS FORM: F-6)

                                          STATION:   SALEM OR
                                          MONTH:     APRIL
                                          YEAR:      2014
                                          LATITUDE:   44 55 N
                                          LONGITUDE: 123  0 W

  TEMPERATURE IN F:       :PCPN:    SNOW:  WIND      :SUNSHINE: SKY     :PK WND
================================================================================
1   2   3   4   5  6A  6B    7    8   9   10  11  12  13   14  15   16   17  18
                                     12Z  AVG MX 2MIN
DY MAX MIN AVG DEP HDD CDD  WTR  SNW DPTH SPD SPD DIR MIN PSBL S-S WX    SPD DR
================================================================================

 1  56  42  49   0  16   0 0.02    M    0  3.0 10 170   M    M  10        14 160
 2  62  39  51   2  14   0 0.00  0.0    0  5.4 13 170   M    M   6 12     16 260
 3  57  42  50   1  15   0 0.17    M    0  8.5 20 180   M    M   6        26 180
 4  59  46  53   4  12   0 0.01    M    0  8.0 14 170   M    M   9 1      17 170
 5  56  48  52   3  13   0 0.08    M    0 10.7 21 190   M    M   9 18     27 200
 6  66  47  57   8   8   0    T    M    0  8.1 16 210   M    M   6 1      19 220
 7  74  42  58   9   7   0 0.00    M    M  3.8 12 270   M    M   3 12     15 270
 8  72  41  57   8   8   0 0.03    M    M  4.6 16 320   M    M   5 1      19 320
 9  64  47  56   7   9   0 0.01    M    0  8.5 16  10   M    M   3 1      20  40
10  66  39  53   3  12   0 0.00  0.0    0  6.8 15 360   M    M   0        20 340
11  69  43  56   6   9   0 0.00  0.0    0  7.5 15 360   M    M   0        21 360
12  65  42  54   4  11   0 0.00  0.0    0  6.2 14  20   M    M   3        17  10
13  74  38  56   6   9   0 0.00  0.0    0  6.9 21  30   M    M   0        25  10
14  71  39  55   5  10   0 0.00  0.0    0  5.6 18 320   M    M   1        22 320
15  59  46  53   3  12   0 0.01    M    0  3.2 10 310   M    M   8        13 270
16  62  48  55   5  10   0    T    M    0  5.2 13 180   M    M  10        15 180
17  57  42  50   0  15   0 0.41    M    0  7.9 21 180   M    M   9 1      29 180
18  62  35  49  -1  16   0 0.00  0.0    0  5.3 15 350   M    M   2 12     18 350
19  61  39  50  -1  15   0 0.04    M    0 10.8 25 280   M    M   6        34 170
20  65  39  52   1  13   0 0.00  0.0    0  4.1 12 190   M    M   1        16 180
21  64  46  55   4  10   0 0.19    M    0  5.0 15 230   M    M   5 1      20 250
22  57  44  51   0  14   0 0.20    M    0 10.0 23 260   M    M   8        31 270
================================================================================
SM 1398  934       258   0  1.17     0.0 145.1          M      110
================================================================================
AV 63.5 42.5                               6.6 FASTST   M    M   5    MAX(MPH)
                                 MISC ---->  # 25 280               # 34  170
================================================================================
NOTES:
# LAST OF SEVERAL OCCURRENCES

COLUMN 17 PEAK WIND IN M.P.H.

PRELIMINARY LOCAL CLIMATOLOGICAL DATA (WS FORM: F-6) , PAGE 2

                                          STATION:  SALEM OR
                                          MONTH:    APRIL
                                          YEAR:     2014
                                          LATITUDE:   44 55 N
                                          LONGITUDE: 123  0 W

[TEMPERATURE DATA]      [PRECIPITATION DATA]       SYMBOLS USED IN COLUMN 16

AVERAGE MONTHLY: 53.0   TOTAL FOR MONTH:   1.17    1 = FOG OR MIST
DPTR FM NORMAL:   3.2   DPTR FM NORMAL:   -1.02    2 = FOG REDUCING VISIBILITY
HIGHEST:    74 ON 13, 7 GRTST 24HR  0.41 ON 17-17      TO 1/4 MILE OR LESS
LOWEST:     35 ON 18                               3 = THUNDER
                        SNOW, ICE PELLETS, HAIL    4 = ICE PELLETS
                        TOTAL MONTH:   0.0 INCH    5 = HAIL
                        GRTST 24HR     0.0         6 = FREEZING RAIN OR DRIZZLE
                        GRTST DEPTH:   0           7 = DUSTSTORM OR SANDSTORM:
                                                       VSBY 1/2 MILE OR LESS
                                                   8 = SMOKE OR HAZE
[NO. OF DAYS WITH]      [WEATHER - DAYS WITH]      9 = BLOWING SNOW
                                                   X = TORNADO
MAX 32 OR BELOW:   0    0.01 INCH OR MORE:  11
MAX 90 OR ABOVE:   0    0.10 INCH OR MORE:   4
MIN 32 OR BELOW:   0    0.50 INCH OR MORE:   0
MIN  0 OR BELOW:   0    1.00 INCH OR MORE:   0

[HDD (BASE 65) ]
TOTAL THIS MO.   258    CLEAR  (SCALE 0-3)   8
DPTR FM NORMAL   -78    PTCLDY (SCALE 4-7)   9
TOTAL FM JUL 1  4030    CLOUDY (SCALE 8-10)  5
DPTR FM NORMAL  -109

[CDD (BASE 65) ]
TOTAL THIS MO.     0
DPTR FM NORMAL     0    [PRESSURE DATA]
TOTAL FM JAN 1     0    HIGHEST SLP M ON M
DPTR FM NORMAL     0    LOWEST  SLP 29.74 ON  1

[REMARKS]
