000
CXUS51 KBTV 290700
CF6SLK
PRELIMINARY LOCAL CLIMATOLOGICAL DATA (WS FORM: F-6)

                                          STATION:   SARANAC LAKE NY
                                          MONTH:     JULY
                                          YEAR:      2015
                                          LATITUDE:   44 23 N
                                          LONGITUDE:  74 12 W

  TEMPERATURE IN F:       :PCPN:    SNOW:  WIND      :SUNSHINE: SKY     :PK WND
================================================================================
1   2   3   4   5  6A  6B    7    8   9   10  11  12  13   14  15   16   17  18
                                     12Z  AVG MX 2MIN
DY MAX MIN AVG DEP HDD CDD  WTR  SNW DPTH SPD SPD DIR MIN PSBL S-S WX    SPD DR
================================================================================

 1   M   M   M   M   M   M 0.30    M    0  5.6 20 230   M    M   9 1      27 260
 2  67  40  54  -9  11   0    T    M    0  5.7 16 250   M    M   4 1      21 230
 3  72  35  54  -9  11   0 0.00  0.0    0  2.5 13 240   M    M   2 12     18 230
 4  72  43  58  -5   7   0 0.02    M    0  2.0 12 220   M    M   5 123    17 220
 5  76  48  62  -2   3   0 0.00  0.0    0  3.6 10 250   M    M   4 12     17 230
 6  80  45  63  -1   2   0 0.00  0.0    0  2.3 14 220   M    M   3 12     17 220
 7  83  53  68   4   0   3 0.04  0.0    0  7.9 20 220   M    M   4 1      25 220
 8  70  49  60  -4   5   0 0.09    M    0  4.5 13  10   M    M   4 1      17  20
 9  69  46  58  -6   7   0 0.04    M    0  2.1 10 240   M    M   5 12     14 230
10  77  50  64   0   1   0 0.00  0.0    0  3.1 13 320   M    M   2 12     18 360
11  81  45  63  -1   2   0 0.00  0.0    0  5.5 14 250   M    M   0 1      22 250
12  83  54  69   5   0   4 0.00  0.0    0  4.9 13 220   M    M   0        17 260
13  86  51  69   5   0   4 0.02  0.0    0  4.9 23 210   M    M   2 123    28 210
14  77  59  68   4   0   3 0.46  0.0    0  6.1 21 210   M    M   6 18     26 210
15  66  43  55  -9  10   0 0.00  0.0    0  5.7 13  30   M    M   7 1      19 280
16  73  34  54 -10  11   0 0.00  0.0    0  1.9 13  50   M    M   1        16  40
17  74  38  56  -8   9   0 0.26    M    0  5.2 16 220   M    M   4 12     27 310
18  80  62  71   7   0   6 0.46  0.0    0  6.5 16 240   M    M   7 1      23 300
19  84  60  72   8   0   7 0.11  0.0    0  7.1 16 230   M    M   6 123    23 230
20  79  54  67   3   0   2 0.00  0.0    0  6.8 17 220   M    M   2 1      25 220
21  77  51  64   0   1   0 0.51  0.0    0  6.6 20 210   M    M   5 13     25 220
22  69  49  59  -5   6   0 0.07    M    0  4.8 14 280   M    M   9 12     24  90
23  70  53  62  -1   3   0    T  0.0    0  4.7 14 220   M    M   8 1      18 280
24  75  48  62  -1   3   0 0.00  0.0    0  2.7 12 350   M    M   7 1      17 280
25  78  45  62  -1   3   0 0.10    M    0  4.1 13 220   M    M   7 12     17 220
26  80  56  68   5   0   3 0.19  0.0    0  4.7 12 220   M    M   6 1      16 230
27  82  55  69   6   0   4 0.25  0.0    0  2.2 18 290   M    M   5 123    31 290
28  86  55  71   8   0   6 0.00  0.0    0  2.7  8 240   M    M   1 13      M  M
================================================================================
SM 2066 1321        95  42  2.92     0.0 126.4          M      125
================================================================================
AV 76.5 48.9                               4.5 FASTST   M    M   4    MAX(MPH)
                                 MISC ---->  # 23 210               # 31  290
================================================================================
NOTES:
# LAST OF SEVERAL OCCURRENCES

COLUMN 17 PEAK WIND IN M.P.H.

PRELIMINARY LOCAL CLIMATOLOGICAL DATA (WS FORM: F-6) , PAGE 2

                                          STATION:  SARANAC LAKE NY
                                          MONTH:    JULY
                                          YEAR:     2015
                                          LATITUDE:   44 23 N
                                          LONGITUDE:  74 12 W

[TEMPERATURE DATA]      [PRECIPITATION DATA]       SYMBOLS USED IN COLUMN 16

AVERAGE MONTHLY: 62.7   TOTAL FOR MONTH:   2.92    1 = FOG OR MIST
DPTR FM NORMAL:  -0.9   DPTR FM NORMAL:   -0.86    2 = FOG REDUCING VISIBILITY
HIGHEST:    86 ON 28,13 GRTST 24HR  0.72 ON 17-18      TO 1/4 MILE OR LESS
LOWEST:     34 ON 16                               3 = THUNDER
                        SNOW, ICE PELLETS, HAIL    4 = ICE PELLETS
                        TOTAL MONTH:   0.0 INCH    5 = HAIL
                        GRTST 24HR     0.0         6 = FREEZING RAIN OR DRIZZLE
                        GRTST DEPTH:   0           7 = DUSTSTORM OR SANDSTORM:
                                                       VSBY 1/2 MILE OR LESS
                                                   8 = SMOKE OR HAZE
[NO. OF DAYS WITH]      [WEATHER - DAYS WITH]      9 = BLOWING SNOW
                                                   X = TORNADO
MAX 32 OR BELOW:   0    0.01 INCH OR MORE:  15
MAX 90 OR ABOVE:   0    0.10 INCH OR MORE:   9
MIN 32 OR BELOW:   0    0.50 INCH OR MORE:   1
MIN  0 OR BELOW:   0    1.00 INCH OR MORE:   0

[HDD (BASE 65) ]
TOTAL THIS MO.    95    CLEAR  (SCALE 0-3)   8
DPTR FM NORMAL    11    PTCLDY (SCALE 4-7)  18
TOTAL FM JUL 1    95    CLOUDY (SCALE 8-10)  2
DPTR FM NORMAL    11

[CDD (BASE 65) ]
TOTAL THIS MO.    42
DPTR FM NORMAL    -1    [PRESSURE DATA]
TOTAL FM JAN 1    64    HIGHEST SLP M ON M
DPTR FM NORMAL    -8    LOWEST  SLP 29.55 ON 21

[REMARKS]
