000
CXUS51 KBTV 310947
CF6SLK
PRELIMINARY LOCAL CLIMATOLOGICAL DATA (WS FORM: F-6)

                                          STATION:   SARANAC LAKE NY
                                          MONTH:     JULY
                                          YEAR:      2016
                                          LATITUDE:   44 23 N
                                          LONGITUDE:  74 12 W

  TEMPERATURE IN F:       :PCPN:    SNOW:  WIND      :SUNSHINE: SKY     :PK WND
================================================================================
1   2   3   4   5  6A  6B    7    8   9   10  11  12  13   14  15   16   17  18
                                     12Z  AVG MX 2MIN
DY MAX MIN AVG DEP HDD CDD  WTR  SNW DPTH SPD SPD DIR MIN PSBL S-S WX    SPD DR
================================================================================

 1  77  40  59  -4   6   0 0.28    M    0  6.6 21 210   M    M   4 12     30 190
 2  65  48  57  -6   8   0 0.02    M    0  8.3 16 240   M    M   7 1      25 240
 3  74  50  62  -1   3   0 0.07  0.0    0  7.7 17 240   M    M   3 1      25 250
 4  79  45  62  -1   3   0 0.00  0.0    0  4.8 15 240   M    M   0        22 230
 5  82  45  64   0   1   0 0.00  0.0    0  3.9 14 250   M    M   1        20 230
 6  84  54  69   5   0   4 0.00  0.0    0  3.8 14 230   M    M   1        20 240
 7  85  56  71   7   0   6 0.00  0.0    0  3.6 15 250   M    M   4 123    22 240
 8  78  56  67   3   0   2 0.06  0.0    0  5.4 14  60   M    M   6 12     17  60
 9  70  55  63  -1   2   0 1.13  0.0    0  4.3 15 190   M    M   8 13     19 180
10  64  49  57  -7   8   0 0.26    M    0  3.5  9 360   M    M  10 18     15 360
11  77  45  61  -3   4   0 0.00  0.0    0  1.5  9 280   M    M   5 12     13 280
12  81  45  63  -1   2   0 0.00  0.0    0  3.5 14 210   M    M   2 12     20 240
13  87  53  70   6   0   5 0.07  0.0    0  5.1 16 260   M    M   2 13     25 240
14  83  67  75  11   0  10 0.17  0.0    0  9.3 21 210   M    M   5 138    30 240
15  81  62  72   8   0   7 0.00  0.0    0  8.8 21 220   M    M   6        29 280
16  69  53  61  -3   4   0 0.00  0.0    0  4.7 12 230   M    M   8 12     16 230
17  76  53  65   1   0   0 0.00  0.0    0  3.0 13 220   M    M   5 12     18 230
18  82  52  67   3   0   2 0.49  0.0    0  7.0 24 230   M    M   6 13     32 220
19  68  44  56  -8   9   0 0.00  0.0    0  3.5 12 280   M    M   6 1      18 280
20  75  39  57  -7   8   0 0.00  0.0    0  3.6 13 230   M    M   2 12     18 220
21  82  43  63  -1   2   0 0.00  0.0    0  6.7 16 220   M    M   1        20 240
22  85  61  73   9   0   8 0.13  0.0    0  8.1 18 240   M    M   6 13     26 230
23  79  53  66   3   0   1 0.05  0.0    0  3.3 20  20   M    M   3 123    27  10
24  79  48  64   1   1   0 0.00  0.0    0  1.9  9 330   M    M   2 12     15 330
25  75  51  63   0   2   0 0.01  0.0    0  6.3 18 220   M    M   6 1      23 220
26  77  55  66   3   0   1 0.00  0.0    0  5.0 13 290   M    M   4 1      22 270
27  84  48  66   3   0   1 0.00  0.0    0  4.6 16 220   M    M   4 12     22 120
28  77  56  67   4   0   2 0.19  0.0    0  1.5 10  60   M    M   4 13     17  10
29  79  49  64   1   1   0 0.00  0.0    0  3.0 10 360   M    M   4 1      19 320
30  76  43  60  -3   5   0 0.00  0.0    0  4.3 13  50   M    M   3 12     16  60
================================================================================
SM 2330 1518        69  49  2.93     0.0 146.6          M      128
================================================================================
AV 77.7 50.6                               4.9 FASTST   M    M   4    MAX(MPH)
                                 MISC ---->  # 24 230               # 32  220
================================================================================
NOTES:
# LAST OF SEVERAL OCCURRENCES

COLUMN 17 PEAK WIND IN M.P.H.

PRELIMINARY LOCAL CLIMATOLOGICAL DATA (WS FORM: F-6) , PAGE 2

                                          STATION:  SARANAC LAKE NY
                                          MONTH:    JULY
                                          YEAR:     2016
                                          LATITUDE:   44 23 N
                                          LONGITUDE:  74 12 W

[TEMPERATURE DATA]      [PRECIPITATION DATA]       SYMBOLS USED IN COLUMN 16

AVERAGE MONTHLY: 64.1   TOTAL FOR MONTH:   2.93    1 = FOG OR MIST
DPTR FM NORMAL:   0.5   DPTR FM NORMAL:   -1.13    2 = FOG REDUCING VISIBILITY
HIGHEST:    87 ON 13    GRTST 24HR  1.19 ON  8- 9      TO 1/4 MILE OR LESS
LOWEST:     39 ON 20                               3 = THUNDER
                        SNOW, ICE PELLETS, HAIL    4 = ICE PELLETS
                        TOTAL MONTH:   0.0 INCH    5 = HAIL
                        GRTST 24HR     0.0         6 = FREEZING RAIN OR DRIZZLE
                        GRTST DEPTH:   0           7 = DUSTSTORM OR SANDSTORM:
                                                       VSBY 1/2 MILE OR LESS
                                                   8 = SMOKE OR HAZE
[NO. OF DAYS WITH]      [WEATHER - DAYS WITH]      9 = BLOWING SNOW
                                                   X = TORNADO
MAX 32 OR BELOW:   0    0.01 INCH OR MORE:  13
MAX 90 OR ABOVE:   0    0.10 INCH OR MORE:   7
MIN 32 OR BELOW:   0    0.50 INCH OR MORE:   1
MIN  0 OR BELOW:   0    1.00 INCH OR MORE:   1

[HDD (BASE 65) ]
TOTAL THIS MO.    69    CLEAR  (SCALE 0-3)  11
DPTR FM NORMAL   -21    PTCLDY (SCALE 4-7)  18
TOTAL FM JUL 1    69    CLOUDY (SCALE 8-10)  1
DPTR FM NORMAL   -21

[CDD (BASE 65) ]
TOTAL THIS MO.    49
DPTR FM NORMAL     4    [PRESSURE DATA]
TOTAL FM JAN 1    82    HIGHEST SLP M ON M
DPTR FM NORMAL     8    LOWEST  SLP 29.71 ON  7

[REMARKS]
