000
CXUS53 KICT 241154
CF6SLN
PRELIMINARY LOCAL CLIMATOLOGICAL DATA (WS FORM: F-6)

                                          STATION:   SALINA KS
                                          MONTH:     OCTOBER
                                          YEAR:      2014
                                          LATITUDE:   38 47 N
                                          LONGITUDE:  97 39 W

  TEMPERATURE IN F:       :PCPN:    SNOW:  WIND      :SUNSHINE: SKY     :PK WND
================================================================================
1   2   3   4   5  6A  6B    7    8   9   10  11  12  13   14  15   16   17  18
                                     12Z  AVG MX 2MIN
DY MAX MIN AVG DEP HDD CDD  WTR  SNW DPTH SPD SPD DIR MIN PSBL S-S WX    SPD DR
================================================================================

 1  82  63  73  10   0   8    T    M    M  6.4 15 330   M    M   2 13     19 150
 2  68  52  60  -3   5   0 0.05    M    M 10.7 26 320   M    M   5 18     34 320
 3  60  43  52 -10  13   0 0.03    M    M 17.3 37 340   M    M   2        47 340
 4  64  38  51 -11  14   0 0.00    M    M  4.7 13 220   M    M   0 8      15 210
 5  77  46  62   0   3   0    T    M    M  7.8 18 310   M    M   0        24 310
 6  80  52  66   5   0   1    T    M    M  6.2 17 290   M    M   1 8      23 270
 7  82  53  68   7   0   3 0.00    M    M  3.9 13 360   M    M   0 8      16  30
 8  78  54  66   6   0   1 0.00    M    M  9.0 20 110   M    M   2        24 100
 9  66  56  61   1   4   0 0.31    M    M  9.7 21  60   M    M   7 13     30  70
10  57  45  51  -9  14   0 0.54    M    M 12.5 20 350   M    M  10 1      26  50
11  62  39  51  -8  14   0 0.00    M    M  4.5  8 170   M    M   1        12 130
12  66  41  54  -5  11   0 0.20    M    M  8.9 21 160   M    M   4 1      28 160
13  64  52  58  -1   7   0 0.37    M    M 20.4 39 360   M    M   7 1      47 360
14  69  43  56  -2   9   0 0.00    M    M 13.0 26 330   M    M   0        32 330
15  73  37  55  -3  10   0 0.00    M    M  4.5 12 160   M    M   0        15 220
16  79  49  64   6   1   0 0.00    M    M  8.3 17 360   M    M   0 8      23 350
17  70  44  57   0   8   0 0.00    M    M  8.3 18 350   M    M   0 8      24 360
18  65  40  53  -4  12   0 0.00    M    M  5.5 10  10   M    M   0        14  20
19  72  42  57   1   8   0 0.00    M    M  7.1 20 190   M    M   1        24 200
20  79  47  63   7   2   0 0.00    M    M  3.2 10  40   M    M   0 18     13  50
21  80  43  62   6   3   0 0.00    M    M  6.8 18 140   M    M   0        23 130
22  80  58  69  14   0   4 0.05    M    M 12.1 26 200   M    M   3 1      35 190
23  77  59  68  13   0   3 0.01    M    M  6.1 12 190   M    M   5 1      16 160
================================================================================
SM 1650 1096       138  20  1.56    M    196.9          M       50
================================================================================
AV 71.7 47.7                               8.6 FASTST   M    M   2    MAX(MPH)
                                 MISC ---->  # 39 360               # 47  340
================================================================================
NOTES:
# LAST OF SEVERAL OCCURRENCES

COLUMN 17 PEAK WIND IN M.P.H.

PRELIMINARY LOCAL CLIMATOLOGICAL DATA (WS FORM: F-6) , PAGE 2

                                          STATION:  SALINA KS
                                          MONTH:    OCTOBER
                                          YEAR:     2014
                                          LATITUDE:   38 47 N
                                          LONGITUDE:  97 39 W

[TEMPERATURE DATA]      [PRECIPITATION DATA]       SYMBOLS USED IN COLUMN 16

AVERAGE MONTHLY: 59.7   TOTAL FOR MONTH:   1.56    1 = FOG OR MIST
DPTR FM NORMAL:   0.7   DPTR FM NORMAL:   -0.28    2 = FOG REDUCING VISIBILITY
HIGHEST:    82 ON  7, 1 GRTST 24HR  0.79 ON 30- 1      TO 1/4 MILE OR LESS
LOWEST:     37 ON 15                               3 = THUNDER
                        SNOW, ICE PELLETS, HAIL    4 = ICE PELLETS
                        TOTAL MONTH:    M          5 = HAIL
                        GRTST 24HR    M  ON   M    6 = FREEZING RAIN OR DRIZZLE
                        GRTST DEPTH:  M  ON   M    7 = DUSTSTORM OR SANDSTORM:
                                                       VSBY 1/2 MILE OR LESS
                                                   8 = SMOKE OR HAZE
[NO. OF DAYS WITH]      [WEATHER - DAYS WITH]      9 = BLOWING SNOW
                                                   X = TORNADO
MAX 32 OR BELOW:   0    0.01 INCH OR MORE:   8
MAX 90 OR ABOVE:   0    0.10 INCH OR MORE:   4
MIN 32 OR BELOW:   0    0.50 INCH OR MORE:   1
MIN  0 OR BELOW:   0    1.00 INCH OR MORE:   0

[HDD (BASE 65) ]
TOTAL THIS MO.   138    CLEAR  (SCALE 0-3)  17
DPTR FM NORMAL   -33    PTCLDY (SCALE 4-7)   5
TOTAL FM JUL 1   178    CLOUDY (SCALE 8-10)  1
DPTR FM NORMAL   -45

[CDD (BASE 65) ]
TOTAL THIS MO.    20
DPTR FM NORMAL   -12    [PRESSURE DATA]
TOTAL FM JAN 1  1778    HIGHEST SLP M ON M
DPTR FM NORMAL   134    LOWEST  SLP 29.55 ON 13

[REMARKS]
