000
CXUS53 KICT 300800
CF6SLN
PRELIMINARY LOCAL CLIMATOLOGICAL DATA (WS FORM: F-6)

                                          STATION:   SALINA KS
                                          MONTH:     APRIL
                                          YEAR:      2016
                                          LATITUDE:   38 47 N
                                          LONGITUDE:  97 39 W

  TEMPERATURE IN F:       :PCPN:    SNOW:  WIND      :SUNSHINE: SKY     :PK WND
================================================================================
1   2   3   4   5  6A  6B    7    8   9   10  11  12  13   14  15   16   17  18
                                     12Z  AVG MX 2MIN
DY MAX MIN AVG DEP HDD CDD  WTR  SNW DPTH SPD SPD DIR MIN PSBL S-S WX    SPD DR
================================================================================

 1  57  27  42  -8  23   0 0.00    M    M 15.6 30 340   M    M   2        36 350
 2  72  27  50  -1  15   0 0.00    M    M  9.7 20 310   M    M   0        24 310
 3  85  41  63  12   2   0 0.00    M    M 12.7 28 220   M    M   0        34 220
 4  73  44  59   8   6   0 0.00    M    M  8.5 15  30   M    M   2 8      20  20
 5  89  52  71  19   0   6 0.05    M    M 18.0 35 200   M    M   2 38     44 200
 6  70  47  59   7   6   0 0.02    M    M 17.9 43 330   M    M   1        49 340
 7  72  41  57   5   8   0    T    M    M 19.3 48 330   M    M   1        56 330
 8  72  31  52  -1  13   0 0.00    M    M  7.6 18 320   M    M   0        23 300
 9  76  36  56   3   9   0 0.00    M    M 17.3 30 190   M    M   1        40 190
10  77  52  65  12   0   0 0.01    M    M 14.3 31 190   M    M   1        38 190
11  63  37  50  -4  15   0 0.00    M    M 10.8 24  30   M    M   3        30  40
12  70  31  51  -3  14   0 0.00    M    M  8.4 20 150   M    M   0        28 120
13  77  35  56   2   9   0 0.00    M    M  9.4 20 170   M    M   1 1      29 160
14  77  41  59   4   6   0 0.00    M    M 10.7 21 160   M    M   0 12     27 170
15  80  53  67  12   0   2 0.00    M    M 17.4 31 140   M    M   0        36 140
16  75  60  68  13   0   3 0.00    M    M 20.0 29 140   M    M   7 3      39 150
17  65  56  61   5   4   0 0.74    M    M 11.9 30 150   M    M  10 13     38 150
18  59  45  52  -4  13   0 0.50    M    M 10.5 20 330   M    M   8 18     25 310
19  68  42  55  -1  10   0 0.77    M    M  9.2 25 310   M    M   5 1      30 300
20  70  49  60   3   5   0 0.14    M    M 11.1 21 270   M    M   7 1      26 250
21  74  49  62   5   3   0 0.00    M    M 11.3 25 340   M    M   4        31 340
22  75  46  61   4   4   0 0.00    M    M  6.7 15 350   M    M   0        22 360
23  82  47  65   7   0   0 0.00    M    M 15.0 29 160   M    M   0 18     37 170
24  81  63  72  14   0   7 0.25    M    M 20.0 43 170   M    M   1 3      50 170
25  78  50  64   6   1   0 0.00    M    M  6.2 13 340   M    M   2        16 350
26  87  62  75  16   0  10 0.24    M    M 11.5 33  90   M    M   4 13     43  90
27  62  47  55  -4  10   0 0.01    M    M 13.4 25 290   M    M   5        33 290
28  63  42  53  -6  12   0 0.00    M    M 11.6 22 320   M    M   2        29 290
29  53  46  50 -10  15   0 1.62    M    M 13.1 28  40   M    M   8 13     39  30
================================================================================
SM 2102 1299       203  28  4.35    M    369.1          M       77
================================================================================
AV 72.5 44.8                              12.7 FASTST   M    M   3    MAX(MPH)
                                 MISC ---->  # 48 330               # 56  330
================================================================================
NOTES:
# LAST OF SEVERAL OCCURRENCES

COLUMN 17 PEAK WIND IN M.P.H.

PRELIMINARY LOCAL CLIMATOLOGICAL DATA (WS FORM: F-6) , PAGE 2

                                          STATION:  SALINA KS
                                          MONTH:    APRIL
                                          YEAR:     2016
                                          LATITUDE:   38 47 N
                                          LONGITUDE:  97 39 W

[TEMPERATURE DATA]      [PRECIPITATION DATA]       SYMBOLS USED IN COLUMN 16

AVERAGE MONTHLY: 58.6   TOTAL FOR MONTH:   4.35    1 = FOG OR MIST
DPTR FM NORMAL:   3.6   DPTR FM NORMAL:    1.42    2 = FOG REDUCING VISIBILITY
HIGHEST:    89 ON  5    GRTST 24HR  1.62 ON 29-29      TO 1/4 MILE OR LESS
LOWEST:     27 ON  2, 1                            3 = THUNDER
                        SNOW, ICE PELLETS, HAIL    4 = ICE PELLETS
                        TOTAL MONTH:    M          5 = HAIL
                        GRTST 24HR    M  ON   M    6 = FREEZING RAIN OR DRIZZLE
                        GRTST DEPTH:  M  ON   M    7 = DUSTSTORM OR SANDSTORM:
                                                       VSBY 1/2 MILE OR LESS
                                                   8 = SMOKE OR HAZE
[NO. OF DAYS WITH]      [WEATHER - DAYS WITH]      9 = BLOWING SNOW
                                                   X = TORNADO
MAX 32 OR BELOW:   0    0.01 INCH OR MORE:  11
MAX 90 OR ABOVE:   0    0.10 INCH OR MORE:   7
MIN 32 OR BELOW:   4    0.50 INCH OR MORE:   4
MIN  0 OR BELOW:   0    1.00 INCH OR MORE:   1

[HDD (BASE 65) ]
TOTAL THIS MO.   203    CLEAR  (SCALE 0-3)  19
DPTR FM NORMAL  -109    PTCLDY (SCALE 4-7)   7
TOTAL FM JUL 1  3607    CLOUDY (SCALE 8-10)  3
DPTR FM NORMAL -1155

[CDD (BASE 65) ]
TOTAL THIS MO.    28
DPTR FM NORMAL     7    [PRESSURE DATA]
TOTAL FM JAN 1    34    HIGHEST SLP M ON M
DPTR FM NORMAL    11    LOWEST  SLP 29.38 ON 26

[REMARKS]
