000
CXUS56 KSGX 231545
CF6SNA
PRELIMINARY LOCAL CLIMATOLOGICAL DATA (WS FORM: F-6)

                                          STATION:   JOHN WAYNE AIRPORT CA
                                          MONTH:     FEBRUARY
                                          YEAR:      2018
                                          LATITUDE:   33 40 N
                                          LONGITUDE: 117 53 W

  TEMPERATURE IN F:       :PCPN:    SNOW:  WIND      :SUNSHINE: SKY     :PK WND
================================================================================
1   2   3   4   5  6A  6B    7    8   9   10  11  12  13   14  15   16   17  18
                                     12Z  AVG MX 2MIN
DY MAX MIN AVG DEP HDD CDD  WTR  SNW DPTH SPD SPD DIR MIN PSBL S-S WX    SPD DR
================================================================================

 1  77  50  64   7   1   0 0.00  0.0    0  2.3  9 210   M    M   4 1      11 220
 2  78  51  65   8   0   0 0.00  0.0    0  2.7 10 210   M    M   5 8      13 200
 3  78  51  65   8   0   0 0.00  0.0    0  3.6 10 210   M    M   2 8      13 200
 4  78  51  65   8   0   0 0.00  0.0    0  2.2  9 210   M    M   1        12 200
 5  70  51  61   4   4   0 0.00  0.0    0  4.6 15 210   M    M   3 1      19 220
 6  68  54  61   4   4   0 0.00  0.0    0  4.1 13 210   M    M   4 18     16  70
 7  80  51  66   9   0   1 0.00  0.0    0  3.2 13 200   M    M   2 128    15 220
 8  81  50  66   9   0   1 0.00  0.0    0  3.2 14 200   M    M   0 18     17 190
 9  67  51  59   2   6   0 0.00  0.0    0  4.2 15 200   M    M   3 8      19 210
10  66  56  61   4   4   0 0.00  0.0    0  6.3 15 200   M    M   8        19 200
11  68  50  59   2   6   0 0.00  0.0    0  5.1 14 160   M    M   2        19 150
12  63  54  59   2   6   0    T  0.0    0  6.1 15 220   M    M   7 1      22 210
13  66  51  59   2   6   0 0.00  0.0    0  5.2 16 210   M    M   5        20 200
14  69  56  63   6   2   0    T  0.0    0  3.8 14 210   M    M   8        18 210
15  71  53  62   5   3   0 0.00  0.0    0  3.3 14 230   M    M   3        18 220
16  77  55  66   9   0   1 0.00  0.0    0  6.1 15  40   M    M   2        20  60
17  72  48  60   3   5   0 0.00  0.0    0  2.8 10 220   M    M   2        16 210
18  68  49  59   1   6   0    T    M    0  5.8 15 190   M    M   3        19 190
19  58  50  54  -4  11   0    T  0.0    0  9.2 18 260   M    M   4        29 280
20  60  38  49  -9  16   0 0.00  0.0    0  4.5 15 200   M    M   0        19 190
21  61  45  53  -5  12   0 0.00  0.0    0  6.1 14 220   M    M   4        18 130
22  62  45  54  -4  11   0    T    M    0  6.6 16 200   M    M   4        20 210
================================================================================
SM 1538 1110       103   3    T      0.0 101.0          M       76
================================================================================
AV 69.9 50.5                               4.6 FASTST   M    M   3    MAX(MPH)
                                 MISC ---->  # 18 260               # 29  280
================================================================================
NOTES:
# LAST OF SEVERAL OCCURRENCES

COLUMN 17 PEAK WIND IN M.P.H.

PRELIMINARY LOCAL CLIMATOLOGICAL DATA (WS FORM: F-6) , PAGE 2

                                          STATION:  JOHN WAYNE AIRPORT CA
                                          MONTH:    FEBRUARY
                                          YEAR:     2018
                                          LATITUDE:   33 40 N
                                          LONGITUDE: 117 53 W

[TEMPERATURE DATA]      [PRECIPITATION DATA]       SYMBOLS USED IN COLUMN 16

AVERAGE MONTHLY: 60.2   TOTAL FOR MONTH:      T    1 = FOG OR MIST
DPTR FM NORMAL:   3.0   DPTR FM NORMAL:   -2.24    2 = FOG REDUCING VISIBILITY
HIGHEST:    81 ON  8    GRTST 24HR    T  ON 22-22      TO 1/4 MILE OR LESS
LOWEST:     38 ON 20                               3 = THUNDER
                        SNOW, ICE PELLETS, HAIL    4 = ICE PELLETS
                        TOTAL MONTH:   0.0 INCH    5 = HAIL
                        GRTST 24HR     0.0         6 = FREEZING RAIN OR DRIZZLE
                        GRTST DEPTH:   0           7 = DUSTSTORM OR SANDSTORM:
                                                       VSBY 1/2 MILE OR LESS
                                                   8 = SMOKE OR HAZE
[NO. OF DAYS WITH]      [WEATHER - DAYS WITH]      9 = BLOWING SNOW
                                                   X = TORNADO
MAX 32 OR BELOW:   0    0.01 INCH OR MORE:   0
MAX 90 OR ABOVE:   0    0.10 INCH OR MORE:   0
MIN 32 OR BELOW:   0    0.50 INCH OR MORE:   0
MIN  0 OR BELOW:   0    1.00 INCH OR MORE:   0

[HDD (BASE 65) ]
TOTAL THIS MO.   103    CLEAR  (SCALE 0-3)  12
DPTR FM NORMAL   -70    PTCLDY (SCALE 4-7)  10
TOTAL FM JUL 1   394    CLOUDY (SCALE 8-10)  0
DPTR FM NORMAL  -471

[CDD (BASE 65) ]
TOTAL THIS MO.     3
DPTR FM NORMAL     3    [PRESSURE DATA]
TOTAL FM JAN 1    26    HIGHEST SLP M ON M
DPTR FM NORMAL    21    LOWEST  SLP 29.80 ON 11

[REMARKS]
