000
CXUS54 KMAF 281100
CF6SNK
PRELIMINARY LOCAL CLIMATOLOGICAL DATA (WS FORM: F-6)

                                          STATION:   Snyder Winston Field
                                          MONTH:     AUGUST
                                          YEAR:      2014
                                          LATITUDE:   32 41 N
                                          LONGITUDE: 100 57 W

  TEMPERATURE IN F:       :PCPN:    SNOW:  WIND      :SUNSHINE: SKY     :PK WND
================================================================================
1   2   3   4   5  6A  6B    7    8   9   10  11  12  13   14  15   16   17  18
                                     12Z  AVG MX 2MIN
DY MAX MIN AVG DEP HDD CDD  WTR  SNW DPTH SPD SPD DIR MIN PSBL S-S WX    SPD DR
================================================================================

 1  85  63  74   M   0   9 0.00  0.0    0  6.1 12  60   M    M   2         M  M
 2  87  69  78   M   0  13 0.00  0.0    0  6.1 12  50   M    M   2 8      21  70
 3  88  66  77   M   0  12 0.00  0.0    0  5.4 12  80   M    M   1 8      18  70
 4  90  68  79   M   0  14 0.00  0.0    0  5.8 13  90   M    M   2 8       M  M
 5  93  71  82   M   0  17 0.00  0.0    0  7.4 12 170   M    M   2        17 180
 6  98  71  85   M   0  20 0.00  0.0    0  9.5 15 150   M    M   1        22 190
 7 101  70  86   M   0  21 0.00  0.0    0  8.6 14 160   M    M   1        17 160
 8  99  76  88   M   0  23 0.09  0.0    0  7.9 16 110   M    M   2        18 150
 9  97  70  84   M   0  19 0.00  0.0    0  9.9 14 170   M    M   1        21 170
10  96  72  84   M   0  19 0.00  0.0    0  9.6 29 360   M    M   1        37 360
11  91  72  82   M   0  17 0.00  0.0    0 11.1 18  60   M    M   2        23  50
12  92  73  83   M   0  18 0.00  0.0    0  7.5 15  60   M    M   3        20  70
13  95  68  82   M   0  17 0.00  0.0    0  5.1 10 140   M    M   1        16 140
14  97  69  83   M   0  18 0.00  0.0    0  8.9 14 140   M    M   1        23 210
15  99  71  85   M   0  20 0.00  0.0    0 10.5 15 180   M    M   1 3      31 180
16  96  71  84   M   0  19 0.12  0.0    0  8.1 16 320   M    M   2 3      33 330
17  92  68  80   M   0  15 0.00  0.0    0  8.3 17 180   M    M   1 3      28 180
18  83  67  75   M   0  10 0.16  0.0    0  6.5 15 130   M    M   2 3      20 130
19  90  67  79   M   0  14 0.00  0.0    0  9.6 16 170   M    M   4        22 190
20  94  72  83   M   0  18 0.00  0.0    0 13.1 21 160   M    M   1 3      27 160
21  97  75  86   M   0  21 0.00  0.0    0 13.6 20 190   M    M   1        27 190
22  97  76  87   M   0  22 0.00  0.0    0 12.8 20 190   M    M   0        24 180
23  96  72  84   M   0  19 0.00  0.0    0 10.9 17 150   M    M   0        21 200
24  97  75  86   M   0  21 0.00  0.0    0  9.7 15 190   M    M   1        22 190
25  96  74  85   M   0  20 0.00  0.0    0  8.2 13 200   M    M   1        17 100
26  98  72  85   M   0  20 0.00  0.0    0  6.7 13 140   M    M   1         M  M
27  96  74  85   M   0  20 0.00  0.0    0  8.5 16 110   M    M   2        22 110
================================================================================
SM 2540 1912         0 476  0.37     0.0 235.4          M       39
================================================================================
AV 94.1 70.8                               8.7 FASTST   M    M   1    MAX(MPH)
                                 MISC ---->    29   M                 37    M
================================================================================
NOTES:
# LAST OF SEVERAL OCCURRENCES

COLUMN 17 PEAK WIND IN M.P.H.

PRELIMINARY LOCAL CLIMATOLOGICAL DATA (WS FORM: F-6) , PAGE 2

                                          STATION:  Snyder Winston Field
                                          MONTH:    AUGUST
                                          YEAR:     2014
                                          LATITUDE:   32 41 N
                                          LONGITUDE: 100 57 W

[TEMPERATURE DATA]      [PRECIPITATION DATA]       SYMBOLS USED IN COLUMN 16

AVERAGE MONTHLY: 82.4   TOTAL FOR MONTH:   0.37    1 = FOG OR MIST
DPTR FM NORMAL:     M   DPTR FM NORMAL:       M    2 = FOG REDUCING VISIBILITY
HIGHEST:   101 ON  7    GRTST 24HR  0.16 ON 18-18      TO 1/4 MILE OR LESS
LOWEST:     63 ON  1                               3 = THUNDER
                        SNOW, ICE PELLETS, HAIL    4 = ICE PELLETS
                        TOTAL MONTH:   0.0 INCH    5 = HAIL
                        GRTST 24HR     0.0         6 = FREEZING RAIN OR DRIZZLE
                        GRTST DEPTH:   0           7 = DUSTSTORM OR SANDSTORM:
                                                       VSBY 1/2 MILE OR LESS
                                                   8 = SMOKE OR HAZE
[NO. OF DAYS WITH]      [WEATHER - DAYS WITH]      9 = BLOWING SNOW
                                                   X = TORNADO
MAX 32 OR BELOW:   0    0.01 INCH OR MORE:   3
MAX 90 OR ABOVE:  23    0.10 INCH OR MORE:   2
MIN 32 OR BELOW:   0    0.50 INCH OR MORE:   0
MIN  0 OR BELOW:   0    1.00 INCH OR MORE:   0

[HDD (BASE 65) ]
TOTAL THIS MO.     0    CLEAR  (SCALE 0-3)  26
DPTR FM NORMAL     M    PTCLDY (SCALE 4-7)   1
TOTAL FM JUL 1     0    CLOUDY (SCALE 8-10)  0
DPTR FM NORMAL     M

[CDD (BASE 65) ]
TOTAL THIS MO.   476
DPTR FM NORMAL     M    [PRESSURE DATA]
TOTAL FM JAN 1  1801    HIGHEST SLP M ON M
DPTR FM NORMAL     M    LOWEST  SLP M ON M

[REMARKS]
