000
CXAK56 PASN 271135
CF6SNP

PRELIMINARY LOCAL CLIMATOLOGICAL DATA (WS FORM: F-6)

                                          STATION:   ST PAUL
                                          MONTH:     03
                                          YEAR:      2015
                                          LATITUDE:   57 10 N
                                          LONGITUDE: 170 13 W

  TEMPERATURE IN F:       :PCPN:    SNOW:  WIND      :SUNSHINE: SKY     :PK WND
================================================================================
1   2   3   4   5  6A  6B    7     8   9   10  11  12  13   14  15   16  17  18
                                      12Z  AVG MX 2MIN
DY MAX MIN AVG DEP HDD CDD  WTR   SNW DPTH SPD SPD DIR MIN PSBL S-S WX   SPD DR
================================================================================

 1  38  33  36  11  29   0     T  0.0   T 16.1 28  140   M    M   M 12    34 140
 2  40  34  37  12  28   0  0.17  0.0   T 14.2 29  320   M    M   M 12    39 330
 3  35  30  33   8  32   0     T  0.2   T 16.1 30  320   M    M   M 1     38 320
 4  41  32  37  12  28   0  0.04    T   0 14.7 25  180   M    M   M 1     31 180
 5  37  33  35  10  30   0  0.05  0.1   0 17.4 32  170   M    M   M 1     40 170
 6  42  33  38  13  27   0  0.09  0.2   0 24.7 39  260   M    M   M 1     49 270
 7  35  27  31   6  34   0  0.01  0.2   T 22.5 39  270   M    M   M       48 270
 8  30  21  26   1  39   0     T    T   T 17.6 31  280   M    M   M       39 270
 9  22  19  21  -4  44   0     T    T   T 14.2 24   60   M    M   M       31  70
10  22  12  17  -8  48   0     T  0.3   T 14.5 23   40   M    M   M       28  30
11  26  15  21  -4  44   0     T  0.2   T 12.6 21  340   M    M   M 1     25  10
12  29   7  18  -7  47   0     T    T   T 11.9 28  140   M    M   M 1     33 140
13  34  29  32   7  33   0  0.03  1.7   2 32.8 47   90   M    M   M 1     61  90
14  32  23  28   3  37   0  0.03  1.1   3 37.1 45   80   M    M   M 19    54  80
15  24  17  21  -4  44   0  0.04  0.7   3 35.5 43   20   M    M   M 19    52  30
16  21  17  19  -6  46   0  0.01  0.8   4 31.3 40   10   M    M   M 19    48  10
17  28  21  25   0  40   0  0.01  0.2   4 28.5 35   10   M    M   M 19    42  10
18  33  28  31   6  34   0  0.02  0.2   4 24.9 33   20   M    M   M 1     42  30
19  36  29  33   8  32   0     T    T   4 15.5 23   40   M    M   M 12    28  40
20  30  26  28   3  37   0     T    T   3 16.3 24  360   M    M   M 12    29 360
21  30  26  28   3  37   0     T    T   3 19.3 25   10   M    M   M 1     29 360
22  32  28  30   5  35   0  0.02    T   2 16.2 24   40   M    M   M 1     30  40
23  30  27  29   4  36   0  0.11  1.6   4  0.0 31   20   M    M   M 1     36  20
24  30  25  28   3  37   0  0.01  0.6   4 28.6 36   10   M    M   M 19    42  10
25  26  22  24  -1  41   0     T    T   4 32.3 37  360   M    M   M 89    43 360
26  27  23  25   0  40   0  0.00  0.0   4 30.3 36  360   M    M   M       42 360
================================================================================
SM  810  637       959   0  0.64 8.1    545.1           M        M
================================================================================
AV 31.2 24.5                             21.0 FASTST  PSBL  %   M    MAX(MPH)
                                 MISC ---->     47   90                 61  90
================================================================================
NOTES:
# LAST OF SEVERAL OCCURRENCES

COLUMN 17 PEAK WIND IN M.P.H.

PRELIMINARY LOCAL CLIMATOLOGICAL DATA (WS FORM: F-6) , PAGE 2

                                          STATION:   ST PAUL
                                          MONTH:     03
                                          YEAR:      2015
                                          LATITUDE:  57 10 N
                                          LONGITUDE: 170 13 W

[TEMPERATURE DATA]      [PRECIPITATION DATA]       SYMBOLS USED IN COLUMN 16

AVERAGE MONTHLY:27.8   TOTAL FOR MONTH: 0.64       1 = FOG
DPTR FM NORMAL:  2.8   DPTR FM NORMAL: -0.25       2 = FOG REDUCING VISIBILITY
HIGHEST:    42 ON  6    GRTST 24HR   0.17 ON  2        TO 1/4 MILE OR LESS
LOWEST:      7 ON 12                               3 = THUNDER
                        SNOW, ICE PELLETS, HAIL    4 = ICE PELLETS
                        TOTAL MONTH: 8.1 INCHES  5 = HAIL
                        GRTST 24HR   1.7 ON 13     6 = GLAZE OR RIME
                        GRTST DEPTH:    4 ON 26    7 = BLOWING DUST OR SAND:
                                                       VSBY 1/2 MILE OR LESS
                                                   8 = SMOKE OR HAZE
[NO. OF DAYS WITH]      [WEATHER - DAYS WITH]      9 = BLOWING SNOW
                                                   X = TORNADO
MAX 32 OR BELOW:  16    0.01 INCH OR MORE:  14
MAX 70 OR ABOVE:   0    0.10 INCH OR MORE:   2
MIN 32 OR BELOW:  22    0.50 INCH OR MORE:   0
MIN  0 OR BELOW:   0    1.00 INCH OR MORE:   0

[HDD (BASE 65) ]
TOTAL THIS MO.   959    CLEAR  (SCALE 0-3)   M
DPTR FM NORMAL   -81    PTCLDY (SCALE 4-7)   M
SEASONAL TOTAL  6916    CLOUDY (SCALE 8-10)  M
DPTR FM NORMAL -1043

[CDD (BASE 65) ]
TOTAL THIS MO.     0
DPTR FM NORMAL     0    [PRESSURE DATA]
SEASONAL TOTAL     0    HIGHEST SLP     M
DPTR FM NORMAL     0    LOWEST  SLP     M

[REMARKS]
