542
CXAK56 PASN 241216
CF6SNP

PRELIMINARY LOCAL CLIMATOLOGICAL DATA (WS FORM: F-6)

                                          STATION:   ST PAUL
                                          MONTH:     07
                                          YEAR:      2016
                                          LATITUDE:   57 10 N
                                          LONGITUDE: 170 13 W

  TEMPERATURE IN F:       :PCPN:    SNOW:  WIND      :SUNSHINE: SKY     :PK WND
================================================================================
1   2   3   4   5  6A  6B    7     8   9   10  11  12  13   14  15   16  17  18
                                      12Z  AVG MX 2MIN
DY MAX MIN AVG DEP HDD CDD  WTR   SNW DPTH SPD SPD DIR MIN PSBL S-S WX   SPD DR
================================================================================

 1  51  42  47   1  18   0  0.00  0.0   0  5.9 12   70   M    M   M 12    14  70
 2  54  43  49   3  16   0  0.00  0.0   0  5.1 10  100   M    M   M 12    12 110
 3  53  46  50   4  15   0  0.00  0.0   0  4.5 12  220   M    M   M 1     13 210
 4  52  47  50   4  15   0  0.04  0.0   0 10.5 16  240   M    M   M 1     20 230
 5  55  47  51   5  14   0  0.20  0.0   0 11.8 23  260   M    M   M 1     26 270
 6  54  43  49   3  16   0  0.01  0.0   0 10.3 18  250   M    M   M 1     21 260
 7  51  43  47   1  18   0  0.03  0.0   0 10.2 15  210   M    M   M 12    19 210
 8  51  48  50   3  15   0  0.01  0.0   0  8.5 14  240   M    M   M 12    16 230
 9  53  49  51   4  14   0     T  0.0   0 11.4 21  270   M    M   M 1     26 270
10  53  48  51   4  14   0     T  0.0   0  3.6  9  260   M    M   M 1     11 260
11  55  49  52   5  13   0     T  0.0   0  3.2  8  360   M    M   M 1     11 350
12  56  48  52   5  13   0  0.00  0.0   0  4.3 10  360   M    M   M 1     12 360
13  56  49  53   6  12   0     T  0.0   0  9.8 21   20   M    M   M 1     24  10
14  57  50  54   7  11   0  0.00  0.0   0 13.5 23   10   M    M   M 12    27  10
15  62  49  56   9   9   0     T  0.0   0 12.4 20   50   M    M   M 12    23  50
16  60  51  56   9   9   0  0.00  0.0   0  9.0 15   70   M    M   M 1     17  70
17  59  52  56   9   9   0  0.00  0.0   0 10.4 16   60   M    M   M 12    21  70
18  57  52  55   7  10   0  0.00  0.0   0  6.9 13  240   M    M   M 12    15 230
19  54  50  52   4  13   0  0.13  0.0   0 11.4 20  140   M    M   M 1     24 140
20  55  50  53   5  12   0  0.04  0.0   0 18.0 26  240   M    M   M 1     33 240
21  53  50  52   4  13   0  0.06  0.0   0  8.9 21  250   M    M   M 1     26 240
22  57  48  53   5  12   0  0.18  0.0   0 11.7 17  250   M    M   M 1     23 250
23  58  50  54   6  11   0  0.00  0.0   0 18.5 29  270   M    M   M 1     34 260
================================================================================
SM 1266 1104       302   0  0.70 0.0    219.8           M        M
================================================================================
AV 55.0 48.0                              9.6 FASTST  PSBL  %   M    MAX(MPH)
                                 MISC ---->     29  270                 34 260
================================================================================
NOTES:
# LAST OF SEVERAL OCCURRENCES

COLUMN 17 PEAK WIND IN M.P.H.

PRELIMINARY LOCAL CLIMATOLOGICAL DATA (WS FORM: F-6) , PAGE 2

                                          STATION:   ST PAUL
                                          MONTH:     07
                                          YEAR:      2016
                                          LATITUDE:  57 10 N
                                          LONGITUDE: 170 13 W

[TEMPERATURE DATA]      [PRECIPITATION DATA]       SYMBOLS USED IN COLUMN 16

AVERAGE MONTHLY:51.5   TOTAL FOR MONTH: 0.70       1 = FOG
DPTR FM NORMAL:  4.5   DPTR FM NORMAL: -0.58       2 = FOG REDUCING VISIBILITY
HIGHEST:    62 ON 15    GRTST 24HR   0.20 ON  5        TO 1/4 MILE OR LESS
LOWEST:     42 ON  1                               3 = THUNDER
                        SNOW, ICE PELLETS, HAIL    4 = ICE PELLETS
                        TOTAL MONTH: 0.0         5 = HAIL
                        GRTST 24HR   0.0           6 = GLAZE OR RIME
                        GRTST DEPTH:    0          7 = BLOWING DUST OR SAND:
                                                       VSBY 1/2 MILE OR LESS
                                                   8 = SMOKE OR HAZE
[NO. OF DAYS WITH]      [WEATHER - DAYS WITH]      9 = BLOWING SNOW
                                                   X = TORNADO
MAX 32 OR BELOW:   0    0.01 INCH OR MORE:   9
MAX 70 OR ABOVE:   0    0.10 INCH OR MORE:   3
MIN 32 OR BELOW:   0    0.50 INCH OR MORE:   0
MIN  0 OR BELOW:   0    1.00 INCH OR MORE:   0

[HDD (BASE 65) ]
TOTAL THIS MO.   302    CLEAR  (SCALE 0-3)   M
DPTR FM NORMAL  -115    PTCLDY (SCALE 4-7)   M
SEASONAL TOTAL   302    CLOUDY (SCALE 8-10)  M
DPTR FM NORMAL  -115

[CDD (BASE 65) ]
TOTAL THIS MO.     0
DPTR FM NORMAL     0    [PRESSURE DATA]
SEASONAL TOTAL     0    HIGHEST SLP     M
DPTR FM NORMAL     0    LOWEST  SLP     M

[REMARKS]
