999
CXAK56 PAFC 011410
CF6SNP

PRELIMINARY LOCAL CLIMATOLOGICAL DATA (WS FORM: F-6)

                                          STATION:   SAINT PAUL ISLAND
                                          MONTH:     MAY
                                          YEAR:      2017
                                          LATITUDE:   57  9 N
                                          LONGITUDE: 170 13 W

  TEMPERATURE IN F:       :PCPN:    SNOW:  WIND      :SUNSHINE: SKY     :PK WND
================================================================================
1   2   3   4   5  6A  6B    7    8   9   10  11  12  13   14  15   16   17  18
                                     12Z  AVG MX 2MIN
DY MAX MIN AVG DEP HDD CDD  WTR  SNW DPTH SPD SPD DIR MIN PSBL S-S WX    SPD DR
================================================================================

 1  41  33  37   4  28   0 0.04    T    0 15.0 22  40   M    M  10 12     27  40
 2  37  31  34   1  31   0    T    T    0 22.4 32 340   M    M  10 1      38 340
 3  43  28  36   2  29   0 0.00  0.0    0  8.3 21 330   M    M   8        26 320
 4  40  31  36   2  29   0    T    T    0 14.1 31  80   M    M  10        40  90
 5  36  31  34   0  31   0 0.08    M    0 27.3 40  60   M    M  10 1      53  60
 6  43  34  39   5  26   0 0.03    M    0 15.1 21  70   M    M  10 12     26  60
 7  37  34  36   2  29   0 0.11    M    0 21.9 31 350   M    M  10 1      37 350
 8  41  33  37   2  28   0    T  0.0    0 14.2 30 350   M    M  10 1      35 350
 9  41  34  38   3  27   0 0.00  0.0    0  8.5 15 160   M    M  10 1      17 160
10  40  37  39   4  26   0 0.06    T    0 18.5 30  90   M    M  10 1      39 110
11  42  38  40   5  25   0 0.27    M    0 15.9 29 110   M    M  10 1      39 110
12  42  37  40   5  25   0 0.11    M    0 16.3 25 110   M    M  10 1      33 110
13  46  36  41   5  24   0    T  0.0    0 12.6 21 300   M    M  10 1      26 300
14  39  33  36   0  29   0    T    M    0  8.4 21  80   M    M  10 1      24  80
15  40  35  38   2  27   0 0.39    M    0 21.6 25  80   M    M   9 1      33  80
16  41  37  39   3  26   0 0.08  0.0    0 15.4 20  60   M    M  10 12     24  60
17  42  36  39   3  26   0 0.01  0.0    0 15.1 20  40   M    M  10 1      25  40
18  43  33  38   1  27   0 0.00  0.0    0  8.5 15  50   M    M  10 12     17  40
19  48  36  42   5  23   0 0.00  0.0    0  4.4 12 240   M    M  10 1       M  M
20  45  35  40   3  25   0 0.00  0.0    0  6.1 15 160   M    M  10         M  M
21  45  35  40   3  25   0 0.26    M    0 17.1 20 250   M    M   9 1       M  M
22  44  38  41   4  24   0    T    M    0 16.3 21 220   M    M   9 1      30 230
23  47  37  42   4  23   0 0.02    M    0 11.1 18 220   M    M   6 1      23 230
24  46  34  40   2  25   0 0.03    M    0 19.9 32 270   M    M   7 1      40 260
25  48  31  40   2  25   0    T  0.0    0 15.3 21 230   M    M   8         M  M
26  44  33  39   1  26   0 0.00  0.0    0 14.3 23 260   M    M  10        27 260
27  44  38  41   3  24   0 0.00  0.0    0  8.3 14 260   M    M  10        16 250
28  45  36  41   3  24   0 0.01  0.0    0  8.1 16 100   M    M  10        20  90
29  46  31  39   0  26   0    T  0.0    0 12.3 18  90   M    M   8 1      22  90
30  48  38  43   4  22   0 0.01  0.0    0 13.0 20  80   M    M   6 1      21  80
31  48  39  44   5  21   0 0.04  0.0    0 12.4 16  80   M    M   6 1       M  M
================================================================================
SM 1332 1072       806   0  1.55    T    437.7          M      286
================================================================================
AV 43.0 34.6                              14.1 FASTST   M    M   9    MAX(MPH)
                                 MISC ---->  # 40  60               # 53   60
================================================================================
NOTES:
# LAST OF SEVERAL OCCURRENCES

COLUMN 17 PEAK WIND IN M.P.H.

PRELIMINARY LOCAL CLIMATOLOGICAL DATA (WS FORM: F-6) , PAGE 2

                                          STATION:  SAINT PAUL ISLAND
                                          MONTH:    MAY
                                          YEAR:     2017
                                          LATITUDE:   57  9 N
                                          LONGITUDE: 170 13 W

[TEMPERATURE DATA]      [PRECIPITATION DATA]       SYMBOLS USED IN COLUMN 16

AVERAGE MONTHLY: 38.8   TOTAL FOR MONTH:   1.55    1 = FOG OR MIST
DPTR FM NORMAL:   2.6   DPTR FM NORMAL:    0.42    2 = FOG REDUCING VISIBILITY
HIGHEST:    48 ON 31,30 GRTST 24HR  0.39 ON 15-15      TO 1/4 MILE OR LESS
LOWEST:     28 ON  3                               3 = THUNDER
                        SNOW, ICE PELLETS, HAIL    4 = ICE PELLETS
                        TOTAL MONTH:    T          5 = HAIL
                        GRTST 24HR    T  ON 10-10  6 = FREEZING RAIN OR DRIZZLE
                        GRTST DEPTH:   0           7 = DUSTSTORM OR SANDSTORM:
                                                       VSBY 1/2 MILE OR LESS
                                                   8 = SMOKE OR HAZE
[NO. OF DAYS WITH]      [WEATHER - DAYS WITH]      9 = BLOWING SNOW
                                                   X = TORNADO
MAX 32 OR BELOW:   0    0.01 INCH OR MORE:  16
MAX 90 OR ABOVE:   0    0.10 INCH OR MORE:   5
MIN 32 OR BELOW:   6    0.50 INCH OR MORE:   0
MIN  0 OR BELOW:   0    1.00 INCH OR MORE:   0

[HDD (BASE 65) ]
TOTAL THIS MO.   806    CLEAR  (SCALE 0-3)   0
DPTR FM NORMAL   -88    PTCLDY (SCALE 4-7)   4
TOTAL FM JUL 1  8868    CLOUDY (SCALE 8-10) 27
DPTR FM NORMAL -1261

[CDD (BASE 65) ]
TOTAL THIS MO.     0
DPTR FM NORMAL     0    [PRESSURE DATA]
TOTAL FM JAN 1     0    HIGHEST SLP M ON M
DPTR FM NORMAL     0    LOWEST  SLP 29.24 ON  7

[REMARKS]
